000
CDUS43 KEAX 270632
CLIMCI

CLIMATE REPORT
NATIONAL WEATHER SERVICE KANSAS CITY/PLEASANT HILL MO
131 AM CDT SUN JUL 27 2014


...................................

...THE KANSAS CITY INTERNATIONAL MO CLIMATE SUMMARY FOR JULY 26 2014...

CLIMATE NORMAL PERIOD 1981 TO 2010
CLIMATE RECORD PERIOD 1888 TO 2014


WEATHER ITEM   OBSERVED TIME   RECORD YEAR NORMAL DEPARTURE LAST
                VALUE   (LST)  VALUE       VALUE  FROM      YEAR
                                                  NORMAL
..................................................................
TEMPERATURE (F)
 YESTERDAY
  MAXIMUM         89    517 PM 106    1936  89      0       87
  MINIMUM         74    533 AM  55    1962  69      5       60
  AVERAGE         82                        79      3       74

PRECIPITATION (IN)
  YESTERDAY        T             2.20 1981   0.12  -0.12     0.08
  MONTH TO DATE    3.04                      3.85  -0.81     0.44
  SINCE JUN 1      9.95                      9.08   0.87     3.56
  SINCE JAN 1     18.57                     22.91  -4.34    18.49

SNOWFALL (IN)
  YESTERDAY        0.0           0.0    MM   0.0    0.0      0.0
  MONTH TO DATE    0.0                       0.0    0.0      0.0
  SINCE JUN 1      0.0                       0.0    0.0      0.0
  SINCE JUL 1      0.0                       0.0    0.0      0.0
  SNOW DEPTH       0

DEGREE DAYS
 HEATING
  YESTERDAY        0                         0      0        0
  MONTH TO DATE    2                         0      2        0
  SINCE JUN 1      3                         9     -6       17
  SINCE JUL 1      2                         0      2        0

 COOLING
  YESTERDAY       17                        14      3        9
  MONTH TO DATE  251                       349    -98      342
  SINCE JUN 1    528                       615    -87      618
  SINCE JAN 1    689                       731    -42      723
..................................................................


WIND (MPH)
  HIGHEST WIND SPEED    18   HIGHEST WIND DIRECTION    SW (210)
  HIGHEST GUST SPEED    24   HIGHEST GUST DIRECTION    SW (210)
  AVERAGE WIND SPEED     8.0


SKY COVER
  POSSIBLE SUNSHINE  MM
  AVERAGE SKY COVER 0.5


WEATHER CONDITIONS
 THE FOLLOWING WEATHER WAS RECORDED YESTERDAY.
  LIGHT RAIN
  HAZE


RELATIVE HUMIDITY (PERCENT)
 HIGHEST    91          1000 PM
 LOWEST     59           500 PM
 AVERAGE    75

..........................................................


THE KANSAS CITY INTERNATIONAL MO CLIMATE NORMALS FOR TODAY
                         NORMAL    RECORD    YEAR
 MAXIMUM TEMPERATURE (F)   89       108      1936
 MINIMUM TEMPERATURE (F)   69        55      2013
                                             1994


SUNRISE AND SUNSET
JULY 27 2014..........SUNRISE   614 AM CDT   SUNSET   836 PM CDT
JULY 28 2014..........SUNRISE   615 AM CDT   SUNSET   835 PM CDT


-  INDICATES NEGATIVE NUMBERS.
R  INDICATES RECORD WAS SET OR TIED.
MM INDICATES DATA IS MISSING.
T  INDICATES TRACE AMOUNT.



&&

...MISCELLANEOUS CLIMATE DATA FROM YESTERDAY...

LOCATION                HIGH    LOW      PRECIP
ST. JOSEPH               89      72       T
DOWNTOWN KANSAS CITY     92      82       0.02
OLATHE NEW CENTURY       96      78       T
OLATHE JO CO EXEC        92      78       0.03
LEES SUMMIT              90      78       T
KIRKSVILLE               88      71       T
CHILLICOTHE              88      73       0.00
SEDALIA                  90      78       0.04
NWS PLEASANT HILL MO     89      75       0.06


THIS PRODUCT...ALONG WITH OTHER WEATHER...HYDROLOGICAL AND CLIMATE
INFORMATION...IS AVAILABLE ON THE WEB AT HTTP://WWW.CRH.NOAA.GOV/EAX
OR AT HTTP://WEATHER.GOV

$$
