000
CDUS43 KEAX 232127
CLIMCI

CLIMATE REPORT
NATIONAL WEATHER SERVICE KANSAS CITY/PLEASANT HILL MO
426 PM CDT THU OCT 23 2014


...................................

...THE KANSAS CITY INTERNATIONAL MO CLIMATE SUMMARY FOR OCTOBER 23 2014...
VALID AS OF 0400 PM LOCAL TIME.

CLIMATE NORMAL PERIOD 1981 TO 2010
CLIMATE RECORD PERIOD 1888 TO 2014


WEATHER ITEM   OBSERVED TIME   RECORD YEAR NORMAL DEPARTURE LAST
                VALUE   (LST)  VALUE       VALUE  FROM      YEAR
                                                  NORMAL
..................................................................
TEMPERATURE (F)
 TODAY
  MAXIMUM         65    259 PM  91    1939  64      1       50
  MINIMUM         55    708 AM  24    1937  44     11       30
  AVERAGE         60                        54      6       40

PRECIPITATION (IN)
  TODAY            0.32          1.67 1977   0.09   0.23     0.00
  MONTH TO DATE    9.29                      2.47   6.82     2.79
  SINCE SEP 1     11.54                      7.09   4.45     7.63
  SINCE JAN 1     37.53                     34.49   3.04    30.30

SNOWFALL (IN)
  TODAY            0.0           0.0    MM   0.0    0.0      0.0
  MONTH TO DATE    0.0                       0.1   -0.1      0.0
  SINCE SEP 1      0.0                       0.1   -0.1      0.0
  SINCE JUL 1      0.0                       0.1   -0.1      0.0
  SNOW DEPTH       0

DEGREE DAYS
 HEATING
  TODAY            5                        11     -6       25
  MONTH TO DATE  175                       189    -14      212
  SINCE SEP 1    240                       254    -14      231
  SINCE JUL 1    242                       256    -14      231

 COOLING
  TODAY            0                         0      0        0
  MONTH TO DATE    7                        24    -17       28
  SINCE SEP 1    137                       183    -46      251
  SINCE JAN 1   1256                      1356   -100     1345
..................................................................


WIND (MPH)
  HIGHEST WIND SPEED    15   HIGHEST WIND DIRECTION     S (160)
  HIGHEST GUST SPEED    18   HIGHEST GUST DIRECTION     S (170)
  AVERAGE WIND SPEED     8.1


SKY COVER
  POSSIBLE SUNSHINE  MM
  AVERAGE SKY COVER 0.9


WEATHER CONDITIONS
 THE FOLLOWING WEATHER WAS RECORDED TODAY.
  HEAVY RAIN
  RAIN
  LIGHT RAIN
  FOG


RELATIVE HUMIDITY (PERCENT)
 HIGHEST   100           600 AM
 LOWEST     72          1200 AM
 AVERAGE    86

..........................................................


THE KANSAS CITY INTERNATIONAL MO CLIMATE NORMALS FOR TOMORROW
                         NORMAL    RECORD    YEAR
 MAXIMUM TEMPERATURE (F)   64        87      1939
 MINIMUM TEMPERATURE (F)   44        26      1999


SUNRISE AND SUNSET
OCTOBER 23 2014.......SUNRISE   737 AM CDT   SUNSET   629 PM CDT
OCTOBER 24 2014.......SUNRISE   738 AM CDT   SUNSET   627 PM CDT


-  INDICATES NEGATIVE NUMBERS.
R  INDICATES RECORD WAS SET OR TIED.
MM INDICATES DATA IS MISSING.
T  INDICATES TRACE AMOUNT.




&&

...MISCELLANEOUS CLIMATE DATA FROM TODAY...

LOCATION                HIGH    LOW      PRECIP
ST. JOSEPH               73      52       0.33
DOWNTOWN KANSAS CITY     66      58       0.10
OLATHE NEW CENTURY       65      57       0.18
OLATHE JO CO EXEC        64      57       0.13
LEES SUMMIT              64      56       0.13
KIRKSVILLE               69      47       0.00
CHILLICOTHE              65      54       0.00
SEDALIA                  68      50       0.00
NWS PLEASANT HILL MO     63      53       0.05


THIS PRODUCT...ALONG WITH OTHER WEATHER...HYDROLOGICAL AND CLIMATE
INFORMATION...IS AVAILABLE ON THE WEB AT HTTP://WWW.CRH.NOAA.GOV/EAX
OR AT HTTP://WEATHER.GOV

$$
