000
CDUS43 KEAX 151239
CLIMCI

CLIMATE REPORT
NATIONAL WEATHER SERVICE KANSAS CITY/PLEASANT HILL MO
739 AM CDT MON SEP 15 2014


...................................

...THE KANSAS CITY INTERNATIONAL MO CLIMATE SUMMARY FOR SEPTEMBER 14 2014...

CLIMATE NORMAL PERIOD 1981 TO 2010
CLIMATE RECORD PERIOD 1888 TO 2014


WEATHER ITEM   OBSERVED TIME   RECORD YEAR NORMAL DEPARTURE LAST
                VALUE   (LST)  VALUE       VALUE  FROM      YEAR
                                                  NORMAL
..................................................................
TEMPERATURE (F)
 YESTERDAY
  MAXIMUM         72    350 PM 100    1939  80     -8       80
  MINIMUM         52    604 AM  41    1993  58     -6       52
  AVERAGE         62                        69     -7       66

PRECIPITATION (IN)
  YESTERDAY        0.00          3.31 1967   0.16  -0.16     0.00
  MONTH TO DATE    2.08                      2.17  -0.09     0.85
  SINCE SEP 1      2.08                      2.17  -0.09     0.85
  SINCE JAN 1     28.07                     29.57  -1.50    23.52

SNOWFALL (IN)
  YESTERDAY        0.0           0.0    MM   0.0    0.0      0.0
  MONTH TO DATE    0.0                       0.0    0.0      0.0
  SINCE SEP 1      0.0                       0.0    0.0      0.0
  SINCE JUL 1      0.0                       0.0    0.0      0.0
  SNOW DEPTH       0

DEGREE DAYS
 HEATING
  YESTERDAY        3                         2      1        0
  MONTH TO DATE   44                        10     34        0
  SINCE SEP 1     44                        10     34        0
  SINCE JUL 1     46                        12     34        0

 COOLING
  YESTERDAY        0                         5     -5        1
  MONTH TO DATE   78                       102    -24      162
  SINCE SEP 1     78                       102    -24      162
  SINCE JAN 1   1197                      1275    -78     1256
..................................................................


WIND (MPH)
  HIGHEST WIND SPEED    18   HIGHEST WIND DIRECTION    SE (150)
  HIGHEST GUST SPEED    22   HIGHEST GUST DIRECTION    SE (150)
  AVERAGE WIND SPEED     8.1


SKY COVER
  POSSIBLE SUNSHINE  MM
  AVERAGE SKY COVER 0.7


WEATHER CONDITIONS
 THE FOLLOWING WEATHER WAS RECORDED YESTERDAY.
  NO SIGNIFICANT WEATHER WAS OBSERVED.


RELATIVE HUMIDITY (PERCENT)
 HIGHEST    83           600 AM
 LOWEST     52          1100 AM
 AVERAGE    68

..........................................................


THE KANSAS CITY INTERNATIONAL MO CLIMATE NORMALS FOR TODAY
                         NORMAL    RECORD    YEAR
 MAXIMUM TEMPERATURE (F)   79        99      1939
                                             1931
 MINIMUM TEMPERATURE (F)   58        37      1993


SUNRISE AND SUNSET
SEPTEMBER 15 2014.....SUNRISE   700 AM CDT   SUNSET   727 PM CDT
SEPTEMBER 16 2014.....SUNRISE   701 AM CDT   SUNSET   726 PM CDT


-  INDICATES NEGATIVE NUMBERS.
R  INDICATES RECORD WAS SET OR TIED.
MM INDICATES DATA IS MISSING.
T  INDICATES TRACE AMOUNT.




&&

...MISCELLANEOUS CLIMATE DATA FROM TODAY...

LOCATION                HIGH    LOW      PRECIP
ST. JOSEPH               64      61       T
DOWNTOWN KANSAS CITY     66      64       0.00
OLATHE NEW CENTURY       63      60       0.00
OLATHE JO CO EXEC        62      59       0.00
LEES SUMMIT              62      59       0.00
KIRKSVILLE               60      58       T
CHILLICOTHE              65      61       0.00
SEDALIA                  62      56       0.00
NWS PLEASANT HILL MO     59      57       0.00


THIS PRODUCT...ALONG WITH OTHER WEATHER...HYDROLOGICAL AND CLIMATE
INFORMATION...IS AVAILABLE ON THE WEB AT HTTP://WWW.CRH.NOAA.GOV/EAX
OR AT HTTP://WEATHER.GOV

$$

PM
