000
CDUS43 KEAX 220637
CLIMCI

CLIMATE REPORT
NATIONAL WEATHER SERVICE KANSAS CITY/PLEASANT HILL MO
135 AM CDT TUE APR 22 2014


...................................

...THE KANSAS CITY INTERNATIONAL MO CLIMATE SUMMARY FOR APRIL 21 2014...

CLIMATE NORMAL PERIOD 1981 TO 2010
CLIMATE RECORD PERIOD 1888 TO 2014


WEATHER ITEM   OBSERVED TIME   RECORD YEAR NORMAL DEPARTURE LAST
                VALUE   (LST)  VALUE       VALUE  FROM      YEAR
                                                  NORMAL
..................................................................
TEMPERATURE (F)
 YESTERDAY
  MAXIMUM         75    414 PM  90    1980  67      8       66
  MINIMUM         56   1158 PM  29    1982  46     10       44
  AVERAGE         66                        57      9       55

PRECIPITATION (IN)
  YESTERDAY        0.01          2.01 1944   0.13  -0.12     0.00
  MONTH TO DATE    1.25                      2.36  -1.11     2.80
  SINCE MAR 1      2.86                      4.73  -1.87     4.75
  SINCE JAN 1      4.61                      7.26  -2.65     7.64

SNOWFALL (IN)
  YESTERDAY        0.0           0.3  1918   0.0    0.0      0.0
  MONTH TO DATE    0.1                       0.5   -0.4       T
  SINCE MAR 1      3.5                       2.5    1.0      6.1
  SINCE JUL 1     26.1                      18.7    7.4     31.3
  SNOW DEPTH       0

DEGREE DAYS
 HEATING
  YESTERDAY        0                         9     -9       10
  MONTH TO DATE  273                       259     14      348
  SINCE MAR 1   1038                       905    133     1184
  SINCE JUL 1   5604                      4950    654     4916

 COOLING
  YESTERDAY        1                         1      0        0
  MONTH TO DATE    7                        15     -8        0
  SINCE MAR 1      7                        18    -11        0
  SINCE JAN 1      7                        18    -11        0
..................................................................


WIND (MPH)
  HIGHEST WIND SPEED    23   HIGHEST WIND DIRECTION     N (360)
  HIGHEST GUST SPEED    29   HIGHEST GUST DIRECTION     N (350)
  AVERAGE WIND SPEED     9.2


SKY COVER
  POSSIBLE SUNSHINE  MM
  AVERAGE SKY COVER 0.7


WEATHER CONDITIONS
 THE FOLLOWING WEATHER WAS RECORDED YESTERDAY.
  LIGHT RAIN


RELATIVE HUMIDITY (PERCENT)
 HIGHEST    84           400 AM
 LOWEST     36           900 PM
 AVERAGE    60

..........................................................


THE KANSAS CITY INTERNATIONAL MO CLIMATE NORMALS FOR TODAY
                         NORMAL    RECORD    YEAR
 MAXIMUM TEMPERATURE (F)   68        91      1989
 MINIMUM TEMPERATURE (F)   46        25      1986


SUNRISE AND SUNSET
APRIL 22 2014.........SUNRISE   632 AM CDT   SUNSET   803 PM CDT
APRIL 23 2014.........SUNRISE   631 AM CDT   SUNSET   804 PM CDT


-  INDICATES NEGATIVE NUMBERS.
R  INDICATES RECORD WAS SET OR TIED.
MM INDICATES DATA IS MISSING.
T  INDICATES TRACE AMOUNT.




&&

...MISCELLANEOUS CLIMATE DATA FROM YESTERDAY...

LOCATION                HIGH    LOW      PRECIP
ST. JOSEPH               77      49       0.28
DOWNTOWN KANSAS CITY     75      60       T
OLATHE NEW CENTURY       73      51       0.01
OLATHE JO CO EXEC        72      59       0.02
LEES SUMMIT              74      59       0.04
KIRKSVILLE               72      53       0.08
CHILLICOTHE              76      52       0.42
SEDALIA                  73      59       0.03
NWS PLEASANT HILL MO     72      58       0.05


THIS PRODUCT...ALONG WITH OTHER WEATHER...HYDROLOGICAL AND CLIMATE
INFORMATION...IS AVAILABLE ON THE WEB AT HTTP://WWW.CRH.NOAA.GOV/EAX
OR AT HTTP://WEATHER.GOV

$$

CDB
