000
CDUS43 KEAX 170634
CLIMCI

CLIMATE REPORT
NATIONAL WEATHER SERVICE KANSAS CITY/PLEASANT HILL MO
1233 AM CST WED DEC 17 2014


...................................

...THE KANSAS CITY INTERNATIONAL MO CLIMATE SUMMARY FOR DECEMBER 16 2014...

CLIMATE NORMAL PERIOD 1981 TO 2010
CLIMATE RECORD PERIOD 1888 TO 2014


WEATHER ITEM   OBSERVED TIME   RECORD YEAR NORMAL DEPARTURE LAST
                VALUE   (LST)  VALUE       VALUE  FROM      YEAR
                                                  NORMAL
..................................................................
TEMPERATURE (F)
 YESTERDAY
  MAXIMUM         32   1223 AM  67    2006  40     -8       59
                                      1933
  MINIMUM         26   1159 PM -14    1989  22      4       23
  AVERAGE         29                        31     -2       41

PRECIPITATION (IN)
  YESTERDAY        T             0.55 1928   0.05  -0.05     0.00
  MONTH TO DATE    1.34                      0.90   0.44     0.32
  SINCE DEC 1      1.34                      0.90   0.44     0.32
  SINCE JAN 1     39.55                     38.23   1.32    34.00

SNOWFALL (IN)
  YESTERDAY        0.0           4.2  1981   0.2   -0.2      0.0
  MONTH TO DATE    0.0                       2.3   -2.3      2.0
  SINCE DEC 1      0.0                       2.3   -2.3      2.0
  SINCE JUL 1      0.5                       3.7   -3.2      2.0
  SNOW DEPTH       0

DEGREE DAYS
 HEATING
  YESTERDAY       36                        34      2       24
  MONTH TO DATE  447                       509    -62      605
  SINCE DEC 1    447                       509    -62      605
  SINCE JUL 1   1568                      1511     57     1670

 COOLING
  YESTERDAY        0                         0      0        0
  MONTH TO DATE    0                         0      0        0
  SINCE DEC 1      0                         0      0        0
  SINCE JAN 1   1263                      1360    -97     1345
..................................................................


WIND (MPH)
  HIGHEST WIND SPEED    28   HIGHEST WIND DIRECTION    NW (310)
  HIGHEST GUST SPEED    38   HIGHEST GUST DIRECTION    NW (300)
  AVERAGE WIND SPEED    13.2


SKY COVER
  POSSIBLE SUNSHINE  MM
  AVERAGE SKY COVER 1.0


WEATHER CONDITIONS
 THE FOLLOWING WEATHER WAS RECORDED YESTERDAY.
  LT FREEZING RAIN
  LIGHT SNOW
  FOG


RELATIVE HUMIDITY (PERCENT)
 HIGHEST    85          1200 AM
 LOWEST     69           200 PM
 AVERAGE    77

..........................................................


THE KANSAS CITY INTERNATIONAL MO CLIMATE NORMALS FOR TODAY
                         NORMAL    RECORD    YEAR
 MAXIMUM TEMPERATURE (F)   40        72      1939
 MINIMUM TEMPERATURE (F)   22        -6      1981


SUNRISE AND SUNSET
DECEMBER 17 2014......SUNRISE   733 AM CST   SUNSET   457 PM CST
DECEMBER 18 2014......SUNRISE   733 AM CST   SUNSET   458 PM CST


-  INDICATES NEGATIVE NUMBERS.
R  INDICATES RECORD WAS SET OR TIED.
MM INDICATES DATA IS MISSING.
T  INDICATES TRACE AMOUNT.




&&

...MISCELLANEOUS CLIMATE DATA FROM YESTERDAY...

LOCATION                HIGH    LOW      PRECIP
ST. JOSEPH               32      20       T
DOWNTOWN KANSAS CITY     34      28       T
OLATHE NEW CENTURY       34      25       0.00
OLATHE JO CO EXEC        33      26       0.00
LEES SUMMIT              34      26       0.00
KIRKSVILLE               43      23       T
CHILLICOTHE              37      25       0.00
SEDALIA                  38      29       0.03
NWS PLEASANT HILL MO     33      25       T


THIS PRODUCT...ALONG WITH OTHER WEATHER...HYDROLOGICAL AND CLIMATE
INFORMATION...IS AVAILABLE ON THE WEB AT HTTP://WWW.CRH.NOAA.GOV/EAX
OR AT HTTP://WEATHER.GOV

$$

CDB
