000
CDUS43 KEAX 240632
CLIMCI

CLIMATE REPORT
NATIONAL WEATHER SERVICE KANSAS CITY/PLEASANT HILL MO
131 AM CDT SAT JUN 24 2017


...................................

...THE KANSAS CITY INTERNATIONAL MO CLIMATE SUMMARY FOR JUNE 23 2017...

CLIMATE NORMAL PERIOD 1981 TO 2010
CLIMATE RECORD PERIOD 1888 TO 2017


WEATHER ITEM   OBSERVED TIME   RECORD YEAR NORMAL DEPARTURE LAST
                VALUE   (LST)  VALUE       VALUE  FROM      YEAR
                                                  NORMAL
..................................................................
TEMPERATURE (F)
 YESTERDAY
  MAXIMUM         81   1023 AM 108    1934  86     -5       91
  MINIMUM         62   1159 PM  55    2004  66     -4       73
                                      1936
                                      1889
  AVERAGE         72                        76     -4       82

PRECIPITATION (IN)
  YESTERDAY        T             2.42 1976   0.17  -0.17     0.00
  MONTH TO DATE    2.92                      4.06  -1.14     0.60
  SINCE JUN 1      2.92                      4.06  -1.14     0.60
  SINCE JAN 1     19.19                     17.89   1.30    21.13

SNOWFALL (IN)
  YESTERDAY        0.0           0.0    MM   0.0    0.0      0.0
  MONTH TO DATE    0.0                       0.0    0.0      0.0
  SINCE JUN 1      0.0                       0.0    0.0      0.0
  SINCE JUL 1      4.9                      18.8  -13.9      5.9
  SNOW DEPTH       0

DEGREE DAYS
 HEATING
  YESTERDAY        0                         0      0        0
  MONTH TO DATE    0                         7     -7        0
  SINCE JUN 1      0                         7     -7        0
  SINCE JUL 1   4146                      5131   -985     4162

 COOLING
  YESTERDAY        7                        11     -4       17
  MONTH TO DATE  261                       186     75      312
  SINCE JUN 1    261                       186     75      312
  SINCE JAN 1    372                       302     70      383
..................................................................


WIND (MPH)
  HIGHEST WIND SPEED    22   HIGHEST WIND DIRECTION     N (10)
  HIGHEST GUST SPEED    31   HIGHEST GUST DIRECTION    NW (320)
  AVERAGE WIND SPEED    11.8


SKY COVER
  POSSIBLE SUNSHINE  MM
  AVERAGE SKY COVER 0.5


WEATHER CONDITIONS
 THE FOLLOWING WEATHER WAS RECORDED YESTERDAY.
  THUNDERSTORM
  LIGHT RAIN


RELATIVE HUMIDITY (PERCENT)
 HIGHEST    94           200 AM
 LOWEST     39           200 PM
 AVERAGE    67

..........................................................


THE KANSAS CITY INTERNATIONAL MO CLIMATE NORMALS FOR TODAY
                         NORMAL    RECORD    YEAR
 MAXIMUM TEMPERATURE (F)   86       103      1988
 MINIMUM TEMPERATURE (F)   66        51      1961


SUNRISE AND SUNSET
JUNE 24 2017..........SUNRISE   553 AM CDT   SUNSET   849 PM CDT
JUNE 25 2017..........SUNRISE   554 AM CDT   SUNSET   850 PM CDT


-  INDICATES NEGATIVE NUMBERS.
R  INDICATES RECORD WAS SET OR TIED.
MM INDICATES DATA IS MISSING.
T  INDICATES TRACE AMOUNT.


&&

...MISCELLANEOUS CLIMATE DATA FROM YESTERDAY...

LOCATION                HIGH    LOW      PRECIP
ST. JOSEPH               80      58       0.17
DOWNTOWN KANSAS CITY     85      67       0.00
OLATHE NEW CENTURY       82      60       T
OLATHE JO CO EXEC        83      65       0.06
LEES SUMMIT              83      65       T
KIRKSVILLE               82      59       0.83
CHILLICOTHE              82      63       0.14
SEDALIA                  84      64       T
NWS PLEASANT HILL MO     84      64       0.03


THIS PRODUCT...ALONG WITH OTHER WEATHER...HYDROLOGICAL AND CLIMATE
INFORMATION...IS AVAILABLE ON THE WEB AT HTTP://WWW.WEATHER.GOV/EAX
OR AT HTTP://WEATHER.GOV

$$
