000
CDUS43 KEAX 240035
CLIMCI

CLIMATE REPORT
NATIONAL WEATHER SERVICE KANSAS CITY/PLEASANT HILL MO
734 PM CDT SUN APR 23 2017


...................................

...THE KANSAS CITY INTERNATIONAL MO CLIMATE SUMMARY FOR APRIL 23 2017...
VALID TODAY AS OF 0700 PM LOCAL TIME.

CLIMATE NORMAL PERIOD 1981 TO 2010
CLIMATE RECORD PERIOD 1888 TO 2017


WEATHER ITEM   OBSERVED TIME   RECORD YEAR NORMAL DEPARTURE LAST
                VALUE   (LST)  VALUE       VALUE  FROM      YEAR
                                                  NORMAL
..................................................................
TEMPERATURE (F)
 TODAY
  MAXIMUM         71    344 PM  90    1965  68      3       78
  MINIMUM         42    559 AM  32    1893  47     -5       50
  AVERAGE         57                        57      0       64

PRECIPITATION (IN)
  TODAY            0.00          4.49 1975   0.15  -0.15     0.00
  MONTH TO DATE    4.27                      2.65   1.62     1.47
  SINCE MAR 1      7.08                      5.02   2.06     4.19
  SINCE JAN 1      8.53                      7.55   0.98     5.35

SNOWFALL (IN)
  TODAY            0.0           T    2013   0.0    0.0      0.0
  MONTH TO DATE    0.0                       0.6   -0.6      0.0
  SINCE MAR 1      0.4                       2.6   -2.2      0.6
  SINCE JUL 1      4.9                      18.8  -13.9      5.9
  SNOW DEPTH       0

DEGREE DAYS
 HEATING
  TODAY            8                         9     -1        1
  MONTH TO DATE  169                       277   -108      203
  SINCE MAR 1    694                       923   -229      646
  SINCE JUL 1   3948                      4968  -1020     4003

 COOLING
  TODAY            0                         1     -1        0
  MONTH TO DATE   27                        17     10        4
  SINCE MAR 1     33                        20     13        6
  SINCE JAN 1     33                        20     13        6
..................................................................


WIND (MPH)
  HIGHEST WIND SPEED    14   HIGHEST WIND DIRECTION     S (200)
  HIGHEST GUST SPEED    17   HIGHEST GUST DIRECTION    SW (220)
  AVERAGE WIND SPEED     4.5


SKY COVER
  POSSIBLE SUNSHINE  MM
  AVERAGE SKY COVER 0.2


WEATHER CONDITIONS
 THE FOLLOWING WEATHER WAS RECORDED TODAY.
  NO SIGNIFICANT WEATHER WAS OBSERVED.


RELATIVE HUMIDITY (PERCENT)
 HIGHEST    65           700 AM
 LOWEST     25           300 PM
 AVERAGE    45

..........................................................


THE KANSAS CITY INTERNATIONAL MO CLIMATE NORMALS FOR TOMORROW
                         NORMAL    RECORD    YEAR
 MAXIMUM TEMPERATURE (F)   68        90      1989
 MINIMUM TEMPERATURE (F)   47        27      1967


SUNRISE AND SUNSET
APRIL 23 2017.........SUNRISE   630 AM CDT   SUNSET   805 PM CDT
APRIL 24 2017.........SUNRISE   629 AM CDT   SUNSET   806 PM CDT


-  INDICATES NEGATIVE NUMBERS.
R  INDICATES RECORD WAS SET OR TIED.
MM INDICATES DATA IS MISSING.
T  INDICATES TRACE AMOUNT.


&&

...MISCELLANEOUS CLIMATE DATA FROM TODAY...

LOCATION                HIGH    LOW      PRECIP
ST. JOSEPH               72      32       0.00
DOWNTOWN KANSAS CITY     73      40       0.00
OLATHE NEW CENTURY       70      38       0.00
OLATHE JO CO EXEC        70      41       0.00
LEES SUMMIT              71      41       0.00
KIRKSVILLE               72      33       0.00
CHILLICOTHE              73      35       0.00
SEDALIA                  M       M         M
NWS PLEASANT HILL MO     72      41       0.00


THIS PRODUCT...ALONG WITH OTHER WEATHER...HYDROLOGICAL AND CLIMATE
INFORMATION...IS AVAILABLE ON THE WEB AT HTTP://WWW.WEATHER.GOV/EAX
OR AT HTTP://WEATHER.GOV

$$
