000
CDUS43 KEAX 270032
CLIMCI

CLIMATE REPORT
NATIONAL WEATHER SERVICE KANSAS CITY/PLEASANT HILL MO
631 PM CST MON JAN 26 2015


...................................

...THE KANSAS CITY INTERNATIONAL MO CLIMATE SUMMARY FOR JANUARY 26 2015...
VALID TODAY AS OF 0600 PM LOCAL TIME.

CLIMATE NORMAL PERIOD 1981 TO 2010
CLIMATE RECORD PERIOD 1888 TO 2015


WEATHER ITEM   OBSERVED TIME   RECORD YEAR NORMAL DEPARTURE LAST
                VALUE   (LST)  VALUE       VALUE  FROM      YEAR
                                                  NORMAL
..................................................................
TEMPERATURE (F)
 TODAY
  MAXIMUM         61    340 PM  67    2006  39     22       57
  MINIMUM         23    639 AM -10    1940  20      3       17
  AVERAGE         42                        29     13       37

PRECIPITATION (IN)
  TODAY            0.00          1.36 1916   0.04  -0.04      T
  MONTH TO DATE    0.21                      0.86  -0.65     0.36
  SINCE DEC 1      2.05                      2.39  -0.34     1.16
  SINCE JAN 1      0.21                      0.86  -0.65     0.36

SNOWFALL (IN)
  TODAY            0.0           5.9  1967   0.1   -0.1       T
  MONTH TO DATE    1.6                       3.7   -2.1      5.1
  SINCE DEC 1      4.2                       8.5   -4.3     10.8
  SINCE JUL 1      4.7                       9.9   -5.2     10.8
  SNOW DEPTH       0

DEGREE DAYS
 HEATING
  TODAY           23                        36    -13       28
  MONTH TO DATE  915                       936    -21     1030
  SINCE DEC 1   1858                      1976   -118     2162
  SINCE JUL 1   2979                      2978      1     3227

 COOLING
  TODAY            0                         0      0        0
  MONTH TO DATE    0                         0      0        0
  SINCE DEC 1      0                         0      0        0
  SINCE JAN 1      0                         0      0        0
..................................................................


WIND (MPH)
  HIGHEST WIND SPEED    22   HIGHEST WIND DIRECTION    SW (240)
  HIGHEST GUST SPEED    26   HIGHEST GUST DIRECTION    SW (230)
  AVERAGE WIND SPEED     9.3


SKY COVER
  POSSIBLE SUNSHINE  MM
  AVERAGE SKY COVER 0.1


WEATHER CONDITIONS
 THE FOLLOWING WEATHER WAS RECORDED TODAY.
  FOG


RELATIVE HUMIDITY (PERCENT)
 HIGHEST   100           300 AM
 LOWEST     36           400 PM
 AVERAGE    68

..........................................................


THE KANSAS CITY INTERNATIONAL MO CLIMATE NORMALS FOR TOMORROW
                         NORMAL    RECORD    YEAR
 MAXIMUM TEMPERATURE (F)   39        70      1934
 MINIMUM TEMPERATURE (F)   20        -9      1940


SUNRISE AND SUNSET
JANUARY 26 2015.......SUNRISE   731 AM CST   SUNSET   532 PM CST
JANUARY 27 2015.......SUNRISE   730 AM CST   SUNSET   533 PM CST


-  INDICATES NEGATIVE NUMBERS.
R  INDICATES RECORD WAS SET OR TIED.
MM INDICATES DATA IS MISSING.
T  INDICATES TRACE AMOUNT.




&&

...MISCELLANEOUS CLIMATE DATA FROM TODAY...

LOCATION                HIGH    LOW      PRECIP
ST. JOSEPH               61      21       0.00
DOWNTOWN KANSAS CITY     62      27       0.00
OLATHE NEW CENTURY       62      23       0.00
OLATHE JO CO EXEC        62      24       0.00
LEES SUMMIT              61      25       0.00
KIRKSVILLE               52      29       0.00
CHILLICOTHE              58      25       0.00
SEDALIA                  55      28       0.00
NWS PLEASANT HILL MO     58      25       0.00


THIS PRODUCT...ALONG WITH OTHER WEATHER...HYDROLOGICAL AND CLIMATE
INFORMATION...IS AVAILABLE ON THE WEB AT HTTP://WWW.CRH.NOAA.GOV/EAX
OR AT HTTP://WEATHER.GOV

$$

JW
