152
CDUS43 KEAX 220633
CLIMCI

CLIMATE REPORT
NATIONAL WEATHER SERVICE KANSAS CITY/PLEASANT HILL MO
131 AM CDT WED MAR 22 2017


...................................

...THE KANSAS CITY INTERNATIONAL MO CLIMATE SUMMARY FOR MARCH 21 2017...

CLIMATE NORMAL PERIOD 1981 TO 2010
CLIMATE RECORD PERIOD 1888 TO 2017


WEATHER ITEM   OBSERVED TIME   RECORD YEAR NORMAL DEPARTURE LAST
                VALUE   (LST)  VALUE       VALUE  FROM      YEAR
                                                  NORMAL
..................................................................
TEMPERATURE (F)
 YESTERDAY
  MAXIMUM         61    321 PM  91    1907  57      4       65
  MINIMUM         43   1159 PM  13    1913  35      8       26
  AVERAGE         52                        46      6       46

PRECIPITATION (IN)
  YESTERDAY        0.00          1.19 1932   0.08  -0.08     0.00
  MONTH TO DATE    0.42                      1.48  -1.06     1.17
  SINCE MAR 1      0.42                      1.48  -1.06     1.17
  SINCE JAN 1      1.87                      4.01  -2.14     2.33

SNOWFALL (IN)
  YESTERDAY        0.0           5.0  1955   0.0    0.0      0.0
  MONTH TO DATE    0.4                       1.5   -1.1      0.3
  SINCE MAR 1      0.4                       1.5   -1.1      0.3
  SINCE JUL 1      4.9                      17.7  -12.8      5.6
  SNOW DEPTH       0

DEGREE DAYS
 HEATING
  YESTERDAY       13                        19     -6       19
  MONTH TO DATE  393                       475    -82      312
  SINCE MAR 1    393                       475    -82      312
  SINCE JUL 1   3647                      4520   -873     3669

 COOLING
  YESTERDAY        0                         0      0        0
  MONTH TO DATE    6                         0      6        2
  SINCE MAR 1      6                         0      6        2
  SINCE JAN 1      6                         0      6        2
..................................................................


WIND (MPH)
  HIGHEST WIND SPEED    26   HIGHEST WIND DIRECTION    NE (30)
  HIGHEST GUST SPEED    36   HIGHEST GUST DIRECTION    NE (30)
  AVERAGE WIND SPEED    16.0


SKY COVER
  POSSIBLE SUNSHINE  MM
  AVERAGE SKY COVER 0.5


WEATHER CONDITIONS
 THE FOLLOWING WEATHER WAS RECORDED YESTERDAY.
  NO SIGNIFICANT WEATHER WAS OBSERVED.


RELATIVE HUMIDITY (PERCENT)
 HIGHEST    65           600 AM
 LOWEST     25           400 PM
 AVERAGE    45

..........................................................


THE KANSAS CITY INTERNATIONAL MO CLIMATE NORMALS FOR TODAY
                         NORMAL    RECORD    YEAR
 MAXIMUM TEMPERATURE (F)   58        90      1910
                                             1907
 MINIMUM TEMPERATURE (F)   35         8      2002


SUNRISE AND SUNSET
MARCH 22 2017.........SUNRISE   719 AM CDT   SUNSET   733 PM CDT
MARCH 23 2017.........SUNRISE   717 AM CDT   SUNSET   734 PM CDT


-  INDICATES NEGATIVE NUMBERS.
R  INDICATES RECORD WAS SET OR TIED.
MM INDICATES DATA IS MISSING.
T  INDICATES TRACE AMOUNT.


&&

...MISCELLANEOUS CLIMATE DATA FROM YESTERDAY...

LOCATION                HIGH    LOW      PRECIP
ST. JOSEPH               61      41       0.00
DOWNTOWN KANSAS CITY     63      45       0.00
OLATHE NEW CENTURY       62      45       0.00
OLATHE JO CO EXEC        60      44       0.00
LEES SUMMIT              61      45       T
KIRKSVILLE               59      37       0.00
CHILLICOTHE              60      40       0.00
SEDALIA                  63      45       0.00
NWS PLEASANT HILL MO     62      44       0.00


THIS PRODUCT...ALONG WITH OTHER WEATHER...HYDROLOGICAL AND CLIMATE
INFORMATION...IS AVAILABLE ON THE WEB AT HTTP://WWW.WEATHER.GOV/EAX
OR AT HTTP://WEATHER.GOV

$$
