000
CDUS43 KEAX 261232
CLIMCI

CLIMATE REPORT
NATIONAL WEATHER SERVICE KANSAS CITY/PLEASANT HILL MO
731 AM CDT SUN OCT 26 2014


...................................

...THE KANSAS CITY INTERNATIONAL MO CLIMATE SUMMARY FOR OCTOBER 26 2014...
VALID AS OF 0700 AM LOCAL TIME.

CLIMATE NORMAL PERIOD 1981 TO 2010
CLIMATE RECORD PERIOD 1888 TO 2014


WEATHER ITEM   OBSERVED TIME   RECORD YEAR NORMAL DEPARTURE LAST
                VALUE   (LST)  VALUE       VALUE  FROM      YEAR
                                                  NORMAL
..................................................................
TEMPERATURE (F)
 TODAY
  MAXIMUM         63   1202 AM  87    1963  63      0       60
  MINIMUM         58    559 AM  25    1980  43     15       34
  AVERAGE         61                        53      8       47

PRECIPITATION (IN)
  TODAY            0.00          2.71 1918   0.09  -0.09     0.00
  MONTH TO DATE    9.29                      2.74   6.55     2.79
  SINCE SEP 1     11.54                      7.36   4.18     7.63
  SINCE JAN 1     37.53                     34.76   2.77    30.30

SNOWFALL (IN)
  TODAY            0.0           1.0  1997   0.0    0.0      0.0
                                      1913
  MONTH TO DATE    0.0                       0.1   -0.1      0.0
  SINCE SEP 1      0.0                       0.1   -0.1      0.0
  SINCE JUL 1      0.0                       0.1   -0.1      0.0
  SNOW DEPTH       0

DEGREE DAYS
 HEATING
  TODAY            4                        12     -8       18
  MONTH TO DATE  179                       225    -46      274
  SINCE SEP 1    244                       290    -46      293
  SINCE JUL 1    246                       292    -46      293

 COOLING
  TODAY            0                         0      0        0
  MONTH TO DATE    8                        24    -16       28
  SINCE SEP 1    138                       183    -45      251
  SINCE JAN 1   1257                      1356    -99     1345
..................................................................


WIND (MPH)
  HIGHEST WIND SPEED    16   HIGHEST WIND DIRECTION     E (100)
  HIGHEST GUST SPEED    19   HIGHEST GUST DIRECTION     E (100)
  AVERAGE WIND SPEED    11.0


SKY COVER
  POSSIBLE SUNSHINE  MM
  AVERAGE SKY COVER 0.0


WEATHER CONDITIONS
 THE FOLLOWING WEATHER WAS RECORDED TODAY.
  NO SIGNIFICANT WEATHER WAS OBSERVED.


RELATIVE HUMIDITY (PERCENT)
 HIGHEST    77           600 AM
 LOWEST     60          1200 AM
 AVERAGE    69

..........................................................


THE KANSAS CITY INTERNATIONAL MO CLIMATE NORMALS FOR TOMORROW
                         NORMAL    RECORD    YEAR
 MAXIMUM TEMPERATURE (F)   63        86      1950
                                             1927
 MINIMUM TEMPERATURE (F)   43        22      1925


SUNRISE AND SUNSET
OCTOBER 26 2014.......SUNRISE   740 AM CDT   SUNSET   625 PM CDT
OCTOBER 27 2014.......SUNRISE   741 AM CDT   SUNSET   624 PM CDT


-  INDICATES NEGATIVE NUMBERS.
R  INDICATES RECORD WAS SET OR TIED.
MM INDICATES DATA IS MISSING.
T  INDICATES TRACE AMOUNT.




&&

...MISCELLANEOUS CLIMATE DATA FROM TODAY...

LOCATION                HIGH    LOW      PRECIP
ST. JOSEPH               61      57       0.00
DOWNTOWN KANSAS CITY     62      56       0.00
OLATHE NEW CENTURY       63      59       0.00
OLATHE JO CO EXEC        63      58       0.00
LEES SUMMIT              63      55       0.00
KIRKSVILLE               54      49       0.00
CHILLICOTHE              58      52       0.00
SEDALIA                  62      57       0.00
NWS PLEASANT HILL MO     61      56       0.00


THIS PRODUCT...ALONG WITH OTHER WEATHER...HYDROLOGICAL AND CLIMATE
INFORMATION...IS AVAILABLE ON THE WEB AT HTTP://WWW.CRH.NOAA.GOV/EAX
OR AT HTTP://WEATHER.GOV

$$

JW
