000
CDUS43 KEAX 210633
CLIMCI

CLIMATE REPORT
NATIONAL WEATHER SERVICE KANSAS CITY/PLEASANT HILL MO
132 AM CDT TUE OCT 21 2014


...................................

...THE KANSAS CITY INTERNATIONAL MO CLIMATE SUMMARY FOR OCTOBER 20 2014...

CLIMATE NORMAL PERIOD 1981 TO 2010
CLIMATE RECORD PERIOD 1888 TO 2014


WEATHER ITEM   OBSERVED TIME   RECORD YEAR NORMAL DEPARTURE LAST
                VALUE   (LST)  VALUE       VALUE  FROM      YEAR
                                                  NORMAL
..................................................................
TEMPERATURE (F)
 YESTERDAY
  MAXIMUM         74    317 PM  89    1894  66      8       70
  MINIMUM         49   1147 PM  25    1989  45      4       44
  AVERAGE         62                        55      7       57

PRECIPITATION (IN)
  YESTERDAY        0.00          2.40 1971   0.10  -0.10     0.00
  MONTH TO DATE    8.97                      2.18   6.79     2.79
  SINCE SEP 1     11.22                      6.80   4.42     7.63
  SINCE JAN 1     37.21                     34.20   3.01    30.30

SNOWFALL (IN)
  YESTERDAY        0.0           0.0    MM   0.0    0.0      0.0
  MONTH TO DATE    0.0                       0.1   -0.1      0.0
  SINCE SEP 1      0.0                       0.1   -0.1      0.0
  SINCE JUL 1      0.0                       0.1   -0.1      0.0
  SNOW DEPTH       0

DEGREE DAYS
 HEATING
  YESTERDAY        3                        10     -7        8
  MONTH TO DATE  160                       156      4      150
  SINCE SEP 1    225                       221      4      169
  SINCE JUL 1    227                       223      4      169

 COOLING
  YESTERDAY        0                         0      0        0
  MONTH TO DATE    7                        24    -17       28
  SINCE SEP 1    137                       183    -46      251
  SINCE JAN 1   1256                      1356   -100     1345
..................................................................


WIND (MPH)
  HIGHEST WIND SPEED    12   HIGHEST WIND DIRECTION    NE (60)
  HIGHEST GUST SPEED    15   HIGHEST GUST DIRECTION     N (10)
  AVERAGE WIND SPEED     5.2


SKY COVER
  POSSIBLE SUNSHINE  MM
  AVERAGE SKY COVER 0.0


WEATHER CONDITIONS
 THE FOLLOWING WEATHER WAS RECORDED YESTERDAY.
  FOG


RELATIVE HUMIDITY (PERCENT)
 HIGHEST    96           200 AM
 LOWEST     35           300 PM
 AVERAGE    66

..........................................................


THE KANSAS CITY INTERNATIONAL MO CLIMATE NORMALS FOR TODAY
                         NORMAL    RECORD    YEAR
 MAXIMUM TEMPERATURE (F)   65        89      1978
                                             1940
 MINIMUM TEMPERATURE (F)   44        24      1987


SUNRISE AND SUNSET
OCTOBER 21 2014.......SUNRISE   735 AM CDT   SUNSET   631 PM CDT
OCTOBER 22 2014.......SUNRISE   736 AM CDT   SUNSET   630 PM CDT


-  INDICATES NEGATIVE NUMBERS.
R  INDICATES RECORD WAS SET OR TIED.
MM INDICATES DATA IS MISSING.
T  INDICATES TRACE AMOUNT.




&&

...MISCELLANEOUS CLIMATE DATA FROM YESTERDAY...

LOCATION                HIGH    LOW      PRECIP
ST. JOSEPH               76      38       0.00
DOWNTOWN KANSAS CITY     76      50       0.00
OLATHE NEW CENTURY       74      47       0.00
OLATHE JO CO EXEC        75      51       0.00
LEES SUMMIT              74      47       0.00
KIRKSVILLE               70      44       0.00
CHILLICOTHE              74      45       0.00
SEDALIA                  76      52       0.00
NWS PLEASANT HILL MO     72      49       0.00


THIS PRODUCT...ALONG WITH OTHER WEATHER...HYDROLOGICAL AND CLIMATE
INFORMATION...IS AVAILABLE ON THE WEB AT HTTP://WWW.CRH.NOAA.GOV/EAX
OR AT HTTP://WEATHER.GOV

$$
