000
CDUS43 KEAX 312125
CLIMCI

CLIMATE REPORT
NATIONAL WEATHER SERVICE KANSAS CITY/PLEASANT HILL MO
423 PM CDT SUN MAY 31 2015


...................................

...THE KANSAS CITY INTERNATIONAL MO CLIMATE SUMMARY FOR MAY 31 2015...
VALID AS OF 0400 PM LOCAL TIME.

CLIMATE NORMAL PERIOD 1981 TO 2010
CLIMATE RECORD PERIOD 1888 TO 2015


WEATHER ITEM   OBSERVED TIME   RECORD YEAR NORMAL DEPARTURE LAST
                VALUE   (LST)  VALUE       VALUE  FROM      YEAR
                                                  NORMAL
..................................................................
TEMPERATURE (F)
 TODAY
  MAXIMUM         69    259 PM 102    1934  79    -10       85
  MINIMUM         55    727 AM  42    1889  59     -4       66
  AVERAGE         62                        69     -7       76

PRECIPITATION (IN)
  TODAY            T             2.44 1996   0.17  -0.17     0.05
  MONTH TO DATE   10.25                      5.23   5.02     1.33
  SINCE MAR 1     14.42                     11.30   3.12     6.87
  SINCE JAN 1     16.60                     13.83   2.77     8.62

SNOWFALL (IN)
  TODAY            0.0           0.0    MM   0.0    0.0      0.0
  MONTH TO DATE    0.0                       0.0    0.0      0.0
  SINCE MAR 1      T                         2.6   -2.6      3.6
  SINCE JUL 1     14.2                      18.8   -4.6     26.2
  SNOW DEPTH       0

DEGREE DAYS
 HEATING
  TODAY            3                         1      2        0
  MONTH TO DATE   97                       104     -7      113
  SINCE MAR 1    903                      1079   -176     1219
  SINCE JUL 1   5117                      5124     -7     5785

 COOLING
  TODAY            0                         5     -5       11
  MONTH TO DATE   59                        88    -29      152
  SINCE MAR 1     68                       116    -48      161
  SINCE JAN 1     68                       116    -48      161
..................................................................


WIND (MPH)
  HIGHEST WIND SPEED    14   HIGHEST WIND DIRECTION    NE (50)
  HIGHEST GUST SPEED    17   HIGHEST GUST DIRECTION    NE (30)
  AVERAGE WIND SPEED     9.0


SKY COVER
  POSSIBLE SUNSHINE  MM
  AVERAGE SKY COVER 0.9


WEATHER CONDITIONS
 THE FOLLOWING WEATHER WAS RECORDED TODAY.
  LIGHT RAIN


RELATIVE HUMIDITY (PERCENT)
 HIGHEST    93           400 AM
 LOWEST     58           100 PM
 AVERAGE    76

..........................................................


THE KANSAS CITY INTERNATIONAL MO CLIMATE NORMALS FOR TOMORROW
                         NORMAL    RECORD    YEAR
 MAXIMUM TEMPERATURE (F)   80       101      1934
 MINIMUM TEMPERATURE (F)   59        43      1983


SUNRISE AND SUNSET
MAY 31 2015...........SUNRISE   555 AM CDT   SUNSET   839 PM CDT
JUNE  1 2015..........SUNRISE   554 AM CDT   SUNSET   839 PM CDT


-  INDICATES NEGATIVE NUMBERS.
R  INDICATES RECORD WAS SET OR TIED.
MM INDICATES DATA IS MISSING.
T  INDICATES TRACE AMOUNT.




&&

...MISCELLANEOUS CLIMATE DATA FROM TODAY...

LOCATION                HIGH    LOW      PRECIP
ST. JOSEPH               70      56       0.00
DOWNTOWN KANSAS CITY     71      57       0.00
OLATHE NEW CENTURY       67      56       0.01
OLATHE JO CO EXEC        69      55       0.00
LEES SUMMIT              69      54       0.00
KIRKSVILLE               65      50       0.00
CHILLICOTHE              71      54       0.00
SEDALIA                  67      55       0.00
NWS PLEASANT HILL MO     68      53       0.00


THIS PRODUCT...ALONG WITH OTHER WEATHER...HYDROLOGICAL AND CLIMATE
INFORMATION...IS AVAILABLE ON THE WEB AT HTTP://WWW.CRH.NOAA.GOV/EAX
OR AT HTTP://WEATHER.GOV

$$
