000
CDUS43 KEAX 270637
CLIMCI

CLIMATE REPORT
NATIONAL WEATHER SERVICE KANSAS CITY/PLEASANT HILL MO
135 AM CDT WED APR 27 2016


...................................

...THE KANSAS CITY INTERNATIONAL MO CLIMATE SUMMARY FOR APRIL 26 2016...

CLIMATE NORMAL PERIOD 1981 TO 2010
CLIMATE RECORD PERIOD 1888 TO 2016


WEATHER ITEM   OBSERVED TIME   RECORD YEAR NORMAL DEPARTURE LAST
                VALUE   (LST)  VALUE       VALUE  FROM      YEAR
                                                  NORMAL
..................................................................
TEMPERATURE (F)
 YESTERDAY
  MAXIMUM         71    217 PM  92    1989  69      2       62
  MINIMUM         56    756 AM  34    2008  48      8       47
                                      1907
  AVERAGE         64                        58      6       55

PRECIPITATION (IN)
  YESTERDAY        3.65R         1.85 2009   0.14   3.51      T
  MONTH TO DATE    5.68                      3.08   2.60     3.29
  SINCE MAR 1      8.40                      5.45   2.95     4.17
  SINCE JAN 1      9.56                      7.98   1.58     6.35

SNOWFALL (IN)
  YESTERDAY        0.0           0.0    MM   0.0    0.0      0.0
  MONTH TO DATE    0.0                       0.6   -0.6      0.0
  SINCE MAR 1      0.6                       2.6   -2.0       T
  SINCE JUL 1      5.9                      18.8  -12.9     14.2
  SNOW DEPTH       0

DEGREE DAYS
 HEATING
  YESTERDAY        1                         8     -7       10
  MONTH TO DATE  204                       301    -97      214
  SINCE MAR 1    647                       947   -300      776
  SINCE JUL 1   4004                      4992   -988     4990

 COOLING
  YESTERDAY        0                         1     -1        0
  MONTH TO DATE   12                        20     -8        7
  SINCE MAR 1     14                        23     -9        9
  SINCE JAN 1     14                        23     -9        9
..................................................................


WIND (MPH)
  HIGHEST WIND SPEED    36   HIGHEST WIND DIRECTION    SE (120)
  HIGHEST GUST SPEED    48   HIGHEST GUST DIRECTION    NW (310)
  AVERAGE WIND SPEED    13.7


SKY COVER
  POSSIBLE SUNSHINE  MM
  AVERAGE SKY COVER 0.9


WEATHER CONDITIONS
 THE FOLLOWING WEATHER WAS RECORDED YESTERDAY.
  THUNDERSTORM
  HEAVY RAIN
  RAIN
  LIGHT RAIN
  HAIL
  FOG


RELATIVE HUMIDITY (PERCENT)
 HIGHEST    93           100 AM
 LOWEST     66           200 PM
 AVERAGE    80

..........................................................


THE KANSAS CITY INTERNATIONAL MO CLIMATE NORMALS FOR TODAY
                         NORMAL    RECORD    YEAR
 MAXIMUM TEMPERATURE (F)   69        90      1989
                                             1970
 MINIMUM TEMPERATURE (F)   48        32      1988
                                             1967


SUNRISE AND SUNSET
APRIL 27 2016.........SUNRISE   625 AM CDT   SUNSET   809 PM CDT
APRIL 28 2016.........SUNRISE   623 AM CDT   SUNSET   810 PM CDT


-  INDICATES NEGATIVE NUMBERS.
R  INDICATES RECORD WAS SET OR TIED.
MM INDICATES DATA IS MISSING.
T  INDICATES TRACE AMOUNT.


&&

...MISCELLANEOUS CLIMATE DATA FROM YESTERDAY...

LOCATION                HIGH    LOW      PRECIP
ST. JOSEPH               74      54       3.05
DOWNTOWN KANSAS CITY     73      58       2.46
OLATHE NEW CENTURY       71      59       1.95
OLATHE JO CO EXEC        69      57       1.90
LEES SUMMIT              69      57       1.97
KIRKSVILLE               72      55       0.63
CHILLICOTHE              71      56       0.44
SEDALIA                  73      62       M
NWS PLEASANT HILL MO     70      57       1.74


THIS PRODUCT...ALONG WITH OTHER WEATHER...HYDROLOGICAL AND CLIMATE
INFORMATION...IS AVAILABLE ON THE WEB AT HTTP://WWW.WEATHER.GOV/EAX
OR AT HTTP://WEATHER.GOV

$$
