392
CDUS43 KEAX 260645
CLIMCI

CLIMATE REPORT
NATIONAL WEATHER SERVICE KANSAS CITY/PLEASANT HILL MO
143 AM CDT SUN MAR 26 2017


...................................

...THE KANSAS CITY INTERNATIONAL MO CLIMATE SUMMARY FOR MARCH 25 2017...

CLIMATE NORMAL PERIOD 1981 TO 2010
CLIMATE RECORD PERIOD 1888 TO 2017


WEATHER ITEM   OBSERVED TIME   RECORD YEAR NORMAL DEPARTURE LAST
                VALUE   (LST)  VALUE       VALUE  FROM      YEAR
                                                  NORMAL
..................................................................
TEMPERATURE (F)
 YESTERDAY
  MAXIMUM         57   1215 AM  90    1907  59     -2       57
  MINIMUM         44   1159 PM   9    1955  36      8       26
  AVERAGE         51                        48      3       42

PRECIPITATION (IN)
  YESTERDAY        0.35          1.84 1959   0.08   0.27     0.00
  MONTH TO DATE    0.91                      1.81  -0.90     1.58
  SINCE MAR 1      0.91                      1.81  -0.90     1.58
  SINCE JAN 1      2.36                      4.34  -1.98     2.74

SNOWFALL (IN)
  YESTERDAY       MM             1.7  1955   0.0   MM        0.0
  MONTH TO DATE    0.4                       1.7   -1.3      0.3
  SINCE MAR 1      0.4                       1.7   -1.3      0.3
  SINCE JUL 1      4.9                      17.9  -13.0      5.6
  SNOW DEPTH       0

DEGREE DAYS
 HEATING
  YESTERDAY       14                        18     -4       23
  MONTH TO DATE  429                       548   -119      362
  SINCE MAR 1    429                       548   -119      362
  SINCE JUL 1   3683                      4593   -910     3719

 COOLING
  YESTERDAY        0                         0      0        0
  MONTH TO DATE    6                         0      6        2
  SINCE MAR 1      6                         0      6        2
  SINCE JAN 1      6                         0      6        2
..................................................................


WIND (MPH)
  HIGHEST WIND SPEED    20   HIGHEST WIND DIRECTION     N (20)
  HIGHEST GUST SPEED    23   HIGHEST GUST DIRECTION    NE (30)
  AVERAGE WIND SPEED     9.6


SKY COVER
  POSSIBLE SUNSHINE  MM
  AVERAGE SKY COVER 0.9


WEATHER CONDITIONS
 THE FOLLOWING WEATHER WAS RECORDED YESTERDAY.
  LIGHT RAIN
  FOG
  FOG W/VISIBILITY <= 1/4 MILE


RELATIVE HUMIDITY (PERCENT)
 HIGHEST   100          1200 AM
 LOWEST     89           500 AM
 AVERAGE    95

..........................................................


THE KANSAS CITY INTERNATIONAL MO CLIMATE NORMALS FOR TODAY
                         NORMAL    RECORD    YEAR
 MAXIMUM TEMPERATURE (F)   59        85      1991
                                             1910
 MINIMUM TEMPERATURE (F)   37         7      1955


SUNRISE AND SUNSET
MARCH 26 2017.........SUNRISE   712 AM CDT   SUNSET   737 PM CDT
MARCH 27 2017.........SUNRISE   711 AM CDT   SUNSET   738 PM CDT


-  INDICATES NEGATIVE NUMBERS.
R  INDICATES RECORD WAS SET OR TIED.
MM INDICATES DATA IS MISSING.
T  INDICATES TRACE AMOUNT.


&&

...MISCELLANEOUS CLIMATE DATA FROM YESTERDAY...

LOCATION                HIGH    LOW      PRECIP
ST. JOSEPH               51      44       0.16
DOWNTOWN KANSAS CITY     59      47       0.03
OLATHE NEW CENTURY       54      44       0.05
OLATHE JO CO EXEC        57      43       0.04
LEES SUMMIT              62      46       0.21
KIRKSVILLE               56      47       0.71
CHILLICOTHE              58      45       0.37
SEDALIA                  63      49       1.12
NWS PLEASANT HILL MO     62      46       0.12


THIS PRODUCT...ALONG WITH OTHER WEATHER...HYDROLOGICAL AND CLIMATE
INFORMATION...IS AVAILABLE ON THE WEB AT HTTP://WWW.WEATHER.GOV/EAX
OR AT HTTP://WEATHER.GOV

$$
