000
CDUS43 KEAX 300632
CLIMCI

CLIMATE REPORT
NATIONAL WEATHER SERVICE KANSAS CITY/PLEASANT HILL MO
131 AM CDT TUE JUN 30 2015


...................................

...THE KANSAS CITY INTERNATIONAL MO CLIMATE SUMMARY FOR JUNE 29 2015...

CLIMATE NORMAL PERIOD 1981 TO 2010
CLIMATE RECORD PERIOD 1888 TO 2015


WEATHER ITEM   OBSERVED TIME   RECORD YEAR NORMAL DEPARTURE LAST
                VALUE   (LST)  VALUE       VALUE  FROM      YEAR
                                                  NORMAL
..................................................................
TEMPERATURE (F)
 YESTERDAY
  MAXIMUM         86    309 PM 105    1934  87     -1       88
  MINIMUM         64    513 AM  54    1985  67     -3       64
  AVERAGE         75                        77     -2       76

PRECIPITATION (IN)
  YESTERDAY        0.00          2.48 1981   0.16  -0.16     0.04
  MONTH TO DATE    7.31                      5.07   2.24     6.64
  SINCE JUN 1      7.31                      5.07   2.24     6.64
  SINCE JAN 1     23.91                     18.90   5.01    15.26

SNOWFALL (IN)
  YESTERDAY        0.0           0.0    MM   0.0    0.0      0.0
  MONTH TO DATE    0.0                       0.0    0.0      0.0
  SINCE JUN 1      0.0                       0.0    0.0      0.0
  SINCE JUL 1     14.2                      18.8   -4.6     26.2
  SNOW DEPTH       0

DEGREE DAYS
 HEATING
  YESTERDAY        0                         0      0        0
  MONTH TO DATE    3                         7     -4        1
  SINCE JUN 1      3                         7     -4        1
  SINCE JUL 1   5119                      5131    -12     5786

 COOLING
  YESTERDAY       10                        12     -2       11
  MONTH TO DATE  294                       255     39      262
  SINCE JUN 1    294                       255     39      262
  SINCE JAN 1    362                       371     -9      423
..................................................................


WIND (MPH)
  HIGHEST WIND SPEED    14   HIGHEST WIND DIRECTION    NW (320)
  HIGHEST GUST SPEED    19   HIGHEST GUST DIRECTION    NW (330)
  AVERAGE WIND SPEED     5.8


SKY COVER
  POSSIBLE SUNSHINE  MM
  AVERAGE SKY COVER 0.4


WEATHER CONDITIONS
 THE FOLLOWING WEATHER WAS RECORDED YESTERDAY.
  NO SIGNIFICANT WEATHER WAS OBSERVED.


RELATIVE HUMIDITY (PERCENT)
 HIGHEST    87           300 AM
 LOWEST     51           100 PM
 AVERAGE    69

..........................................................


THE KANSAS CITY INTERNATIONAL MO CLIMATE NORMALS FOR TODAY
                         NORMAL    RECORD    YEAR
 MAXIMUM TEMPERATURE (F)   87       102      1933
                                             1917
 MINIMUM TEMPERATURE (F)   67        55      1943


SUNRISE AND SUNSET
JUNE 30 2015..........SUNRISE   555 AM CDT   SUNSET   850 PM CDT
JULY  1 2015..........SUNRISE   556 AM CDT   SUNSET   849 PM CDT


-  INDICATES NEGATIVE NUMBERS.
R  INDICATES RECORD WAS SET OR TIED.
MM INDICATES DATA IS MISSING.
T  INDICATES TRACE AMOUNT.



&&

...MISCELLANEOUS CLIMATE DATA FROM YESTERDAY...

LOCATION                HIGH    LOW      PRECIP
ST. JOSEPH               88      63       0.00
DOWNTOWN KANSAS CITY     88      68       0.00
OLATHE NEW CENTURY       86      64       0.00
OLATHE JO CO EXEC        86      66       0.00
LEES SUMMIT              86      63       0.00
KIRKSVILLE               85      64       0.00
CHILLICOTHE              87      66       0.00
SEDALIA                  86      66       0.00
NWS PLEASANT HILL MO     86      64       0.00


THIS PRODUCT...ALONG WITH OTHER WEATHER...HYDROLOGICAL AND CLIMATE
INFORMATION...IS AVAILABLE ON THE WEB AT HTTP://WWW.CRH.NOAA.GOV/EAX
OR AT HTTP://WEATHER.GOV

$$
