000
CDUS43 KEAX 200636
CLIMCI

CLIMATE REPORT
NATIONAL WEATHER SERVICE KANSAS CITY/PLEASANT HILL MO
135 AM CDT MON OCT 20 2014


...................................

...THE KANSAS CITY INTERNATIONAL MO CLIMATE SUMMARY FOR OCTOBER 19 2014...

CLIMATE NORMAL PERIOD 1981 TO 2010
CLIMATE RECORD PERIOD 1888 TO 2014


WEATHER ITEM   OBSERVED TIME   RECORD YEAR NORMAL DEPARTURE LAST
                VALUE   (LST)  VALUE       VALUE  FROM      YEAR
                                                  NORMAL
..................................................................
TEMPERATURE (F)
 YESTERDAY
  MAXIMUM         68    404 PM  87    1963  66      2       62
  MINIMUM         40    349 AM  21    1972  45     -5       34
  AVERAGE         54                        55     -1       48

PRECIPITATION (IN)
  YESTERDAY        0.00          1.21 1983   0.10  -0.10     0.00
  MONTH TO DATE    8.97                      2.08   6.89     2.79
  SINCE SEP 1     11.22                      6.70   4.52     7.63
  SINCE JAN 1     37.21                     34.10   3.11    30.30

SNOWFALL (IN)
  YESTERDAY        0.0           0.0    MM   0.0    0.0      0.0
  MONTH TO DATE    0.0                       0.1   -0.1      0.0
  SINCE SEP 1      0.0                       0.1   -0.1      0.0
  SINCE JUL 1      0.0                       0.1   -0.1      0.0
  SNOW DEPTH       0

DEGREE DAYS
 HEATING
  YESTERDAY       11                        10      1       17
  MONTH TO DATE  157                       146     11      142
  SINCE SEP 1    222                       211     11      161
  SINCE JUL 1    224                       213     11      161

 COOLING
  YESTERDAY        0                         1     -1        0
  MONTH TO DATE    7                        24    -17       28
  SINCE SEP 1    137                       183    -46      251
  SINCE JAN 1   1256                      1356   -100     1345
..................................................................


WIND (MPH)
  HIGHEST WIND SPEED    22   HIGHEST WIND DIRECTION    SW (220)
  HIGHEST GUST SPEED    26   HIGHEST GUST DIRECTION    SW (210)
  AVERAGE WIND SPEED    10.0


SKY COVER
  POSSIBLE SUNSHINE  MM
  AVERAGE SKY COVER 0.4


WEATHER CONDITIONS
 THE FOLLOWING WEATHER WAS RECORDED YESTERDAY.
  HAZE


RELATIVE HUMIDITY (PERCENT)
 HIGHEST    96           500 AM
 LOWEST     48           100 PM
 AVERAGE    72

..........................................................


THE KANSAS CITY INTERNATIONAL MO CLIMATE NORMALS FOR TODAY
                         NORMAL    RECORD    YEAR
 MAXIMUM TEMPERATURE (F)   66        89      1894
 MINIMUM TEMPERATURE (F)   45        25      1989


SUNRISE AND SUNSET
OCTOBER 20 2014.......SUNRISE   734 AM CDT   SUNSET   633 PM CDT
OCTOBER 21 2014.......SUNRISE   735 AM CDT   SUNSET   631 PM CDT


-  INDICATES NEGATIVE NUMBERS.
R  INDICATES RECORD WAS SET OR TIED.
MM INDICATES DATA IS MISSING.
T  INDICATES TRACE AMOUNT.




&&

...MISCELLANEOUS CLIMATE DATA FROM YESTERDAY...

LOCATION                HIGH    LOW      PRECIP
ST. JOSEPH               71      34       0.00
DOWNTOWN KANSAS CITY     70      43       0.00
OLATHE NEW CENTURY       69      41       0.00
OLATHE JO CO EXEC        68      41       0.00
LEES SUMMIT              68      44       0.00
KIRKSVILLE               64      35       0.00
CHILLICOTHE              67      36       0.00
SEDALIA                  68      40       0.00
NWS PLEASANT HILL MO     68      39       0.00


THIS PRODUCT...ALONG WITH OTHER WEATHER...HYDROLOGICAL AND CLIMATE
INFORMATION...IS AVAILABLE ON THE WEB AT HTTP://WWW.CRH.NOAA.GOV/EAX
OR AT HTTP://WEATHER.GOV

$$
