000
CDUS43 KEAX 020636
CLIMCI

CLIMATE REPORT
NATIONAL WEATHER SERVICE KANSAS CITY/PLEASANT HILL MO
135 AM CDT SAT AUG 2 2014


...................................

...THE KANSAS CITY INTERNATIONAL MO CLIMATE SUMMARY FOR AUGUST 1 2014...

CLIMATE NORMAL PERIOD 1981 TO 2010
CLIMATE RECORD PERIOD 1888 TO 2014


WEATHER ITEM   OBSERVED TIME   RECORD YEAR NORMAL DEPARTURE LAST
                VALUE   (LST)  VALUE       VALUE  FROM      YEAR
                                                  NORMAL
..................................................................
TEMPERATURE (F)
 YESTERDAY
  MAXIMUM         85    304 PM 104    2006  89     -4       87
                                      1980
  MINIMUM         65    323 AM  58    1992  68     -3       65
                                      1977
                                      1973
  AVERAGE         75                        78     -3       76

PRECIPITATION (IN)
  YESTERDAY        T             2.08 1952   0.12  -0.12     0.06
  MONTH TO DATE    T                         0.12  -0.12     0.06
  SINCE JUN 1      9.95                      9.80   0.15     5.68
  SINCE JAN 1     18.57                     23.63  -5.06    20.61

SNOWFALL (IN)
  YESTERDAY        0.0           0.0    MM   0.0    0.0      0.0
  MONTH TO DATE    0.0                       0.0    0.0      0.0
  SINCE JUN 1      0.0                       0.0    0.0      0.0
  SINCE JUL 1      0.0                       0.0    0.0      0.0
  SNOW DEPTH       0

DEGREE DAYS
 HEATING
  YESTERDAY        0                         0      0        0
  MONTH TO DATE    0                         0      0        0
  SINCE JUN 1      3                         9     -6       17
  SINCE JUL 1      2                         0      2        0

 COOLING
  YESTERDAY       10                        14     -4       11
  MONTH TO DATE   10                        14     -4       11
  SINCE JUN 1    573                       694   -121      654
  SINCE JAN 1    734                       810    -76      759
..................................................................


WIND (MPH)
  HIGHEST WIND SPEED    13   HIGHEST WIND DIRECTION     E (90)
  HIGHEST GUST SPEED    19   HIGHEST GUST DIRECTION    SE (120)
  AVERAGE WIND SPEED     6.0


SKY COVER
  POSSIBLE SUNSHINE  MM
  AVERAGE SKY COVER 0.6


WEATHER CONDITIONS
 THE FOLLOWING WEATHER WAS RECORDED YESTERDAY.
  LIGHT RAIN


RELATIVE HUMIDITY (PERCENT)
 HIGHEST    78          1200 AM
 LOWEST     44           300 PM
 AVERAGE    61

..........................................................


THE KANSAS CITY INTERNATIONAL MO CLIMATE NORMALS FOR TODAY
                         NORMAL    RECORD    YEAR
 MAXIMUM TEMPERATURE (F)   89       107      2011
 MINIMUM TEMPERATURE (F)   68        57      2009
                                             1986
                                             1927


SUNRISE AND SUNSET
AUGUST  2 2014........SUNRISE   620 AM CDT   SUNSET   830 PM CDT
AUGUST  3 2014........SUNRISE   621 AM CDT   SUNSET   829 PM CDT


-  INDICATES NEGATIVE NUMBERS.
R  INDICATES RECORD WAS SET OR TIED.
MM INDICATES DATA IS MISSING.
T  INDICATES TRACE AMOUNT.




&&

...MISCELLANEOUS CLIMATE DATA FROM YESTERDAY...

LOCATION                HIGH    LOW      PRECIP
ST. JOSEPH               85      63       0.04
DOWNTOWN KANSAS CITY     87      69       T
OLATHE NEW CENTURY       86      62       0.00
OLATHE JO CO EXEC        84      64       0.00
LEES SUMMIT              84      63       0.00
KIRKSVILLE               85      59       0.00
CHILLICOTHE              86      63       0.01
SEDALIA                  84      60       T
NWS PLEASANT HILL MO     83      62       0.00


THIS PRODUCT...ALONG WITH OTHER WEATHER...HYDROLOGICAL AND CLIMATE
INFORMATION...IS AVAILABLE ON THE WEB AT HTTP://WWW.CRH.NOAA.GOV/EAX
OR AT HTTP://WEATHER.GOV

$$

CDB
