901
CDUS43 KEAX 130636
CLIMCI

CLIMATE REPORT
NATIONAL WEATHER SERVICE KANSAS CITY/PLEASANT HILL MO
1235 AM CST SAT FEB 13 2016


...................................

...THE KANSAS CITY INTERNATIONAL MO CLIMATE SUMMARY FOR FEBRUARY 12 2016...

CLIMATE NORMAL PERIOD 1981 TO 2010
CLIMATE RECORD PERIOD 1888 TO 2016


WEATHER ITEM   OBSERVED TIME   RECORD YEAR NORMAL DEPARTURE LAST
                VALUE   (LST)  VALUE       VALUE  FROM      YEAR
                                                  NORMAL
..................................................................
TEMPERATURE (F)
 YESTERDAY
  MAXIMUM         36    250 PM  72    1961  42     -6       32
  MINIMUM         18   1159 PM -22    1899  23     -5       10
  AVERAGE         27                        32     -5       21

PRECIPITATION (IN)
  YESTERDAY        0.00          0.80 1894   0.05  -0.05     0.00
  MONTH TO DATE    0.40                      0.59  -0.19     0.39
  SINCE DEC 1      4.40                      3.19   1.21     3.43
  SINCE JAN 1      1.16                      1.66  -0.50     1.59

SNOWFALL (IN)
  YESTERDAY        0.0           8.7  1894   0.2   -0.2      0.0
  MONTH TO DATE    T                         2.5   -2.5      3.3
  SINCE DEC 1      5.3                      11.9   -6.6      8.2
  SINCE JUL 1      5.3                      13.3   -8.0      8.7
  SNOW DEPTH       0

DEGREE DAYS
 HEATING
  YESTERDAY       38                        33      5       44
  MONTH TO DATE  383                       408    -25      408
  SINCE DEC 1   2250                      2570   -320     2389
  SINCE JUL 1   2997                      3572   -575     3510

 COOLING
  YESTERDAY        0                         0      0        0
  MONTH TO DATE    0                         0      0        0
  SINCE DEC 1      0                         0      0        0
  SINCE JAN 1      0                         0      0        0
..................................................................


WIND (MPH)
  HIGHEST WIND SPEED    23   HIGHEST WIND DIRECTION     N (340)
  HIGHEST GUST SPEED    27   HIGHEST GUST DIRECTION     N (10)
  AVERAGE WIND SPEED    11.8


SKY COVER
  POSSIBLE SUNSHINE  MM
  AVERAGE SKY COVER 0.5


WEATHER CONDITIONS
 THE FOLLOWING WEATHER WAS RECORDED YESTERDAY.
  NO SIGNIFICANT WEATHER WAS OBSERVED.


RELATIVE HUMIDITY (PERCENT)
 HIGHEST    81           500 AM
 LOWEST     40           300 PM
 AVERAGE    61

..........................................................


THE KANSAS CITY INTERNATIONAL MO CLIMATE NORMALS FOR TODAY
                         NORMAL    RECORD    YEAR
 MAXIMUM TEMPERATURE (F)   43        71      1967
 MINIMUM TEMPERATURE (F)   23       -21      1905


SUNRISE AND SUNSET
FEBRUARY 13 2016......SUNRISE   714 AM CST   SUNSET   553 PM CST
FEBRUARY 14 2016......SUNRISE   712 AM CST   SUNSET   554 PM CST


-  INDICATES NEGATIVE NUMBERS.
R  INDICATES RECORD WAS SET OR TIED.
MM INDICATES DATA IS MISSING.
T  INDICATES TRACE AMOUNT.


&&

...MISCELLANEOUS CLIMATE DATA FROM YESTERDAY...

LOCATION                HIGH    LOW      PRECIP
ST. JOSEPH               34      17       0.00
DOWNTOWN KANSAS CITY     39      21       0.00
OLATHE NEW CENTURY       39      21       0.00
OLATHE JO CO EXEC        39      20       0.00
LEES SUMMIT              38      19       0.00
KIRKSVILLE               28      10       T
CHILLICOTHE              35      14       0.00
SEDALIA                  39      18       0.00
NWS PLEASANT HILL MO     39      19       0.00


THIS PRODUCT...ALONG WITH OTHER WEATHER...HYDROLOGICAL AND CLIMATE
INFORMATION...IS AVAILABLE ON THE WEB AT HTTP://WWW.WEATHER.GOV/EAX
OR AT HTTP://WEATHER.GOV

$$

JW
