000
CDUS43 KEAX 200636
CLIMCI

CLIMATE REPORT
NATIONAL WEATHER SERVICE KANSAS CITY/PLEASANT HILL MO
1235 AM CST MON FEB 20 2017


...................................

...THE KANSAS CITY INTERNATIONAL MO CLIMATE SUMMARY FOR FEBRUARY 19 2017...

CLIMATE NORMAL PERIOD 1981 TO 2010
CLIMATE RECORD PERIOD 1888 TO 2017


WEATHER ITEM   OBSERVED TIME   RECORD YEAR NORMAL DEPARTURE LAST
                VALUE   (LST)  VALUE       VALUE  FROM      YEAR
                                                  NORMAL
..................................................................
TEMPERATURE (F)
 YESTERDAY
  MAXIMUM         74R   353 PM  74    1930  45     29       72
  MINIMUM         44    406 AM  -3    1936  25     19       49
  AVERAGE         59                        35     24       61

PRECIPITATION (IN)
  YESTERDAY        0.00          1.41 1891   0.05  -0.05     0.00
  MONTH TO DATE    T                         0.95  -0.95     0.40
  SINCE DEC 1      2.58                      3.55  -0.97     4.40
  SINCE JAN 1      1.39                      2.02  -0.63     1.16

SNOWFALL (IN)
  YESTERDAY        0.0           3.0  1911   0.2   -0.2      0.0
  MONTH TO DATE    0.0                       4.0   -4.0       T
  SINCE DEC 1      4.5                      13.4   -8.9      5.3
  SINCE JUL 1      4.5                      14.8  -10.3      5.3
  SNOW DEPTH       0

DEGREE DAYS
 HEATING
  YESTERDAY        6                        30    -24        4
  MONTH TO DATE  450                       627   -177      541
  SINCE DEC 1   2528                      2789   -261     2408
  SINCE JUL 1   3112                      3791   -679     3155

 COOLING
  YESTERDAY        0                         0      0        0
  MONTH TO DATE    0                         0      0        0
  SINCE DEC 1      0                         0      0        0
  SINCE JAN 1      0                         0      0        0
..................................................................


WIND (MPH)
  HIGHEST WIND SPEED    20   HIGHEST WIND DIRECTION     S (180)
  HIGHEST GUST SPEED    23   HIGHEST GUST DIRECTION     S (160)
  AVERAGE WIND SPEED    10.1


SKY COVER
  POSSIBLE SUNSHINE  MM
  AVERAGE SKY COVER 0.5


WEATHER CONDITIONS
 THE FOLLOWING WEATHER WAS RECORDED YESTERDAY.
  FOG


RELATIVE HUMIDITY (PERCENT)
 HIGHEST   100           200 AM
 LOWEST     49           300 PM
 AVERAGE    75

..........................................................


THE KANSAS CITY INTERNATIONAL MO CLIMATE NORMALS FOR TODAY
                         NORMAL    RECORD    YEAR
 MAXIMUM TEMPERATURE (F)   45        75      2016
 MINIMUM TEMPERATURE (F)   25         2      1918


SUNRISE AND SUNSET
FEBRUARY 20 2017......SUNRISE   704 AM CST   SUNSET   602 PM CST
FEBRUARY 21 2017......SUNRISE   702 AM CST   SUNSET   603 PM CST


-  INDICATES NEGATIVE NUMBERS.
R  INDICATES RECORD WAS SET OR TIED.
MM INDICATES DATA IS MISSING.
T  INDICATES TRACE AMOUNT.


&&

...MISCELLANEOUS CLIMATE DATA FROM YESTERDAY...

LOCATION                HIGH    LOW      PRECIP
ST. JOSEPH               74      34       0.00
DOWNTOWN KANSAS CITY     77      47       0.00
OLATHE NEW CENTURY       75      40       0.00
OLATHE JO CO EXEC        74      M         0.00
LEES SUMMIT              75      47       0.00
KIRKSVILLE               73      35       0.00
CHILLICOTHE              75      35       0.00
SEDALIA                  79      42       0.00
NWS PLEASANT HILL MO     75      41       0.00


THIS PRODUCT...ALONG WITH OTHER WEATHER...HYDROLOGICAL AND CLIMATE
INFORMATION...IS AVAILABLE ON THE WEB AT HTTP://WWW.WEATHER.GOV/EAX
OR AT HTTP://WEATHER.GOV

$$

JW
