000
CDUS43 KEAX 030033
CLIMCI

CLIMATE REPORT
NATIONAL WEATHER SERVICE KANSAS CITY/PLEASANT HILL MO
732 PM CDT TUE SEP 2 2014


...................................

...THE KANSAS CITY INTERNATIONAL MO CLIMATE SUMMARY FOR SEPTEMBER 2 2014...
VALID TODAY AS OF 0700 PM LOCAL TIME.

CLIMATE NORMAL PERIOD 1981 TO 2010
CLIMATE RECORD PERIOD 1888 TO 2014


WEATHER ITEM   OBSERVED TIME   RECORD YEAR NORMAL DEPARTURE LAST
                VALUE   (LST)  VALUE       VALUE  FROM      YEAR
                                                  NORMAL
..................................................................
TEMPERATURE (F)
 TODAY
  MAXIMUM         82    337 PM 106    2000  84     -2       81
  MINIMUM         63    628 AM  49    1974  63      0       60
  AVERAGE         73                        74     -1       71

PRECIPITATION (IN)
  TODAY            0.00          3.05 1918   0.15  -0.15     0.00
  MONTH TO DATE    0.50                      0.30   0.20     0.81
  SINCE SEP 1      0.50                      0.30   0.20     0.81
  SINCE JAN 1     26.49                     27.70  -1.21    23.48

SNOWFALL (IN)
  TODAY            0.0           0.0    MM   0.0    0.0      0.0
  MONTH TO DATE    0.0                       0.0    0.0      0.0
  SINCE SEP 1      0.0                       0.0    0.0      0.0
  SINCE JUL 1      0.0                       0.0    0.0      0.0
  SNOW DEPTH       0

DEGREE DAYS
 HEATING
  TODAY            0                         0      0        0
  MONTH TO DATE    0                         0      0        0
  SINCE SEP 1      0                         0      0        0
  SINCE JUL 1      2                         2      0        0

 COOLING
  TODAY            8                         9     -1        6
  MONTH TO DATE   16                        18     -2       18
  SINCE SEP 1     16                        18     -2       18
  SINCE JAN 1   1135                      1191    -56     1112
..................................................................


WIND (MPH)
  HIGHEST WIND SPEED    12   HIGHEST WIND DIRECTION    SW (210)
  HIGHEST GUST SPEED    14   HIGHEST GUST DIRECTION     S (200)
  AVERAGE WIND SPEED     3.8


SKY COVER
  POSSIBLE SUNSHINE  MM
  AVERAGE SKY COVER 0.7


WEATHER CONDITIONS
 THE FOLLOWING WEATHER WAS RECORDED TODAY.
  FOG


RELATIVE HUMIDITY (PERCENT)
 HIGHEST   100           200 AM
 LOWEST     62           200 PM
 AVERAGE    81

..........................................................


THE KANSAS CITY INTERNATIONAL MO CLIMATE NORMALS FOR TOMORROW
                         NORMAL    RECORD    YEAR
 MAXIMUM TEMPERATURE (F)   84       109      1947
 MINIMUM TEMPERATURE (F)   63        45      1974


SUNRISE AND SUNSET
SEPTEMBER  2 2014.....SUNRISE   648 AM CDT   SUNSET   748 PM CDT
SEPTEMBER  3 2014.....SUNRISE   649 AM CDT   SUNSET   746 PM CDT


-  INDICATES NEGATIVE NUMBERS.
R  INDICATES RECORD WAS SET OR TIED.
MM INDICATES DATA IS MISSING.
T  INDICATES TRACE AMOUNT.




&&

...MISCELLANEOUS CLIMATE DATA FROM TODAY...

LOCATION                HIGH    LOW      PRECIP
ST. JOSEPH               85      59       0.00
DOWNTOWN KANSAS CITY     84      69       0.00
OLATHE NEW CENTURY       82      67       0.00
OLATHE JO CO EXEC        80      68       0.00
LEES SUMMIT              82      69       0.00
KIRKSVILLE               84      62       0.00
CHILLICOTHE              85      63       0.00
SEDALIA                  81      71       0.00
NWS PLEASANT HILL MO     81      68       0.00


THIS PRODUCT...ALONG WITH OTHER WEATHER...HYDROLOGICAL AND CLIMATE
INFORMATION...IS AVAILABLE ON THE WEB AT HTTP://WWW.CRH.NOAA.GOV/EAX
OR AT HTTP://WEATHER.GOV

$$

JW
