000
CDUS43 KEAX 070700
CLIMCI

CLIMATE REPORT
NATIONAL WEATHER SERVICE KANSAS CITY/PLEASANT HILL MO
158 AM CDT TUE JUL 7 2015


...................................

...THE KANSAS CITY INTERNATIONAL MO CLIMATE SUMMARY FOR JULY 6 2015...

CLIMATE NORMAL PERIOD 1981 TO 2010
CLIMATE RECORD PERIOD 1888 TO 2015


WEATHER ITEM   OBSERVED TIME   RECORD YEAR NORMAL DEPARTURE LAST
                VALUE   (LST)  VALUE       VALUE  FROM      YEAR
                                                  NORMAL
..................................................................
TEMPERATURE (F)
 YESTERDAY
  MAXIMUM         89    116 PM 104    2012  88      1       88
  MINIMUM         67   1159 PM  54    1967  68     -1       72
  AVERAGE         78                        78      0       80

PRECIPITATION (IN)
  YESTERDAY        1.43          5.08 1986   0.16   1.27     0.00
  MONTH TO DATE    2.00                      0.96   1.04     0.07
  SINCE JUN 1      9.58                      6.19   3.39     6.98
  SINCE JAN 1     26.18                     20.02   6.16    15.60

SNOWFALL (IN)
  YESTERDAY        0.0           0.0    MM   0.0    0.0      0.0
  MONTH TO DATE    0.0                       0.0    0.0      0.0
  SINCE JUN 1      0.0                       0.0    0.0      0.0
  SINCE JUL 1      0.0                       0.0    0.0      0.0
  SNOW DEPTH       0

DEGREE DAYS
 HEATING
  YESTERDAY        0                         0      0        0
  MONTH TO DATE    0                         0      0        1
  SINCE JUN 1      3                         9     -6        2
  SINCE JUL 1      0                         0      0        1

 COOLING
  YESTERDAY       13                        13      0       15
  MONTH TO DATE   56                        76    -20       44
  SINCE JUN 1    361                       342     19      321
  SINCE JAN 1    429                       458    -29      482
..................................................................


WIND (MPH)
  HIGHEST WIND SPEED    25   HIGHEST WIND DIRECTION     N (340)
  HIGHEST GUST SPEED    34   HIGHEST GUST DIRECTION     N (340)
  AVERAGE WIND SPEED    11.9


SKY COVER
  POSSIBLE SUNSHINE  MM
  AVERAGE SKY COVER 0.8


WEATHER CONDITIONS
 THE FOLLOWING WEATHER WAS RECORDED YESTERDAY.
  THUNDERSTORM
  HEAVY RAIN
  RAIN
  LIGHT RAIN
  FOG


RELATIVE HUMIDITY (PERCENT)
 HIGHEST   100           500 PM
 LOWEST     68           200 PM
 AVERAGE    84

..........................................................


THE KANSAS CITY INTERNATIONAL MO CLIMATE NORMALS FOR TODAY
                         NORMAL    RECORD    YEAR
 MAXIMUM TEMPERATURE (F)   88       105      2012
                                             1939
 MINIMUM TEMPERATURE (F)   68        55      2004
                                             1908


SUNRISE AND SUNSET
JULY  7 2015..........SUNRISE   559 AM CDT   SUNSET   848 PM CDT
JULY  8 2015..........SUNRISE   600 AM CDT   SUNSET   848 PM CDT


-  INDICATES NEGATIVE NUMBERS.
R  INDICATES RECORD WAS SET OR TIED.
MM INDICATES DATA IS MISSING.
T  INDICATES TRACE AMOUNT.


&&

...MISCELLANEOUS CLIMATE DATA FROM YESTERDAY...

LOCATION                HIGH    LOW      PRECIP
ST. JOSEPH               88      64       1.94
DOWNTOWN KANSAS CITY     91      71       2.04
OLATHE NEW CENTURY       91      70       1.43
OLATHE JO CO EXEC        88      70       1.61
LEES SUMMIT              88      71       0.97
KIRKSVILLE               89      68       0.80
CHILLICOTHE              89      69       1.10
SEDALIA                  90      73       0.12
NWS PLEASANT HILL MO     88      69       0.43


THIS PRODUCT...ALONG WITH OTHER WEATHER...HYDROLOGICAL AND CLIMATE
INFORMATION...IS AVAILABLE ON THE WEB AT HTTP://WWW.WEATHER.GOV/EAX
OR AT HTTP://WEATHER.GOV

$$

JL
