000
CDUS43 KEAX 270044 CCA
CLIMCI

CLIMATE REPORT
NATIONAL WEATHER SERVICE KANSAS CITY/PLEASANT HILL MO
739 PM CDT THU MAR 26 2015 CORRECTED PRECIPITATION


...................................

...THE KANSAS CITY INTERNATIONAL MO CLIMATE SUMMARY FOR MARCH 26 2015...
VALID TODAY AS OF 0700 PM LOCAL TIME.

CLIMATE NORMAL PERIOD 1981 TO 2010
CLIMATE RECORD PERIOD 1888 TO 2015


WEATHER ITEM   OBSERVED TIME   RECORD YEAR NORMAL DEPARTURE LAST
                VALUE   (LST)  VALUE       VALUE  FROM      YEAR
                                                  NORMAL
..................................................................
TEMPERATURE (F)
 TODAY
  MAXIMUM         51    328 PM  85    1991  59     -8       59
                                      1910
  MINIMUM         30    642 AM   7    1955  37     -7       26
  AVERAGE         41                        48     -7       43

PRECIPITATION (IN)
  TODAY            0.00          2.68 1916   0.09  -0.09     0.13
  MONTH TO DATE    0.87                      1.90  -1.03     1.53
  SINCE MAR 1      0.87                      1.90  -1.03     1.53
  SINCE JAN 1      3.05                      4.43  -1.38     3.28

SNOWFALL (IN)
  TODAY            0.0           2.5  1931   0.1   -0.1      0.0
  MONTH TO DATE    T                         1.8   -1.8      3.5
  SINCE MAR 1      T                         1.8   -1.8      3.5
  SINCE JUL 1     14.2                      18.0   -3.8     26.1
  SNOW DEPTH       0

DEGREE DAYS
 HEATING
  TODAY           24                        17      7       22
  MONTH TO DATE  489                       565    -76      694
  SINCE MAR 1    489                       565    -76      694
  SINCE JUL 1   4703                      4610     93     5260

 COOLING
  TODAY            0                         0      0        0
  MONTH TO DATE    2                         0      2        0
  SINCE MAR 1      2                         0      2        0
  SINCE JAN 1      2                         0      2        0
..................................................................


WIND (MPH)
  HIGHEST WIND SPEED    20   HIGHEST WIND DIRECTION     N (350)
  HIGHEST GUST SPEED    24   HIGHEST GUST DIRECTION    NW (330)
  AVERAGE WIND SPEED     9.1


SKY COVER
  POSSIBLE SUNSHINE  MM
  AVERAGE SKY COVER 0.4


WEATHER CONDITIONS
 THE FOLLOWING WEATHER WAS RECORDED TODAY.
  NO SIGNIFICANT WEATHER WAS OBSERVED.


RELATIVE HUMIDITY (PERCENT)
 HIGHEST    92           600 AM
 LOWEST     42           300 PM
 AVERAGE    67

..........................................................


THE KANSAS CITY INTERNATIONAL MO CLIMATE NORMALS FOR TOMORROW
                         NORMAL    RECORD    YEAR
 MAXIMUM TEMPERATURE (F)   59        84      1895
 MINIMUM TEMPERATURE (F)   37        17      1913


SUNRISE AND SUNSET
MARCH 26 2015.........SUNRISE   713 AM CDT   SUNSET   737 PM CDT
MARCH 27 2015.........SUNRISE   712 AM CDT   SUNSET   738 PM CDT


-  INDICATES NEGATIVE NUMBERS.
R  INDICATES RECORD WAS SET OR TIED.
MM INDICATES DATA IS MISSING.
T  INDICATES TRACE AMOUNT.




&&

...MISCELLANEOUS CLIMATE DATA FROM TODAY...

LOCATION                HIGH    LOW      PRECIP
ST. JOSEPH               51      28       0.00
DOWNTOWN KANSAS CITY     53      35       0.00
OLATHE NEW CENTURY       52      30       0.00
OLATHE JO CO EXEC        52      34       0.00
LEES SUMMIT              52      34       0.00
KIRKSVILLE               51      31       0.00
CHILLICOTHE              52      32       0.00
SEDALIA                  51      37       0.04
NWS PLEASANT HILL MO     51      33       T


THIS PRODUCT...ALONG WITH OTHER WEATHER...HYDROLOGICAL AND CLIMATE
INFORMATION...IS AVAILABLE ON THE WEB AT HTTP://WWW.CRH.NOAA.GOV/EAX
OR AT HTTP://WEATHER.GOV

$$

JW
