000
CDUS43 KEAX 260650
CLIMCI

CLIMATE REPORT
NATIONAL WEATHER SERVICE KANSAS CITY/PLEASANT HILL MO
135 AM CDT TUE MAY 26 2015


...................................

...THE KANSAS CITY INTERNATIONAL MO CLIMATE SUMMARY FOR MAY 25 2015...

CLIMATE NORMAL PERIOD 1981 TO 2010
CLIMATE RECORD PERIOD 1888 TO 2015


WEATHER ITEM   OBSERVED TIME   RECORD YEAR NORMAL DEPARTURE LAST
                VALUE   (LST)  VALUE       VALUE  FROM      YEAR
                                                  NORMAL
..................................................................
TEMPERATURE (F)
 YESTERDAY
  MAXIMUM         80    433 PM  92    1967  77      3       85
                                      1953
  MINIMUM         58    506 AM  39    1925  57      1       64
  AVERAGE         69                        67      2       75

PRECIPITATION (IN)
  YESTERDAY        0.75          1.56 1963   0.17   0.58     0.02
  MONTH TO DATE    9.30                      4.23   5.07     1.06
  SINCE MAR 1     13.47                     10.30   3.17     6.60
  SINCE JAN 1     15.65                     12.83   2.82     8.35

SNOWFALL (IN)
  YESTERDAY        0.0           0.0    MM   0.0    0.0      0.0
  MONTH TO DATE    0.0                       0.0    0.0      0.0
  SINCE MAR 1      T                         2.6   -2.6      3.6
  SINCE JUL 1     14.2                      18.8   -4.6     26.2
  SNOW DEPTH       0

DEGREE DAYS
 HEATING
  YESTERDAY        0                         2     -2        0
  MONTH TO DATE   89                        95     -6      113
  SINCE MAR 1    895                      1070   -175     1219
  SINCE JUL 1   5109                      5115     -6     5785

 COOLING
  YESTERDAY        4                         4      0       10
  MONTH TO DATE   49                        59    -10       90
  SINCE MAR 1     58                        87    -29       99
  SINCE JAN 1     58                        87    -29       99
..................................................................


WIND (MPH)
  HIGHEST WIND SPEED    31   HIGHEST WIND DIRECTION    SW (210)
  HIGHEST GUST SPEED    39   HIGHEST GUST DIRECTION    SW (210)
  AVERAGE WIND SPEED    11.0


SKY COVER
  POSSIBLE SUNSHINE  MM
  AVERAGE SKY COVER 0.7


WEATHER CONDITIONS
 THE FOLLOWING WEATHER WAS RECORDED YESTERDAY.
  THUNDERSTORM
  HEAVY RAIN
  RAIN
  LIGHT RAIN
  FOG


RELATIVE HUMIDITY (PERCENT)
 HIGHEST   100          1200 AM
 LOWEST     62           500 PM
 AVERAGE    81

..........................................................


THE KANSAS CITY INTERNATIONAL MO CLIMATE NORMALS FOR TODAY
                         NORMAL    RECORD    YEAR
 MAXIMUM TEMPERATURE (F)   78        92      1985
 MINIMUM TEMPERATURE (F)   57        42      1992


SUNRISE AND SUNSET
MAY 26 2015...........SUNRISE   557 AM CDT   SUNSET   835 PM CDT
MAY 27 2015...........SUNRISE   557 AM CDT   SUNSET   836 PM CDT


-  INDICATES NEGATIVE NUMBERS.
R  INDICATES RECORD WAS SET OR TIED.
MM INDICATES DATA IS MISSING.
T  INDICATES TRACE AMOUNT.



&&

...MISCELLANEOUS CLIMATE DATA FROM YESTERDAY...

LOCATION                HIGH    LOW      PRECIP
ST. JOSEPH               80      60       0.64
DOWNTOWN KANSAS CITY     83      61       0.19
OLATHE NEW CENTURY       81      59       0.36
OLATHE JO CO EXEC        80      58       0.21
LEES SUMMIT              81      60       0.04
KIRKSVILLE               79      61       0.12
CHILLICOTHE              80      63       0.20
SEDALIA                  83      62       0.19
NWS PLEASANT HILL MO     80      M  9       0.06


THIS PRODUCT...ALONG WITH OTHER WEATHER...HYDROLOGICAL AND CLIMATE
INFORMATION...IS AVAILABLE ON THE WEB AT HTTP://WWW.CRH.NOAA.GOV/EAX
OR AT HTTP://WEATHER.GOV

$$

73
