000
CDUS43 KEAX 160633
CLIMCI

CLIMATE REPORT
NATIONAL WEATHER SERVICE KANSAS CITY/PLEASANT HILL MO
1232 AM CST MON JAN 16 2017


...................................

...THE KANSAS CITY INTERNATIONAL MO CLIMATE SUMMARY FOR JANUARY 15 2017...

CLIMATE NORMAL PERIOD 1981 TO 2010
CLIMATE RECORD PERIOD 1888 TO 2017


WEATHER ITEM   OBSERVED TIME   RECORD YEAR NORMAL DEPARTURE LAST
                VALUE   (LST)  VALUE       VALUE  FROM      YEAR
                                                  NORMAL
..................................................................
TEMPERATURE (F)
 YESTERDAY
  MAXIMUM         33   1159 PM  66    2006  38     -5       41
  MINIMUM         30    829 AM -10    1979  19     11       22
  AVERAGE         32                        28      4       32

PRECIPITATION (IN)
  YESTERDAY        0.16          0.60 1889   0.03   0.13     0.00
  MONTH TO DATE    0.65                      0.46   0.19     0.60
  SINCE DEC 1      1.84                      1.99  -0.15     3.84
  SINCE JAN 1      0.65                      0.46   0.19     0.60

SNOWFALL (IN)
  YESTERDAY        0.0           4.3  1898   0.2   -0.2      0.0
  MONTH TO DATE    2.2                       2.1    0.1       T
  SINCE DEC 1      4.5                       6.9   -2.4      2.5
  SINCE JUL 1      4.5                       8.3   -3.8      2.5
  SNOW DEPTH       0

DEGREE DAYS
 HEATING
  YESTERDAY       33                        36     -3       33
  MONTH TO DATE  587                       540     47      519
  SINCE DEC 1   1660                      1580     80     1295
  SINCE JUL 1   2244                      2582   -338     2042

 COOLING
  YESTERDAY        0                         0      0        0
  MONTH TO DATE    0                         0      0        0
  SINCE DEC 1      0                         0      0        0
  SINCE JAN 1      0                         0      0        0
..................................................................


WIND (MPH)
  HIGHEST WIND SPEED    14   HIGHEST WIND DIRECTION     E (110)
  HIGHEST GUST SPEED    18   HIGHEST GUST DIRECTION     E (90)
  AVERAGE WIND SPEED     8.5


SKY COVER
  POSSIBLE SUNSHINE  MM
  AVERAGE SKY COVER 1.0


WEATHER CONDITIONS
 THE FOLLOWING WEATHER WAS RECORDED YESTERDAY.
  LIGHT RAIN
  LT FREEZING RAIN
  FOG


RELATIVE HUMIDITY (PERCENT)
 HIGHEST    92           800 AM
 LOWEST     78          1200 AM
 AVERAGE    85

..........................................................


THE KANSAS CITY INTERNATIONAL MO CLIMATE NORMALS FOR TODAY
                         NORMAL    RECORD    YEAR
 MAXIMUM TEMPERATURE (F)   38        69      1952
 MINIMUM TEMPERATURE (F)   19       -13      1977


SUNRISE AND SUNSET
JANUARY 16 2017.......SUNRISE   736 AM CST   SUNSET   521 PM CST
JANUARY 17 2017.......SUNRISE   736 AM CST   SUNSET   522 PM CST


-  INDICATES NEGATIVE NUMBERS.
R  INDICATES RECORD WAS SET OR TIED.
MM INDICATES DATA IS MISSING.
T  INDICATES TRACE AMOUNT.


&&

...MISCELLANEOUS CLIMATE DATA FROM YESTERDAY...

LOCATION                HIGH    LOW      PRECIP
ST. JOSEPH               32      29       0.20
DOWNTOWN KANSAS CITY     33      30       0.05
OLATHE NEW CENTURY       33      29       0.16
OLATHE JO CO EXEC        32      28       0.14
LEES SUMMIT              33      29       0.17
KIRKSVILLE               31      24       0.04
CHILLICOTHE              32      27       0.07
SEDALIA                  35      31       0.38
NWS PLEASANT HILL MO     33      29       0.11


THIS PRODUCT...ALONG WITH OTHER WEATHER...HYDROLOGICAL AND CLIMATE
INFORMATION...IS AVAILABLE ON THE WEB AT HTTP://WWW.WEATHER.GOV/EAX
OR AT HTTP://WEATHER.GOV

$$

JW
