000
CDUS43 KEAX 120636
CLIMCI

CLIMATE REPORT
NATIONAL WEATHER SERVICE KANSAS CITY/PLEASANT HILL MO
1234 AM CST FRI JAN 12 2018


...................................

...THE KANSAS CITY INTERNATIONAL MO CLIMATE SUMMARY FOR JANUARY 11 2018...

CLIMATE NORMAL PERIOD 1981 TO 2010
CLIMATE RECORD PERIOD 1888 TO 2018


WEATHER ITEM   OBSERVED TIME   RECORD YEAR NORMAL DEPARTURE LAST
                VALUE   (LST)  VALUE       VALUE  FROM      YEAR
                                                  NORMAL
..................................................................
TEMPERATURE (F)
 YESTERDAY
  MAXIMUM         51   1252 AM  65    1960  38     13       63
                                      1911
  MINIMUM         11   1159 PM -16    1918  19     -8       22
  AVERAGE         31                        28      3       43

PRECIPITATION (IN)
  YESTERDAY        0.21          0.68 1949   0.03   0.18     0.00
  MONTH TO DATE    0.39                      0.35   0.04     0.39
  SINCE DEC 1      0.58                      1.88  -1.30     1.58
  SINCE JAN 1      0.39                      0.35   0.04     0.39

SNOWFALL (IN)
  YESTERDAY        0.4           3.6  1963   0.1    0.3      0.0
  MONTH TO DATE    0.4                       1.5   -1.1      2.2
  SINCE DEC 1      2.6                       6.3   -3.7      4.5
  SINCE JUL 1      2.6                       7.7   -5.1      4.5
  SNOW DEPTH       0

DEGREE DAYS
 HEATING
  YESTERDAY       34                        36     -2       22
  MONTH TO DATE  450                       396     54      435
  SINCE DEC 1   1461                      1436     25     1508
  SINCE JUL 1   2341                      2438    -97     2092

 COOLING
  YESTERDAY        0                         0      0        0
  MONTH TO DATE    0                         0      0        0
  SINCE DEC 1      0                         0      0        0
  SINCE JAN 1      0                         0      0        0
..................................................................


WIND (MPH)
  HIGHEST WIND SPEED    28   HIGHEST WIND DIRECTION    NW (330)
  HIGHEST GUST SPEED    35   HIGHEST GUST DIRECTION     N (340)
  AVERAGE WIND SPEED    15.5


SKY COVER
  POSSIBLE SUNSHINE  MM
  AVERAGE SKY COVER 0.7


WEATHER CONDITIONS
 THE FOLLOWING WEATHER WAS RECORDED YESTERDAY.
  LIGHT RAIN
  LT FREEZING RAIN
  SNOW
  LIGHT SNOW
  SLEET
  FOG
  FOG W/VISIBILITY <= 1/4 MILE


RELATIVE HUMIDITY (PERCENT)
 HIGHEST   100           400 AM
 LOWEST     70          1000 PM
 AVERAGE    85

..........................................................


THE KANSAS CITY INTERNATIONAL MO CLIMATE NORMALS FOR TODAY
                         NORMAL    RECORD    YEAR
 MAXIMUM TEMPERATURE (F)   38        69      1960
 MINIMUM TEMPERATURE (F)   19       -20      1912


SUNRISE AND SUNSET
JANUARY 12 2018.......SUNRISE   738 AM CST   SUNSET   517 PM CST
JANUARY 13 2018.......SUNRISE   738 AM CST   SUNSET   518 PM CST


-  INDICATES NEGATIVE NUMBERS.
R  INDICATES RECORD WAS SET OR TIED.
MM INDICATES DATA IS MISSING.
T  INDICATES TRACE AMOUNT.


&&

...MISCELLANEOUS CLIMATE DATA FROM YESTERDAY...

LOCATION                HIGH    LOW      PRECIP
ST. JOSEPH               52      11       0.17
DOWNTOWN KANSAS CITY     53      14       0.23
OLATHE NEW CENTURY       50      11       0.28
OLATHE JO CO EXEC        50      11       0.36
LEES SUMMIT              52      12       0.33
KIRKSVILLE               52      12       0.42
CHILLICOTHE              51      13       0.29
SEDALIA                  58      15       0.15
NWS PLEASANT HILL MO     52      12       0.40


THIS PRODUCT...ALONG WITH OTHER WEATHER...HYDROLOGICAL AND CLIMATE
INFORMATION...IS AVAILABLE ON THE WEB AT HTTP://WWW.WEATHER.GOV/EAX
OR AT HTTP://WEATHER.GOV

$$

73
