000
CDUS43 KEAX 120633
CLIMCI

CLIMATE REPORT
NATIONAL WEATHER SERVICE KANSAS CITY/PLEASANT HILL MO
1232 AM CST SUN NOV 12 2017


...................................

...THE KANSAS CITY INTERNATIONAL MO CLIMATE SUMMARY FOR NOVEMBER 11 2017...

CLIMATE NORMAL PERIOD 1981 TO 2010
CLIMATE RECORD PERIOD 1888 TO 2017


WEATHER ITEM   OBSERVED TIME   RECORD YEAR NORMAL DEPARTURE LAST
                VALUE   (LST)  VALUE       VALUE  FROM      YEAR
                                                  NORMAL
..................................................................
TEMPERATURE (F)
 YESTERDAY
  MAXIMUM         50    119 PM  81    1949  56     -6       59
  MINIMUM         34   1246 AM   9    1986  36     -2       38
  AVERAGE         42                        46     -4       49

PRECIPITATION (IN)
  YESTERDAY        0.14          1.16 2012   0.07   0.07     0.00
  MONTH TO DATE    0.16                      0.86  -0.70     0.31
  SINCE SEP 1      7.83                      8.64  -0.81     7.83
  SINCE JAN 1     45.72                     36.04   9.68    47.26

SNOWFALL (IN)
  YESTERDAY        0.0           0.2  1911   0.0    0.0      0.0
  MONTH TO DATE    0.0                       0.2   -0.2      0.0
  SINCE SEP 1      T                         0.4   -0.4      0.0
  SINCE JUL 1      T                         0.4   -0.4      0.0
  SNOW DEPTH       0

DEGREE DAYS
 HEATING
  YESTERDAY       23                        19      4       16
  MONTH TO DATE  264                       184     80       87
  SINCE SEP 1    541                       542     -1      252
  SINCE JUL 1    545                       544      1      252

 COOLING
  YESTERDAY        0                         0      0        0
  MONTH TO DATE    0                         0      0        7
  SINCE SEP 1    247                       185     62      282
  SINCE JAN 1   1325                      1358    -33     1579
..................................................................


WIND (MPH)
  HIGHEST WIND SPEED    16   HIGHEST WIND DIRECTION    SE (150)
  HIGHEST GUST SPEED    21   HIGHEST GUST DIRECTION     S (160)
  AVERAGE WIND SPEED     9.2


SKY COVER
  POSSIBLE SUNSHINE  MM
  AVERAGE SKY COVER 1.0


WEATHER CONDITIONS
 THE FOLLOWING WEATHER WAS RECORDED YESTERDAY.
  LIGHT RAIN
  FOG
  HAZE


RELATIVE HUMIDITY (PERCENT)
 HIGHEST   100           300 PM
 LOWEST     52          1200 AM
 AVERAGE    76

..........................................................


THE KANSAS CITY INTERNATIONAL MO CLIMATE NORMALS FOR TODAY
                         NORMAL    RECORD    YEAR
 MAXIMUM TEMPERATURE (F)   55        77      2005
                                             1944
 MINIMUM TEMPERATURE (F)   36         6      1911


SUNRISE AND SUNSET
NOVEMBER 12 2017......SUNRISE   659 AM CST   SUNSET   506 PM CST
NOVEMBER 13 2017......SUNRISE   701 AM CST   SUNSET   505 PM CST


-  INDICATES NEGATIVE NUMBERS.
R  INDICATES RECORD WAS SET OR TIED.
MM INDICATES DATA IS MISSING.
T  INDICATES TRACE AMOUNT.


&&

...MISCELLANEOUS CLIMATE DATA FROM YESTERDAY...

LOCATION                HIGH    LOW      PRECIP
ST. JOSEPH               49      37       0.09
DOWNTOWN KANSAS CITY     52      36       T
OLATHE NEW CENTURY       49      35       0.14
OLATHE JO CO EXEC        48      34       0.04
LEES SUMMIT              52      35       0.08
KIRKSVILLE               53      34       0.01
CHILLICOTHE              52      36       0.02
SEDALIA                  58      31       0.00
NWS PLEASANT HILL MO     52      33       0.15


THIS PRODUCT...ALONG WITH OTHER WEATHER...HYDROLOGICAL AND CLIMATE
INFORMATION...IS AVAILABLE ON THE WEB AT HTTP://WWW.WEATHER.GOV/EAX
OR AT HTTP://WEATHER.GOV

$$

JW
