000
CDUS43 KEAX 260639
CLIMCI

CLIMATE REPORT
NATIONAL WEATHER SERVICE KANSAS CITY/PLEASANT HILL MO
137 AM CDT THU MAR 26 2015


...................................

...THE KANSAS CITY INTERNATIONAL MO CLIMATE SUMMARY FOR MARCH 25 2015...

CLIMATE NORMAL PERIOD 1981 TO 2010
CLIMATE RECORD PERIOD 1888 TO 2015


WEATHER ITEM   OBSERVED TIME   RECORD YEAR NORMAL DEPARTURE LAST
                VALUE   (LST)  VALUE       VALUE  FROM      YEAR
                                                  NORMAL
..................................................................
TEMPERATURE (F)
 YESTERDAY
  MAXIMUM         50    207 PM  90    1907  59     -9       41
  MINIMUM         39   1159 PM   9    1955  36      3       23
  AVERAGE         45                        48     -3       32

PRECIPITATION (IN)
  YESTERDAY        0.17          1.84 1959   0.08   0.09     0.00
  MONTH TO DATE    0.87                      1.81  -0.94     1.40
  SINCE MAR 1      0.87                      1.81  -0.94     1.40
  SINCE JAN 1      3.05                      4.34  -1.29     3.15

SNOWFALL (IN)
  YESTERDAY        0.0           1.7  1955   0.0    0.0      0.0
  MONTH TO DATE    T                         1.7   -1.7      3.5
  SINCE MAR 1      T                         1.7   -1.7      3.5
  SINCE JUL 1     14.2                      17.9   -3.7     26.1
  SNOW DEPTH       0

DEGREE DAYS
 HEATING
  YESTERDAY       20                        18      2       33
  MONTH TO DATE  465                       548    -83      672
  SINCE MAR 1    465                       548    -83      672
  SINCE JUL 1   4679                      4593     86     5238

 COOLING
  YESTERDAY        0                         0      0        0
  MONTH TO DATE    2                         0      2        0
  SINCE MAR 1      2                         0      2        0
  SINCE JAN 1      2                         0      2        0
..................................................................


WIND (MPH)
  HIGHEST WIND SPEED    24   HIGHEST WIND DIRECTION    NE (30)
  HIGHEST GUST SPEED    27   HIGHEST GUST DIRECTION     N (10)
  AVERAGE WIND SPEED    10.1


SKY COVER
  POSSIBLE SUNSHINE  MM
  AVERAGE SKY COVER 1.0


WEATHER CONDITIONS
 THE FOLLOWING WEATHER WAS RECORDED YESTERDAY.
  RAIN
  LIGHT RAIN
  FOG
  FOG W/VISIBILITY <= 1/4 MILE


RELATIVE HUMIDITY (PERCENT)
 HIGHEST   100           100 AM
 LOWEST     74           100 PM
 AVERAGE    87

..........................................................


THE KANSAS CITY INTERNATIONAL MO CLIMATE NORMALS FOR TODAY
                         NORMAL    RECORD    YEAR
 MAXIMUM TEMPERATURE (F)   59        85      1991
                                             1910
 MINIMUM TEMPERATURE (F)   37         7      1955


SUNRISE AND SUNSET
MARCH 26 2015.........SUNRISE   713 AM CDT   SUNSET   737 PM CDT
MARCH 27 2015.........SUNRISE   712 AM CDT   SUNSET   738 PM CDT


-  INDICATES NEGATIVE NUMBERS.
R  INDICATES RECORD WAS SET OR TIED.
MM INDICATES DATA IS MISSING.
T  INDICATES TRACE AMOUNT.



&&

...MISCELLANEOUS CLIMATE DATA FROM YESTERDAY...

LOCATION                HIGH    LOW      PRECIP
ST. JOSEPH               48      37       0.13
DOWNTOWN KANSAS CITY     57      42       0.11
OLATHE NEW CENTURY       59      39       0.01
OLATHE JO CO EXEC        58      41       0.02
LEES SUMMIT              55      41       0.01
KIRKSVILLE               47      36       0.10
CHILLICOTHE              49      38       0.16
SEDALIA                  59      40       0.28
NWS PLEASANT HILL MO     52      40       0.07


THIS PRODUCT...ALONG WITH OTHER WEATHER...HYDROLOGICAL AND CLIMATE
INFORMATION...IS AVAILABLE ON THE WEB AT HTTP://WWW.CRH.NOAA.GOV/EAX
OR AT HTTP://WEATHER.GOV

$$
