918
CDUS43 KEAX 060037
CLIMCI

CLIMATE REPORT
NATIONAL WEATHER SERVICE KANSAS CITY/PLEASANT HILL MO
636 PM CST FRI FEB 5 2016


...................................

...THE KANSAS CITY INTERNATIONAL MO CLIMATE SUMMARY FOR FEBRUARY 5 2016...
VALID TODAY AS OF 0600 PM LOCAL TIME.

CLIMATE NORMAL PERIOD 1981 TO 2010
CLIMATE RECORD PERIOD 1888 TO 2016


WEATHER ITEM   OBSERVED TIME   RECORD YEAR NORMAL DEPARTURE LAST
                VALUE   (LST)  VALUE       VALUE  FROM      YEAR
                                                  NORMAL
..................................................................
TEMPERATURE (F)
 TODAY
  MAXIMUM         41    401 PM  67    1963  40      1       28
                                      1938
  MINIMUM         21    722 AM -14    1982  21      0        2
  AVERAGE         31                        31      0       15

PRECIPITATION (IN)
  TODAY            0.00          1.05 2008   0.05  -0.05     0.00
  MONTH TO DATE    0.40                      0.23   0.17     0.39
  SINCE DEC 1      4.40                      2.83   1.57     3.43
  SINCE JAN 1      1.16                      1.30  -0.14     1.59

SNOWFALL (IN)
  TODAY            0.0           7.5  2004   0.2   -0.2      0.0
  MONTH TO DATE    0.0                       1.0   -1.0      3.3
  SINCE DEC 1      5.3                      10.4   -5.1      8.2
  SINCE JUL 1      5.3                      11.8   -6.5      8.7
  SNOW DEPTH       0

DEGREE DAYS
 HEATING
  TODAY           34                        34      0       50
  MONTH TO DATE  150                       174    -24      221
  SINCE DEC 1   2017                      2336   -319     2202
  SINCE JUL 1   2764                      3338   -574     3323

 COOLING
  TODAY            0                         0      0        0
  MONTH TO DATE    0                         0      0        0
  SINCE DEC 1      0                         0      0        0
  SINCE JAN 1      0                         0      0        0
..................................................................


WIND (MPH)
  HIGHEST WIND SPEED    12   HIGHEST WIND DIRECTION     S (160)
  HIGHEST GUST SPEED    15   HIGHEST GUST DIRECTION     S (170)
  AVERAGE WIND SPEED     5.4


SKY COVER
  POSSIBLE SUNSHINE  MM
  AVERAGE SKY COVER 0.6


WEATHER CONDITIONS
 THE FOLLOWING WEATHER WAS RECORDED TODAY.
  FOG


RELATIVE HUMIDITY (PERCENT)
 HIGHEST    88           200 AM
 LOWEST     45           300 PM
 AVERAGE    67

..........................................................


THE KANSAS CITY INTERNATIONAL MO CLIMATE NORMALS FOR TOMORROW
                         NORMAL    RECORD    YEAR
 MAXIMUM TEMPERATURE (F)   41        70      1904
 MINIMUM TEMPERATURE (F)   21       -19      1982


SUNRISE AND SUNSET
FEBRUARY  5 2016......SUNRISE   722 AM CST   SUNSET   544 PM CST
FEBRUARY  6 2016......SUNRISE   721 AM CST   SUNSET   545 PM CST


-  INDICATES NEGATIVE NUMBERS.
R  INDICATES RECORD WAS SET OR TIED.
MM INDICATES DATA IS MISSING.
T  INDICATES TRACE AMOUNT.


&&

...MISCELLANEOUS CLIMATE DATA FROM TODAY...

LOCATION                HIGH    LOW      PRECIP
ST. JOSEPH               39      19       0.00
DOWNTOWN KANSAS CITY     44      24       0.00
OLATHE NEW CENTURY       43      20       0.00
OLATHE JO CO EXEC        43      23       0.00
LEES SUMMIT              42      23       0.00
KIRKSVILLE               36      18       0.00
CHILLICOTHE              38      22       0.00
SEDALIA                  46      23       0.00
NWS PLEASANT HILL MO     43      21       0.00


THIS PRODUCT...ALONG WITH OTHER WEATHER...HYDROLOGICAL AND CLIMATE
INFORMATION...IS AVAILABLE ON THE WEB AT HTTP://WWW.WEATHER.GOV/EAX
OR AT HTTP://WEATHER.GOV

$$

PM
