000
CDUS43 KEAX 242123
CLIMCI

CLIMATE REPORT
NATIONAL WEATHER SERVICE KANSAS CITY/PLEASANT HILL MO
422 PM CDT SUN MAY 24 2015


...................................

...THE KANSAS CITY INTERNATIONAL MO CLIMATE SUMMARY FOR MAY 24 2015...
VALID AS OF 0400 PM LOCAL TIME.

CLIMATE NORMAL PERIOD 1981 TO 2010
CLIMATE RECORD PERIOD 1888 TO 2015


WEATHER ITEM   OBSERVED TIME   RECORD YEAR NORMAL DEPARTURE LAST
                VALUE   (LST)  VALUE       VALUE  FROM      YEAR
                                                  NORMAL
..................................................................
TEMPERATURE (F)
 TODAY
  MAXIMUM         70    226 PM  97    1939  77     -7       72
  MINIMUM         61    444 AM  41    1925  57      4       60
  AVERAGE         66                        67     -1       66

PRECIPITATION (IN)
  TODAY            0.60          2.63 1902   0.17   0.43     0.25
  MONTH TO DATE    8.46                      4.06   4.40     1.04
  SINCE MAR 1     12.63                     10.13   2.50     6.58
  SINCE JAN 1     14.81                     12.66   2.15     8.33

SNOWFALL (IN)
  TODAY            0.0           0.0    MM   0.0    0.0      0.0
  MONTH TO DATE    0.0                       0.0    0.0      0.0
  SINCE MAR 1      T                         2.6   -2.6      3.6
  SINCE JUL 1     14.2                      18.8   -4.6     26.2
  SNOW DEPTH       0

DEGREE DAYS
 HEATING
  TODAY            0                         2     -2        0
  MONTH TO DATE   89                        93     -4      113
  SINCE MAR 1    895                      1068   -173     1219
  SINCE JUL 1   5109                      5113     -4     5785

 COOLING
  TODAY            1                         4     -3        1
  MONTH TO DATE   45                        55    -10       80
  SINCE MAR 1     54                        83    -29       89
  SINCE JAN 1     54                        83    -29       89
..................................................................


WIND (MPH)
  HIGHEST WIND SPEED    21   HIGHEST WIND DIRECTION     E (110)
  HIGHEST GUST SPEED    25   HIGHEST GUST DIRECTION     E (110)
  AVERAGE WIND SPEED    11.6


SKY COVER
  POSSIBLE SUNSHINE  MM
  AVERAGE SKY COVER 1.0


WEATHER CONDITIONS
 THE FOLLOWING WEATHER WAS RECORDED TODAY.
  HEAVY RAIN
  RAIN
  LIGHT RAIN
  FOG


RELATIVE HUMIDITY (PERCENT)
 HIGHEST   100          1200 AM
 LOWEST     84           100 PM
 AVERAGE    92

..........................................................


THE KANSAS CITY INTERNATIONAL MO CLIMATE NORMALS FOR TOMORROW
                         NORMAL    RECORD    YEAR
 MAXIMUM TEMPERATURE (F)   77        92      1967
                                             1953
 MINIMUM TEMPERATURE (F)   57        39      1925


SUNRISE AND SUNSET
MAY 24 2015...........SUNRISE   559 AM CDT   SUNSET   833 PM CDT
MAY 25 2015...........SUNRISE   558 AM CDT   SUNSET   834 PM CDT


-  INDICATES NEGATIVE NUMBERS.
R  INDICATES RECORD WAS SET OR TIED.
MM INDICATES DATA IS MISSING.
T  INDICATES TRACE AMOUNT.




&&

...MISCELLANEOUS CLIMATE DATA FROM TODAY...

LOCATION                HIGH    LOW      PRECIP
ST. JOSEPH               71      61       0.39
DOWNTOWN KANSAS CITY     72      63       0.19
OLATHE NEW CENTURY       71      62       0.19
OLATHE JO CO EXEC        71      62       0.31
LEES SUMMIT              69      61       0.24
KIRKSVILLE               73      59       0.93
CHILLICOTHE              72      61       0.72
SEDALIA                  78      61       0.42
NWS PLEASANT HILL MO     68      60       0.39


THIS PRODUCT...ALONG WITH OTHER WEATHER...HYDROLOGICAL AND CLIMATE
INFORMATION...IS AVAILABLE ON THE WEB AT HTTP://WWW.CRH.NOAA.GOV/EAX
OR AT HTTP://WEATHER.GOV

$$
