000
CDUS43 KEAX 110647
CLIMCI

CLIMATE REPORT
NATIONAL WEATHER SERVICE KANSAS CITY/PLEASANT HILL MO
1245 AM CST WED JAN 11 2017


...................................

...THE KANSAS CITY INTERNATIONAL MO CLIMATE SUMMARY FOR JANUARY 10 2017...

CLIMATE NORMAL PERIOD 1981 TO 2010
CLIMATE RECORD PERIOD 1888 TO 2017


WEATHER ITEM   OBSERVED TIME   RECORD YEAR NORMAL DEPARTURE LAST
                VALUE   (LST)  VALUE       VALUE  FROM      YEAR
                                                  NORMAL
..................................................................
TEMPERATURE (F)
 YESTERDAY
  MAXIMUM         55    849 AM  65    1911  38     17       20
  MINIMUM         26    746 PM -17    1982  19      7        2
  AVERAGE         41                        28     13       11

PRECIPITATION (IN)
  YESTERDAY        0.01          0.93 1975   0.03  -0.02     0.00
  MONTH TO DATE    0.39                      0.32   0.07     0.60
  SINCE DEC 1      1.58                      1.85  -0.27     3.84
  SINCE JAN 1      0.39                      0.32   0.07     0.60

SNOWFALL (IN)
  YESTERDAY        0.0           7.2  2011   0.1   -0.1      0.0
  MONTH TO DATE    2.2                       1.4    0.8       T
  SINCE DEC 1      4.5                       6.2   -1.7      2.5
  SINCE JUL 1      4.5                       7.6   -3.1      2.5
  SNOW DEPTH       0

DEGREE DAYS
 HEATING
  YESTERDAY       24                        36    -12       54
  MONTH TO DATE  413                       360     53      361
  SINCE DEC 1   1486                      1400     86     1137
  SINCE JUL 1   2070                      2402   -332     1884

 COOLING
  YESTERDAY        0                         0      0        0
  MONTH TO DATE    0                         0      0        0
  SINCE DEC 1      0                         0      0        0
  SINCE JAN 1      0                         0      0        0
..................................................................


WIND (MPH)
  HIGHEST WIND SPEED    31   HIGHEST WIND DIRECTION     W (280)
  HIGHEST GUST SPEED    42   HIGHEST GUST DIRECTION     W (280)
  AVERAGE WIND SPEED    14.9


SKY COVER
  POSSIBLE SUNSHINE  MM
  AVERAGE SKY COVER 0.5


WEATHER CONDITIONS
 THE FOLLOWING WEATHER WAS RECORDED YESTERDAY.
  LIGHT RAIN


RELATIVE HUMIDITY (PERCENT)
 HIGHEST    82           100 AM
 LOWEST     54           900 AM
 AVERAGE    68

..........................................................


THE KANSAS CITY INTERNATIONAL MO CLIMATE NORMALS FOR TODAY
                         NORMAL    RECORD    YEAR
 MAXIMUM TEMPERATURE (F)   38        65      1960
                                             1911
 MINIMUM TEMPERATURE (F)   19       -16      1918


SUNRISE AND SUNSET
JANUARY 11 2017.......SUNRISE   738 AM CST   SUNSET   516 PM CST
JANUARY 12 2017.......SUNRISE   738 AM CST   SUNSET   517 PM CST


-  INDICATES NEGATIVE NUMBERS.
R  INDICATES RECORD WAS SET OR TIED.
MM INDICATES DATA IS MISSING.
T  INDICATES TRACE AMOUNT.


&&

...MISCELLANEOUS CLIMATE DATA FROM YESTERDAY...

LOCATION                HIGH    LOW      PRECIP
ST. JOSEPH               M       33       0.06
DOWNTOWN KANSAS CITY     59      30       0.01
OLATHE NEW CENTURY       56      30       T
OLATHE JO CO EXEC        56      30       T
LEES SUMMIT              59      35       T
KIRKSVILLE               56      22       0.08
CHILLICOTHE              56      24       0.05
SEDALIA                  64      30       0.00
NWS PLEASANT HILL MO     56      33       T


THIS PRODUCT...ALONG WITH OTHER WEATHER...HYDROLOGICAL AND CLIMATE
INFORMATION...IS AVAILABLE ON THE WEB AT HTTP://WWW.WEATHER.GOV/EAX
OR AT HTTP://WEATHER.GOV

$$
