000
CDUS43 KEAX 071906
CLIMCI

CLIMATE REPORT
NATIONAL WEATHER SERVICE KANSAS CITY/PLEASANT HILL MO
1259 PM CST SAT JAN 7 2017


...................................

...THE KANSAS CITY INTERNATIONAL MO CLIMATE SUMMARY FOR JANUARY 6 2017...

CLIMATE NORMAL PERIOD 1981 TO 2010
CLIMATE RECORD PERIOD 1888 TO 2017


WEATHER ITEM   OBSERVED TIME   RECORD YEAR NORMAL DEPARTURE LAST
                VALUE   (LST)  VALUE       VALUE  FROM      YEAR
                                                  NORMAL
..................................................................
TEMPERATURE (F)
 YESTERDAY
  MAXIMUM         13    353 PM  64    1939  38    -25       37
  MINIMUM         -4    622 AM -13    1912  20    -24       31
  AVERAGE          5                        29    -24       34

PRECIPITATION (IN)
  YESTERDAY        0.00          0.45 1916   0.03  -0.03     0.03
  MONTH TO DATE    0.38                      0.20   0.18     0.03
  SINCE DEC 1      1.57                      1.73  -0.16     3.27
  SINCE JAN 1      0.38                      0.20   0.18     0.03

SNOWFALL (IN)
  YESTERDAY        0.0           5.0  1916   0.1   -0.1       T
  MONTH TO DATE    2.2                       0.8    1.4       T
  SINCE DEC 1      4.5                       5.6   -1.1      2.5
  SINCE JUL 1      4.5                       7.0   -2.5      2.5
  SNOW DEPTH       2

DEGREE DAYS
 HEATING
  YESTERDAY       60                        36     24       31
  MONTH TO DATE  259                       216     43      212
  SINCE DEC 1   1332                      1256     76      988
  SINCE JUL 1   1916                      2258   -342     1735

 COOLING
  YESTERDAY        0                         0      0        0
  MONTH TO DATE    0                         0      0        0
  SINCE DEC 1      0                         0      0        0
  SINCE JAN 1      0                         0      0        0
..................................................................


WIND (MPH)
  HIGHEST WIND SPEED     9   HIGHEST WIND DIRECTION    NW (320)
  HIGHEST GUST SPEED    12   HIGHEST GUST DIRECTION    NW (320)
  AVERAGE WIND SPEED     5.9


SKY COVER
  POSSIBLE SUNSHINE  MM
  AVERAGE SKY COVER 0.4


WEATHER CONDITIONS
 THE FOLLOWING WEATHER WAS RECORDED YESTERDAY.
  NO SIGNIFICANT WEATHER WAS OBSERVED.


RELATIVE HUMIDITY (PERCENT)
 HIGHEST    79           300 AM
 LOWEST     48           200 PM
 AVERAGE    64

..........................................................


THE KANSAS CITY INTERNATIONAL MO CLIMATE NORMALS FOR TODAY
                         NORMAL    RECORD    YEAR
 MAXIMUM TEMPERATURE (F)   38        70      1907
 MINIMUM TEMPERATURE (F)   20       -11      1912


SUNRISE AND SUNSET
JANUARY  7 2017.......SUNRISE   739 AM CST   SUNSET   512 PM CST
JANUARY  8 2017.......SUNRISE   739 AM CST   SUNSET   513 PM CST


-  INDICATES NEGATIVE NUMBERS.
R  INDICATES RECORD WAS SET OR TIED.
MM INDICATES DATA IS MISSING.
T  INDICATES TRACE AMOUNT.


&&

...MISCELLANEOUS CLIMATE DATA FROM TODAY...

LOCATION                HIGH    LOW      PRECIP
ST. JOSEPH               11      M         0.00
DOWNTOWN KANSAS CITY     14       1       0.00
OLATHE NEW CENTURY       13      -1       0.00
OLATHE JO CO EXEC        13       0       0.00
LEES SUMMIT              14      -1       0.00
KIRKSVILLE               12      -4       0.00
CHILLICOTHE              13      -9       0.00
SEDALIA                  12       1       0.00
NWS PLEASANT HILL MO     13      -3       0.00


THIS PRODUCT...ALONG WITH OTHER WEATHER...HYDROLOGICAL AND CLIMATE
INFORMATION...IS AVAILABLE ON THE WEB AT HTTP://WWW.WEATHER.GOV/EAX
OR AT HTTP://WEATHER.GOV

$$
