847
CDUS43 KEAX 030634
CLIMCI

CLIMATE REPORT
NATIONAL WEATHER SERVICE KANSAS CITY/PLEASANT HILL MO
1233 AM CST WED FEB 3 2016


...................................

...THE KANSAS CITY INTERNATIONAL MO CLIMATE SUMMARY FOR FEBRUARY 2 2016...

CLIMATE NORMAL PERIOD 1981 TO 2010
CLIMATE RECORD PERIOD 1888 TO 2016


WEATHER ITEM   OBSERVED TIME   RECORD YEAR NORMAL DEPARTURE LAST
                VALUE   (LST)  VALUE       VALUE  FROM      YEAR
                                                  NORMAL
..................................................................
TEMPERATURE (F)
 YESTERDAY
  MAXIMUM         55    234 PM  69    1992  40     15       23
                                      1924
  MINIMUM         34   1123 PM -14    1905  21     13        1
  AVERAGE         45                        30     15       12

PRECIPITATION (IN)
  YESTERDAY        0.32          0.36 1943   0.05   0.27      T
  MONTH TO DATE    0.40                      0.09   0.31     0.34
  SINCE DEC 1      4.40                      2.69   1.71     3.38
  SINCE JAN 1      1.16                      1.16   0.00     1.54

SNOWFALL (IN)
  YESTERDAY        0.0           3.5  1913   0.2   -0.2       T
  MONTH TO DATE    0.0                       0.4   -0.4      2.5
  SINCE DEC 1      5.3                       9.8   -4.5      7.4
  SINCE JUL 1      5.3                      11.2   -5.9      7.9
  SNOW DEPTH       0

DEGREE DAYS
 HEATING
  YESTERDAY       20                        35    -15       53
  MONTH TO DATE   44                        70    -26       94
  SINCE DEC 1   1911                      2232   -321     2075
  SINCE JUL 1   2658                      3234   -576     3196

 COOLING
  YESTERDAY        0                         0      0        0
  MONTH TO DATE    0                         0      0        0
  SINCE DEC 1      0                         0      0        0
  SINCE JAN 1      0                         0      0        0
..................................................................


WIND (MPH)
  HIGHEST WIND SPEED    35   HIGHEST WIND DIRECTION     E (100)
  HIGHEST GUST SPEED    44   HIGHEST GUST DIRECTION     E (90)
  AVERAGE WIND SPEED    21.0


SKY COVER
  POSSIBLE SUNSHINE  MM
  AVERAGE SKY COVER 0.9


WEATHER CONDITIONS
 THE FOLLOWING WEATHER WAS RECORDED YESTERDAY.
  THUNDERSTORM
  RAIN
  LIGHT RAIN
  FOG


RELATIVE HUMIDITY (PERCENT)
 HIGHEST   100           500 AM
 LOWEST     50           200 PM
 AVERAGE    75

..........................................................


THE KANSAS CITY INTERNATIONAL MO CLIMATE NORMALS FOR TODAY
                         NORMAL    RECORD    YEAR
 MAXIMUM TEMPERATURE (F)   40        76      1934
 MINIMUM TEMPERATURE (F)   21       -12      2011
                                             1996


SUNRISE AND SUNSET
FEBRUARY  3 2016......SUNRISE   724 AM CST   SUNSET   541 PM CST
FEBRUARY  4 2016......SUNRISE   723 AM CST   SUNSET   542 PM CST


-  INDICATES NEGATIVE NUMBERS.
R  INDICATES RECORD WAS SET OR TIED.
MM INDICATES DATA IS MISSING.
T  INDICATES TRACE AMOUNT.


&&

...MISCELLANEOUS CLIMATE DATA FROM YESTERDAY...

LOCATION                HIGH    LOW      PRECIP
ST. JOSEPH               55      33       0.32
DOWNTOWN KANSAS CITY     58      36       0.36
OLATHE NEW CENTURY       54      33       0.39
OLATHE JO CO EXEC        55      33       0.37
LEES SUMMIT              56      35       0.35
KIRKSVILLE               48      35       0.80
CHILLICOTHE              59      38       0.57
SEDALIA                  62      36       0.09
NWS PLEASANT HILL MO     58      34       0.44


THIS PRODUCT...ALONG WITH OTHER WEATHER...HYDROLOGICAL AND CLIMATE
INFORMATION...IS AVAILABLE ON THE WEB AT HTTP://WWW.WEATHER.GOV/EAX
OR AT HTTP://WEATHER.GOV

$$
