975
CDUS43 KEAX 200635
CLIMCI

CLIMATE REPORT
NATIONAL WEATHER SERVICE KANSAS CITY/PLEASANT HILL MO
133 AM CDT TUE SEP 20 2016


...................................

...THE KANSAS CITY INTERNATIONAL MO CLIMATE SUMMARY FOR SEPTEMBER 19 2016...

CLIMATE NORMAL PERIOD 1981 TO 2010
CLIMATE RECORD PERIOD 1888 TO 2016


WEATHER ITEM   OBSERVED TIME   RECORD YEAR NORMAL DEPARTURE LAST
                VALUE   (LST)  VALUE       VALUE  FROM      YEAR
                                                  NORMAL
..................................................................
TEMPERATURE (F)
 YESTERDAY
  MAXIMUM         89    342 PM  95    1954  78     11       71
                                      1931
  MINIMUM         63    618 AM  33    1991  56      7       50
  AVERAGE         76                        67      9       61

PRECIPITATION (IN)
  YESTERDAY        0.00          2.58 2013   0.16  -0.16     0.00
  MONTH TO DATE    4.31                      2.97   1.34     5.73
  SINCE SEP 1      4.31                      2.97   1.34     5.73
  SINCE JAN 1     43.74                     30.37  13.37    37.64

SNOWFALL (IN)
  YESTERDAY        0.0           0.0    MM   0.0    0.0      0.0
  MONTH TO DATE    0.0                       0.0    0.0      0.0
  SINCE SEP 1      0.0                       0.0    0.0      0.0
  SINCE JUL 1      0.0                       0.0    0.0      0.0
  SNOW DEPTH       0

DEGREE DAYS
 HEATING
  YESTERDAY        0                         3     -3        4
  MONTH TO DATE    1                        21    -20       12
  SINCE SEP 1      1                        21    -20       12
  SINCE JUL 1      1                        23    -22       15

 COOLING
  YESTERDAY       11                         4      7        0
  MONTH TO DATE  152                       125     27      204
  SINCE SEP 1    152                       125     27      204
  SINCE JAN 1   1449                      1298    151     1279
..................................................................


WIND (MPH)
  HIGHEST WIND SPEED    18   HIGHEST WIND DIRECTION    SW (220)
  HIGHEST GUST SPEED    24   HIGHEST GUST DIRECTION    SE (140)
  AVERAGE WIND SPEED     9.9


SKY COVER
  POSSIBLE SUNSHINE  MM
  AVERAGE SKY COVER 0.1


WEATHER CONDITIONS
 THE FOLLOWING WEATHER WAS RECORDED YESTERDAY.
  NO SIGNIFICANT WEATHER WAS OBSERVED.


RELATIVE HUMIDITY (PERCENT)
 HIGHEST    93           600 AM
 LOWEST     61          1200 PM
 AVERAGE    77

..........................................................


THE KANSAS CITY INTERNATIONAL MO CLIMATE NORMALS FOR TODAY
                         NORMAL    RECORD    YEAR
 MAXIMUM TEMPERATURE (F)   77        95      1948
                                             1931
 MINIMUM TEMPERATURE (F)   55        38      1983


SUNRISE AND SUNSET
SEPTEMBER 20 2016.....SUNRISE   705 AM CDT   SUNSET   718 PM CDT
SEPTEMBER 21 2016.....SUNRISE   706 AM CDT   SUNSET   717 PM CDT


-  INDICATES NEGATIVE NUMBERS.
R  INDICATES RECORD WAS SET OR TIED.
MM INDICATES DATA IS MISSING.
T  INDICATES TRACE AMOUNT.


&&

...MISCELLANEOUS CLIMATE DATA FROM YESTERDAY...

LOCATION                HIGH    LOW      PRECIP
ST. JOSEPH               91      63       0.00
DOWNTOWN KANSAS CITY     91      68       0.00
OLATHE NEW CENTURY       90      64       0.00
OLATHE JO CO EXEC        88      63       0.00
LEES SUMMIT              89      67       0.00
KIRKSVILLE               87      60       0.00
CHILLICOTHE              90      61       0.74
SEDALIA                  89      64       0.00
NWS PLEASANT HILL MO     88      63       0.00


THIS PRODUCT...ALONG WITH OTHER WEATHER...HYDROLOGICAL AND CLIMATE
INFORMATION...IS AVAILABLE ON THE WEB AT HTTP://WWW.WEATHER.GOV/EAX
OR AT HTTP://WEATHER.GOV

$$
