000
CDUS43 KEAX 080633
CLIMCI

CLIMATE REPORT
NATIONAL WEATHER SERVICE KANSAS CITY/PLEASANT HILL MO
132 AM CDT TUE AUG 8 2017


...................................

...THE KANSAS CITY INTERNATIONAL MO CLIMATE SUMMARY FOR AUGUST 7 2017...

CLIMATE NORMAL PERIOD 1981 TO 2010
CLIMATE RECORD PERIOD 1888 TO 2017


WEATHER ITEM   OBSERVED TIME   RECORD YEAR NORMAL DEPARTURE LAST
                VALUE   (LST)  VALUE       VALUE  FROM      YEAR
                                                  NORMAL
..................................................................
TEMPERATURE (F)
 YESTERDAY
  MAXIMUM         79    153 PM 109    1934  88     -9       77
  MINIMUM         63    611 AM  50    1989  68     -5       67
  AVERAGE         71                        78     -7       72

PRECIPITATION (IN)
  YESTERDAY        0.00          3.37 1928   0.12  -0.12     0.04
  MONTH TO DATE    2.15                      0.84   1.31     0.21
  SINCE JUN 1     13.58                     10.52   3.06     9.95
  SINCE JAN 1     29.85                     24.35   5.50    30.48

SNOWFALL (IN)
  YESTERDAY        0.0           0.0    MM   0.0    0.0      0.0
  MONTH TO DATE    0.0                       0.0    0.0      0.0
  SINCE JUN 1      0.0                       0.0    0.0      0.0
  SINCE JUL 1      0.0                       0.0    0.0      0.0
  SNOW DEPTH       0

DEGREE DAYS
 HEATING
  YESTERDAY        0                         0      0        0
  MONTH TO DATE    4                         0      4        0
  SINCE JUN 1      5                         9     -4        0
  SINCE JUL 1      4                         0      4        0

 COOLING
  YESTERDAY        6                        13     -7        7
  MONTH TO DATE   37                        92    -55       94
  SINCE JUN 1    782                       772     10      939
  SINCE JAN 1    893                       888      5     1010
..................................................................


WIND (MPH)
  HIGHEST WIND SPEED    13   HIGHEST WIND DIRECTION    NE (30)
  HIGHEST GUST SPEED    16   HIGHEST GUST DIRECTION     N (10)
  AVERAGE WIND SPEED     6.3


SKY COVER
  POSSIBLE SUNSHINE  MM
  AVERAGE SKY COVER 0.7


WEATHER CONDITIONS
 THE FOLLOWING WEATHER WAS RECORDED YESTERDAY.
  FOG


RELATIVE HUMIDITY (PERCENT)
 HIGHEST   100          1200 AM
 LOWEST     56           600 PM
 AVERAGE    78

..........................................................


THE KANSAS CITY INTERNATIONAL MO CLIMATE NORMALS FOR TODAY
                         NORMAL    RECORD    YEAR
 MAXIMUM TEMPERATURE (F)   88       109      1934
 MINIMUM TEMPERATURE (F)   68        52      1989


SUNRISE AND SUNSET
AUGUST  8 2017........SUNRISE   626 AM CDT   SUNSET   823 PM CDT
AUGUST  9 2017........SUNRISE   626 AM CDT   SUNSET   822 PM CDT


-  INDICATES NEGATIVE NUMBERS.
R  INDICATES RECORD WAS SET OR TIED.
MM INDICATES DATA IS MISSING.
T  INDICATES TRACE AMOUNT.


&&

...MISCELLANEOUS CLIMATE DATA FROM YESTERDAY...

LOCATION                HIGH    LOW      PRECIP
ST. JOSEPH               81      58       0.00
DOWNTOWN KANSAS CITY     81      67       0.00
OLATHE NEW CENTURY       79      63       0.00
OLATHE JO CO EXEC        79      64       0.00
LEES SUMMIT              78      66       0.00
KIRKSVILLE               81      59       0.00
CHILLICOTHE              82      62       0.00
SEDALIA                  81      64       0.00
NWS PLEASANT HILL MO     78      65       0.00


THIS PRODUCT...ALONG WITH OTHER WEATHER...HYDROLOGICAL AND CLIMATE
INFORMATION...IS AVAILABLE ON THE WEB AT HTTP://WWW.WEATHER.GOV/EAX
OR AT HTTP://WEATHER.GOV

$$
