000
CDUS43 KEAX 060034
CLIMCI

CLIMATE REPORT
NATIONAL WEATHER SERVICE KANSAS CITY/PLEASANT HILL MO
633 PM CST MON DEC 5 2016


...................................

...THE KANSAS CITY INTERNATIONAL MO CLIMATE SUMMARY FOR DECEMBER 5 2016...
VALID TODAY AS OF 0600 PM LOCAL TIME.

CLIMATE NORMAL PERIOD 1981 TO 2010
CLIMATE RECORD PERIOD 1888 TO 2016


WEATHER ITEM   OBSERVED TIME   RECORD YEAR NORMAL DEPARTURE LAST
                VALUE   (LST)  VALUE       VALUE  FROM      YEAR
                                                  NORMAL
..................................................................
TEMPERATURE (F)
 TODAY
  MAXIMUM         52    251 PM  74    2001  43      9       54
  MINIMUM         29    341 AM   4    1950  25      4       35
  AVERAGE         41                        34      7       45

PRECIPITATION (IN)
  TODAY            0.00          1.65 1913   0.06  -0.06     0.00
  MONTH TO DATE    0.63                      0.30   0.33     0.00
  SINCE DEC 1      0.63                      0.30   0.33     0.00
  SINCE JAN 1     48.09                     37.63  10.46    43.35

SNOWFALL (IN)
  TODAY            0.0           8.5  1942   0.1   -0.1      0.0
  MONTH TO DATE    0.0                       0.6   -0.6      0.0
  SINCE DEC 1      0.0                       0.6   -0.6      0.0
  SINCE JUL 1      0.0                       2.0   -2.0      0.0
  SNOW DEPTH       0

DEGREE DAYS
 HEATING
  TODAY           24                        31     -7       20
  MONTH TO DATE  138                       150    -12      128
  SINCE DEC 1    138                       150    -12      128
  SINCE JUL 1    722                      1152   -430      875

 COOLING
  TODAY            0                         0      0        0
  MONTH TO DATE    0                         0      0        0
  SINCE DEC 1      0                         0      0        0
  SINCE JAN 1   1585                      1360    225     1370
..................................................................


WIND (MPH)
  HIGHEST WIND SPEED    25   HIGHEST WIND DIRECTION     S (160)
  HIGHEST GUST SPEED    31   HIGHEST GUST DIRECTION     S (170)
  AVERAGE WIND SPEED    11.3


SKY COVER
  POSSIBLE SUNSHINE  MM
  AVERAGE SKY COVER 0.1


WEATHER CONDITIONS
 THE FOLLOWING WEATHER WAS RECORDED TODAY.
  NO SIGNIFICANT WEATHER WAS OBSERVED.


RELATIVE HUMIDITY (PERCENT)
 HIGHEST    92          1200 AM
 LOWEST     48           300 PM
 AVERAGE    70

..........................................................


THE KANSAS CITY INTERNATIONAL MO CLIMATE NORMALS FOR TOMORROW
                         NORMAL    RECORD    YEAR
 MAXIMUM TEMPERATURE (F)   43        74      1939
 MINIMUM TEMPERATURE (F)   25        -3      1950


SUNRISE AND SUNSET
DECEMBER  5 2016......SUNRISE   724 AM CST   SUNSET   455 PM CST
DECEMBER  6 2016......SUNRISE   725 AM CST   SUNSET   455 PM CST


-  INDICATES NEGATIVE NUMBERS.
R  INDICATES RECORD WAS SET OR TIED.
MM INDICATES DATA IS MISSING.
T  INDICATES TRACE AMOUNT.


&&

...MISCELLANEOUS CLIMATE DATA FROM TODAY...

LOCATION                HIGH    LOW      PRECIP
ST. JOSEPH               52      24       0.00
DOWNTOWN KANSAS CITY     53      31       0.00
OLATHE NEW CENTURY       51      26       0.00
OLATHE JO CO EXEC        50      28       0.00
LEES SUMMIT              51      34       0.00
KIRKSVILLE               40      27       0.00
CHILLICOTHE              51      25       0.00
SEDALIA                  52      29       0.00
NWS PLEASANT HILL MO     51      27       0.00


THIS PRODUCT...ALONG WITH OTHER WEATHER...HYDROLOGICAL AND CLIMATE
INFORMATION...IS AVAILABLE ON THE WEB AT HTTP://WWW.WEATHER.GOV/EAX
OR AT HTTP://WEATHER.GOV

$$
