000
CDUS43 KEAX 242123
CLIMCI

CLIMATE REPORT
NATIONAL WEATHER SERVICE KANSAS CITY/PLEASANT HILL MO
422 PM CDT TUE MAY 24 2016


...................................

...THE KANSAS CITY INTERNATIONAL MO CLIMATE SUMMARY FOR MAY 24 2016...
VALID AS OF 0400 PM LOCAL TIME.

CLIMATE NORMAL PERIOD 1981 TO 2010
CLIMATE RECORD PERIOD 1888 TO 2016


WEATHER ITEM   OBSERVED TIME   RECORD YEAR NORMAL DEPARTURE LAST
                VALUE   (LST)  VALUE       VALUE  FROM      YEAR
                                                  NORMAL
..................................................................
TEMPERATURE (F)
 TODAY
  MAXIMUM         79    230 PM  97    1939  77      2       70
  MINIMUM         61    443 AM  41    1925  57      4       61
  AVERAGE         70                        67      3       66

PRECIPITATION (IN)
  TODAY            0.34          2.63 1902   0.17   0.17     0.69
  MONTH TO DATE    4.45                      4.06   0.39     8.55
  SINCE MAR 1     14.32                     10.13   4.19    12.72
  SINCE JAN 1     15.48                     12.66   2.82    14.90

SNOWFALL (IN)
  TODAY            0.0           0.0    MM   0.0    0.0      0.0
  MONTH TO DATE    0.0                       0.0    0.0      0.0
  SINCE MAR 1      0.6                       2.6   -2.0       T
  SINCE JUL 1      5.9                      18.8  -12.9     14.2
  SNOW DEPTH       0

DEGREE DAYS
 HEATING
  TODAY            0                         2     -2        0
  MONTH TO DATE  120                        93     27       89
  SINCE MAR 1    805                      1068   -263      895
  SINCE JUL 1   4162                      5113   -951     5109

 COOLING
  TODAY            5                         4      1        1
  MONTH TO DATE   20                        55    -35       45
  SINCE MAR 1     34                        83    -49       54
  SINCE JAN 1     34                        83    -49       54
..................................................................


WIND (MPH)
  HIGHEST WIND SPEED    25   HIGHEST WIND DIRECTION    SE (150)
  HIGHEST GUST SPEED    32   HIGHEST GUST DIRECTION    SE (140)
  AVERAGE WIND SPEED    10.0


SKY COVER
  POSSIBLE SUNSHINE  MM
  AVERAGE SKY COVER 0.7


WEATHER CONDITIONS
 THE FOLLOWING WEATHER WAS RECORDED TODAY.
  THUNDERSTORM
  HEAVY RAIN
  RAIN
  LIGHT RAIN
  FOG


RELATIVE HUMIDITY (PERCENT)
 HIGHEST    97           300 AM
 LOWEST     62           300 PM
 AVERAGE    80

..........................................................


THE KANSAS CITY INTERNATIONAL MO CLIMATE NORMALS FOR TOMORROW
                         NORMAL    RECORD    YEAR
 MAXIMUM TEMPERATURE (F)   77        92      1967
                                             1953
 MINIMUM TEMPERATURE (F)   57        39      1925


SUNRISE AND SUNSET
MAY 24 2016...........SUNRISE   558 AM CDT   SUNSET   834 PM CDT
MAY 25 2016...........SUNRISE   557 AM CDT   SUNSET   835 PM CDT


-  INDICATES NEGATIVE NUMBERS.
R  INDICATES RECORD WAS SET OR TIED.
MM INDICATES DATA IS MISSING.
T  INDICATES TRACE AMOUNT.


&&

...MISCELLANEOUS CLIMATE DATA FROM TODAY...

LOCATION                HIGH    LOW      PRECIP
ST. JOSEPH               80      63       0.09
DOWNTOWN KANSAS CITY     80      63       0.12
OLATHE NEW CENTURY       77      61       0.30
OLATHE JO CO EXEC        75      60       0.27
LEES SUMMIT              75      63       0.12
KIRKSVILLE               77      58       0.00
CHILLICOTHE              77      62       0.00
SEDALIA                  74      60       0.11
NWS PLEASANT HILL MO     77      60       0.18


THIS PRODUCT...ALONG WITH OTHER WEATHER...HYDROLOGICAL AND CLIMATE
INFORMATION...IS AVAILABLE ON THE WEB AT HTTP://WWW.WEATHER.GOV/EAX
OR AT HTTP://WEATHER.GOV

$$
