000
CDUS43 KEAX 232245
CLIMCI

CLIMATE REPORT
NATIONAL WEATHER SERVICE KANSAS CITY/PLEASANT HILL MO
1236 AM CST WED NOV 23 2016


...................................

...THE KANSAS CITY INTERNATIONAL MO CLIMATE SUMMARY FOR NOVEMBER 22 2016...

CLIMATE NORMAL PERIOD 1981 TO 2010
CLIMATE RECORD PERIOD 1888 TO 2016


WEATHER ITEM   OBSERVED TIME   RECORD YEAR NORMAL DEPARTURE LAST
                VALUE   (LST)  VALUE       VALUE  FROM      YEAR
                                                  NORMAL
..................................................................
TEMPERATURE (F)
 YESTERDAY
  MAXIMUM         58   1127 PM  76    1966  50      8       48
  MINIMUM         47    722 AM   7    1898  31     16       23
  AVERAGE         53                        40     13       36

PRECIPITATION (IN)
  YESTERDAY        0.09          1.78 1963   0.06   0.03     0.00
  MONTH TO DATE    0.40                      1.61  -1.21     1.77
  SINCE SEP 1      7.92                      9.39  -1.47     8.78
  SINCE JAN 1     47.35                     36.79  10.56    40.69

SNOWFALL (IN)
  YESTERDAY       MM             2.5  1991   0.1   MM        0.0
  MONTH TO DATE    0.0                       0.6   -0.6      0.0
  SINCE SEP 1      0.0                       0.8   -0.8      0.0
  SINCE JUL 1      0.0                       0.8   -0.8      0.0
  SNOW DEPTH       0

DEGREE DAYS
 HEATING
  YESTERDAY       12                        25    -13       29
  MONTH TO DATE  256                       428   -172      312
  SINCE SEP 1    421                       786   -365      558
  SINCE JUL 1    421                       788   -367      561

 COOLING
  YESTERDAY        0                         0      0        0
  MONTH TO DATE   13                         0     13        0
  SINCE SEP 1    288                       185    103      295
  SINCE JAN 1   1585                      1358    227     1370
..................................................................


WIND (MPH)
  HIGHEST WIND SPEED    30   HIGHEST WIND DIRECTION    SE (120)
  HIGHEST GUST SPEED    36   HIGHEST GUST DIRECTION    SE (120)
  AVERAGE WIND SPEED    15.5


SKY COVER
  POSSIBLE SUNSHINE  MM
  AVERAGE SKY COVER 0.8


WEATHER CONDITIONS
 THE FOLLOWING WEATHER WAS RECORDED YESTERDAY.
  LIGHT RAIN


RELATIVE HUMIDITY (PERCENT)
 HIGHEST    86          1000 PM
 LOWEST     50           100 AM
 AVERAGE    68

..........................................................


THE KANSAS CITY INTERNATIONAL MO CLIMATE NORMALS FOR TODAY
                         NORMAL    RECORD    YEAR
 MAXIMUM TEMPERATURE (F)   49        75      1966
 MINIMUM TEMPERATURE (F)   31         6      1898


SUNRISE AND SUNSET
NOVEMBER 23 2016......SUNRISE   712 AM CST   SUNSET   459 PM CST
NOVEMBER 24 2016......SUNRISE   713 AM CST   SUNSET   458 PM CST


-  INDICATES NEGATIVE NUMBERS.
R  INDICATES RECORD WAS SET OR TIED.
MM INDICATES DATA IS MISSING.
T  INDICATES TRACE AMOUNT.


&&

...MISCELLANEOUS CLIMATE DATA FROM TODAY...

LOCATION                HIGH    LOW      PRECIP
ST. JOSEPH               52      41       0.03
DOWNTOWN KANSAS CITY     60      44       0.03
OLATHE NEW CENTURY       59      42       0.00
OLATHE JO CO EXEC        57      41       T
LEES SUMMIT              57      43       T
KIRKSVILLE               52      42       0.01
CHILLICOTHE              56      43       0.07
SEDALIA                  55      45       0.02
NWS PLEASANT HILL MO     55      42       T


THIS PRODUCT...ALONG WITH OTHER WEATHER...HYDROLOGICAL AND CLIMATE
INFORMATION...IS AVAILABLE ON THE WEB AT HTTP://WWW.WEATHER.GOV/EAX
OR AT HTTP://WEATHER.GOV

$$

JL
