946
CDUS43 KEAX 112123
CLIMCI

CLIMATE REPORT
NATIONAL WEATHER SERVICE KANSAS CITY/PLEASANT HILL MO
422 PM CDT MON MAY 11 2015


...................................

...THE KANSAS CITY INTERNATIONAL MO CLIMATE SUMMARY FOR MAY 11 2015...
VALID AS OF 0400 PM LOCAL TIME.

CLIMATE NORMAL PERIOD 1981 TO 2010
CLIMATE RECORD PERIOD 1888 TO 2015


WEATHER ITEM   OBSERVED TIME   RECORD YEAR NORMAL DEPARTURE LAST
                VALUE   (LST)  VALUE       VALUE  FROM      YEAR
                                                  NORMAL
..................................................................
TEMPERATURE (F)
 TODAY
  MAXIMUM         61    247 PM  92    1962  73    -12       86
  MINIMUM         44    602 AM  34    1981  53     -9       62
  AVERAGE         53                        63    -10       74

PRECIPITATION (IN)
  TODAY            0.00          2.60 1929   0.17  -0.17      T
  MONTH TO DATE    2.21                      1.84   0.37     0.03
  SINCE MAR 1      6.38                      7.91  -1.53     5.57
  SINCE JAN 1      8.56                     10.44  -1.88     7.32

SNOWFALL (IN)
  TODAY            0.0           T    2005   0.0    0.0      0.0
  MONTH TO DATE    0.0                       0.0    0.0      0.0
  SINCE MAR 1      T                         2.6   -2.6      3.6
  SINCE JUL 1     14.2                      18.8   -4.6     26.2
  SNOW DEPTH       0

DEGREE DAYS
 HEATING
  TODAY           12                         4      8        0
  MONTH TO DATE   18                        55    -37       34
  SINCE MAR 1    824                      1030   -206     1140
  SINCE JUL 1   5038                      5075    -37     5706

 COOLING
  TODAY            0                         2     -2        9
  MONTH TO DATE   27                        16     11       47
  SINCE MAR 1     36                        44     -8       56
  SINCE JAN 1     36                        44     -8       56
..................................................................


WIND (MPH)
  HIGHEST WIND SPEED    23   HIGHEST WIND DIRECTION     W (260)
  HIGHEST GUST SPEED    30   HIGHEST GUST DIRECTION     W (250)
  AVERAGE WIND SPEED    13.5


SKY COVER
  POSSIBLE SUNSHINE  MM
  AVERAGE SKY COVER 0.3


WEATHER CONDITIONS
 THE FOLLOWING WEATHER WAS RECORDED TODAY.
  NO SIGNIFICANT WEATHER WAS OBSERVED.


RELATIVE HUMIDITY (PERCENT)
 HIGHEST    76           300 AM
 LOWEST     47           300 PM
 AVERAGE    62

..........................................................


THE KANSAS CITY INTERNATIONAL MO CLIMATE NORMALS FOR TOMORROW
                         NORMAL    RECORD    YEAR
 MAXIMUM TEMPERATURE (F)   74        93      1962
 MINIMUM TEMPERATURE (F)   53        33      2013


SUNRISE AND SUNSET
MAY 11 2015...........SUNRISE   609 AM CDT   SUNSET   822 PM CDT
MAY 12 2015...........SUNRISE   608 AM CDT   SUNSET   823 PM CDT


-  INDICATES NEGATIVE NUMBERS.
R  INDICATES RECORD WAS SET OR TIED.
MM INDICATES DATA IS MISSING.
T  INDICATES TRACE AMOUNT.




&&

...MISCELLANEOUS CLIMATE DATA FROM TODAY...

LOCATION                HIGH    LOW      PRECIP
ST. JOSEPH               59      43       0.00
DOWNTOWN KANSAS CITY     64      46       0.00
OLATHE NEW CENTURY       63      44       0.00
OLATHE JO CO EXEC        62      44       0.00
LEES SUMMIT              63      46       0.00
KIRKSVILLE               68      50       0.01
CHILLICOTHE              63      48       0.00
SEDALIA                  67      52       0.07
NWS PLEASANT HILL MO     62      46       0.00


THIS PRODUCT...ALONG WITH OTHER WEATHER...HYDROLOGICAL AND CLIMATE
INFORMATION...IS AVAILABLE ON THE WEB AT HTTP://WWW.CRH.NOAA.GOV/EAX
OR AT HTTP://WEATHER.GOV

$$
