000
CDUS43 KEAX 240644
CLIMCI

CLIMATE REPORT
NATIONAL WEATHER SERVICE KANSAS CITY/PLEASANT HILL MO
1243 AM CST WED DEC 24 2014


...................................

...THE KANSAS CITY INTERNATIONAL MO CLIMATE SUMMARY FOR DECEMBER 23 2014...

CLIMATE NORMAL PERIOD 1981 TO 2010
CLIMATE RECORD PERIOD 1888 TO 2014


WEATHER ITEM   OBSERVED TIME   RECORD YEAR NORMAL DEPARTURE LAST
                VALUE   (LST)  VALUE       VALUE  FROM      YEAR
                                                  NORMAL
..................................................................
TEMPERATURE (F)
 YESTERDAY
  MAXIMUM         40   1111 AM  67    1933  38      2       12
  MINIMUM         32    824 AM -23    1989  21     11        3
  AVERAGE         36                        30      6        8

PRECIPITATION (IN)
  YESTERDAY        T             0.66 1918   0.05  -0.05      T
  MONTH TO DATE    1.73                      1.23   0.50     0.80
  SINCE DEC 1      1.73                      1.23   0.50     0.80
  SINCE JAN 1     39.94                     38.56   1.38    34.48

SNOWFALL (IN)
  YESTERDAY       MM             7.4  1918   0.2   MM        0.1
  MONTH TO DATE    2.6                       3.5   -0.9      5.7
  SINCE DEC 1      2.6                       3.5   -0.9      5.7
  SINCE JUL 1      3.1                       4.9   -1.8      5.7
  SNOW DEPTH       0

DEGREE DAYS
 HEATING
  YESTERDAY       29                        35     -6       57
  MONTH TO DATE  657                       753    -96      851
  SINCE DEC 1    657                       753    -96      851
  SINCE JUL 1   1778                      1755     23     1916

 COOLING
  YESTERDAY        0                         0      0        0
  MONTH TO DATE    0                         0      0        0
  SINCE DEC 1      0                         0      0        0
  SINCE JAN 1   1263                      1360    -97     1345
..................................................................


WIND (MPH)
  HIGHEST WIND SPEED    16   HIGHEST WIND DIRECTION    NW (330)
  HIGHEST GUST SPEED    21   HIGHEST GUST DIRECTION    NW (330)
  AVERAGE WIND SPEED     9.0


SKY COVER
  POSSIBLE SUNSHINE  MM
  AVERAGE SKY COVER 0.6


WEATHER CONDITIONS
 THE FOLLOWING WEATHER WAS RECORDED YESTERDAY.
  LIGHT RAIN
  FOG


RELATIVE HUMIDITY (PERCENT)
 HIGHEST    96           900 AM
 LOWEST     76          1200 PM
 AVERAGE    86

..........................................................


THE KANSAS CITY INTERNATIONAL MO CLIMATE NORMALS FOR TODAY
                         NORMAL    RECORD    YEAR
 MAXIMUM TEMPERATURE (F)   38        66      1955
                                             1893
 MINIMUM TEMPERATURE (F)   21       -17      1983


SUNRISE AND SUNSET
DECEMBER 24 2014......SUNRISE   736 AM CST   SUNSET   501 PM CST
DECEMBER 25 2014......SUNRISE   737 AM CST   SUNSET   501 PM CST


-  INDICATES NEGATIVE NUMBERS.
R  INDICATES RECORD WAS SET OR TIED.
MM INDICATES DATA IS MISSING.
T  INDICATES TRACE AMOUNT.



&&

...MISCELLANEOUS CLIMATE DATA FROM YESTERDAY...

LOCATION                HIGH    LOW      PRECIP
ST. JOSEPH               39      32       T
DOWNTOWN KANSAS CITY     43      34       0.00
OLATHE NEW CENTURY       40      28       T
OLATHE JO CO EXEC        41      30       T
LEES SUMMIT              43      32       T
KIRKSVILLE               44      34       T
CHILLICOTHE              44      32       0.00
SEDALIA                  47      35       0.00
NWS PLEASANT HILL MO     43      31       T


THIS PRODUCT...ALONG WITH OTHER WEATHER...HYDROLOGICAL AND CLIMATE
INFORMATION...IS AVAILABLE ON THE WEB AT HTTP://WWW.CRH.NOAA.GOV/EAX
OR AT HTTP://WEATHER.GOV

$$

CUTTER
