000
CDUS43 KEAX 120638
CLIMCI

CLIMATE REPORT
NATIONAL WEATHER SERVICE KANSAS CITY/PLEASANT HILL MO
137 AM CDT THU OCT 12 2017


...................................

...THE KANSAS CITY INTERNATIONAL MO CLIMATE SUMMARY FOR OCTOBER 11 2017...

CLIMATE NORMAL PERIOD 1981 TO 2010
CLIMATE RECORD PERIOD 1888 TO 2017


WEATHER ITEM   OBSERVED TIME   RECORD YEAR NORMAL DEPARTURE LAST
                VALUE   (LST)  VALUE       VALUE  FROM      YEAR
                                                  NORMAL
..................................................................
TEMPERATURE (F)
 YESTERDAY
  MAXIMUM         62    410 PM  89    1962  69     -7       76
  MINIMUM         45    642 AM  27    1987  47     -2       55
  AVERAGE         54                        58     -4       66

PRECIPITATION (IN)
  YESTERDAY        0.00          1.94 1973   0.11  -0.11     0.00
  MONTH TO DATE    0.71                      1.28  -0.57     2.44
  SINCE SEP 1      3.51                      5.90  -2.39     7.38
  SINCE JAN 1     41.40                     33.30   8.10    46.81

SNOWFALL (IN)
  YESTERDAY        0.0           0.0    MM   0.0    0.0      0.0
  MONTH TO DATE    0.0                       0.0    0.0      0.0
  SINCE SEP 1      0.0                       0.0    0.0      0.0
  SINCE JUL 1      0.0                       0.0    0.0      0.0
  SNOW DEPTH       0

DEGREE DAYS
 HEATING
  YESTERDAY       11                         8      3        0
  MONTH TO DATE   29                        73    -44       38
  SINCE SEP 1     45                       138    -93       59
  SINCE JUL 1     49                       140    -91       59

 COOLING
  YESTERDAY        0                         1     -1        1
  MONTH TO DATE   34                        16     18       11
  SINCE SEP 1    239                       175     64      231
  SINCE JAN 1   1317                      1348    -31     1528
..................................................................


WIND (MPH)
  HIGHEST WIND SPEED    12   HIGHEST WIND DIRECTION     E (110)
  HIGHEST GUST SPEED    19   HIGHEST GUST DIRECTION    SE (130)
  AVERAGE WIND SPEED     5.2


SKY COVER
  POSSIBLE SUNSHINE  MM
  AVERAGE SKY COVER 0.5


WEATHER CONDITIONS
 THE FOLLOWING WEATHER WAS RECORDED YESTERDAY.
  NO SIGNIFICANT WEATHER WAS OBSERVED.


RELATIVE HUMIDITY (PERCENT)
 HIGHEST   100          1100 PM
 LOWEST     60           300 PM
 AVERAGE    80

..........................................................


THE KANSAS CITY INTERNATIONAL MO CLIMATE NORMALS FOR TODAY
                         NORMAL    RECORD    YEAR
 MAXIMUM TEMPERATURE (F)   68        91      1899
 MINIMUM TEMPERATURE (F)   47        28      1909


SUNRISE AND SUNSET
OCTOBER 12 2017.......SUNRISE   726 AM CDT   SUNSET   644 PM CDT
OCTOBER 13 2017.......SUNRISE   727 AM CDT   SUNSET   642 PM CDT


-  INDICATES NEGATIVE NUMBERS.
R  INDICATES RECORD WAS SET OR TIED.
MM INDICATES DATA IS MISSING.
T  INDICATES TRACE AMOUNT.


&&

...MISCELLANEOUS CLIMATE DATA FROM YESTERDAY...

LOCATION                HIGH    LOW      PRECIP
ST. JOSEPH               65      46       0.00
DOWNTOWN KANSAS CITY     65      45       0.00
OLATHE NEW CENTURY       64      44       0.00
OLATHE JO CO EXEC        62      43       0.00
LEES SUMMIT              63      42       0.00
KIRKSVILLE               56      47       0.00
CHILLICOTHE              62      47       0.00
SEDALIA                  59      46       0.00
NWS PLEASANT HILL MO     64      43       0.00


THIS PRODUCT...ALONG WITH OTHER WEATHER...HYDROLOGICAL AND CLIMATE
INFORMATION...IS AVAILABLE ON THE WEB AT HTTP://WWW.WEATHER.GOV/EAX
OR AT HTTP://WEATHER.GOV

$$

CUTTER
