000
CDUS43 KEAX 280636
CLIMCI

CLIMATE REPORT
NATIONAL WEATHER SERVICE KANSAS CITY/PLEASANT HILL MO
1234 AM CST WED JAN 28 2015


...................................

...THE KANSAS CITY INTERNATIONAL MO CLIMATE SUMMARY FOR JANUARY 27 2015...

CLIMATE NORMAL PERIOD 1981 TO 2010
CLIMATE RECORD PERIOD 1888 TO 2015


WEATHER ITEM   OBSERVED TIME   RECORD YEAR NORMAL DEPARTURE LAST
                VALUE   (LST)  VALUE       VALUE  FROM      YEAR
                                                  NORMAL
..................................................................
TEMPERATURE (F)
 YESTERDAY
  MAXIMUM         55    429 PM  70    1934  39     16       17
  MINIMUM         30    710 AM  -9    1940  20     10        4
  AVERAGE         43                        29     14       11

PRECIPITATION (IN)
  YESTERDAY        0.00          1.07 1995   0.04  -0.04     0.00
  MONTH TO DATE    0.21                      0.90  -0.69     0.36
  SINCE DEC 1      2.05                      2.43  -0.38     1.16
  SINCE JAN 1      0.21                      0.90  -0.69     0.36

SNOWFALL (IN)
  YESTERDAY        0.0           5.0  1997   0.2   -0.2      0.0
  MONTH TO DATE    1.6                       3.9   -2.3      5.1
  SINCE DEC 1      4.2                       8.7   -4.5     10.8
  SINCE JUL 1      4.7                      10.1   -5.4     10.8
  SNOW DEPTH       0

DEGREE DAYS
 HEATING
  YESTERDAY       22                        36    -14       54
  MONTH TO DATE  937                       972    -35     1084
  SINCE DEC 1   1880                      2012   -132     2216
  SINCE JUL 1   3001                      3014    -13     3281

 COOLING
  YESTERDAY        0                         0      0        0
  MONTH TO DATE    0                         0      0        0
  SINCE DEC 1      0                         0      0        0
  SINCE JAN 1      0                         0      0        0
..................................................................


WIND (MPH)
  HIGHEST WIND SPEED    16   HIGHEST WIND DIRECTION    SE (120)
  HIGHEST GUST SPEED    19   HIGHEST GUST DIRECTION    SE (130)
  AVERAGE WIND SPEED     7.8


SKY COVER
  POSSIBLE SUNSHINE  MM
  AVERAGE SKY COVER 0.1


WEATHER CONDITIONS
 THE FOLLOWING WEATHER WAS RECORDED YESTERDAY.
  NO SIGNIFICANT WEATHER WAS OBSERVED.


RELATIVE HUMIDITY (PERCENT)
 HIGHEST    96           800 AM
 LOWEST     38           400 PM
 AVERAGE    67

..........................................................


THE KANSAS CITY INTERNATIONAL MO CLIMATE NORMALS FOR TODAY
                         NORMAL    RECORD    YEAR
 MAXIMUM TEMPERATURE (F)   39        74      2013
 MINIMUM TEMPERATURE (F)   20       -14      1997


SUNRISE AND SUNSET
JANUARY 28 2015.......SUNRISE   729 AM CST   SUNSET   535 PM CST
JANUARY 29 2015.......SUNRISE   729 AM CST   SUNSET   536 PM CST


-  INDICATES NEGATIVE NUMBERS.
R  INDICATES RECORD WAS SET OR TIED.
MM INDICATES DATA IS MISSING.
T  INDICATES TRACE AMOUNT.



&&

...MISCELLANEOUS CLIMATE DATA FROM YESTERDAY...

LOCATION                HIGH    LOW      PRECIP
ST. JOSEPH               56      21       0.00
DOWNTOWN KANSAS CITY     58      30       0.00
OLATHE NEW CENTURY       58      30       0.00
OLATHE JO CO EXEC        57      32       0.00
LEES SUMMIT              57      35       0.00
KIRKSVILLE               45      28       0.00
CHILLICOTHE              51      28       0.00
SEDALIA                  53      34       0.00
NWS PLEASANT HILL MO     55      33       0.00


THIS PRODUCT...ALONG WITH OTHER WEATHER...HYDROLOGICAL AND CLIMATE
INFORMATION...IS AVAILABLE ON THE WEB AT HTTP://WWW.CRH.NOAA.GOV/EAX
OR AT HTTP://WEATHER.GOV

$$
