000
CDUS43 KEAX 040633
CLIMCI

CLIMATE REPORT
NATIONAL WEATHER SERVICE KANSAS CITY/PLEASANT HILL MO
1232 AM CST MON DEC 4 2017


...................................

...THE KANSAS CITY INTERNATIONAL MO CLIMATE SUMMARY FOR DECEMBER 3 2017...

CLIMATE NORMAL PERIOD 1981 TO 2010
CLIMATE RECORD PERIOD 1888 TO 2017


WEATHER ITEM   OBSERVED TIME   RECORD YEAR NORMAL DEPARTURE LAST
                VALUE   (LST)  VALUE       VALUE  FROM      YEAR
                                                  NORMAL
..................................................................
TEMPERATURE (F)
 YESTERDAY
  MAXIMUM         68    314 PM  74    2012  44     24       45
  MINIMUM         38   1206 AM   6    1895  26     12       28
                                      1893
  AVERAGE         53                        35     18       37

PRECIPITATION (IN)
  YESTERDAY        0.00          2.01 1947   0.06  -0.06     0.03
  MONTH TO DATE    0.00                      0.18  -0.18     0.03
  SINCE DEC 1      0.00                      0.18  -0.18     0.03
  SINCE JAN 1     45.83                     37.51   8.32    47.49

SNOWFALL (IN)
  YESTERDAY        0.0           7.2  1898   0.2   -0.2      0.0
  MONTH TO DATE    0.0                       0.4   -0.4      0.0
  SINCE DEC 1      0.0                       0.4   -0.4      0.0
  SINCE JUL 1      T                         1.8   -1.8      0.0
  SNOW DEPTH       0

DEGREE DAYS
 HEATING
  YESTERDAY       12                        30    -18       28
  MONTH TO DATE   50                        89    -39       86
  SINCE DEC 1     50                        89    -39       86
  SINCE JUL 1    930                      1091   -161      670

 COOLING
  YESTERDAY        0                         0      0        0
  MONTH TO DATE    0                         0      0        0
  SINCE DEC 1      0                         0      0        0
  SINCE JAN 1   1325                      1360    -35     1585
..................................................................


WIND (MPH)
  HIGHEST WIND SPEED    30   HIGHEST WIND DIRECTION     S (190)
  HIGHEST GUST SPEED    40   HIGHEST GUST DIRECTION     S (190)
  AVERAGE WIND SPEED    12.9


SKY COVER
  POSSIBLE SUNSHINE  MM
  AVERAGE SKY COVER 0.5


WEATHER CONDITIONS
 THE FOLLOWING WEATHER WAS RECORDED YESTERDAY.
  NO SIGNIFICANT WEATHER WAS OBSERVED.


RELATIVE HUMIDITY (PERCENT)
 HIGHEST    86           900 AM
 LOWEST     58           200 PM
 AVERAGE    72

..........................................................


THE KANSAS CITY INTERNATIONAL MO CLIMATE NORMALS FOR TODAY
                         NORMAL    RECORD    YEAR
 MAXIMUM TEMPERATURE (F)   44        69      2001
 MINIMUM TEMPERATURE (F)   26         6      1898


SUNRISE AND SUNSET
DECEMBER  4 2017......SUNRISE   723 AM CST   SUNSET   456 PM CST
DECEMBER  5 2017......SUNRISE   724 AM CST   SUNSET   455 PM CST


-  INDICATES NEGATIVE NUMBERS.
R  INDICATES RECORD WAS SET OR TIED.
MM INDICATES DATA IS MISSING.
T  INDICATES TRACE AMOUNT.


&&

...MISCELLANEOUS CLIMATE DATA FROM YESTERDAY...

LOCATION                HIGH    LOW      PRECIP
ST. JOSEPH               68      27       0.00
DOWNTOWN KANSAS CITY     70      37       0.00
OLATHE NEW CENTURY       69      38       0.00
OLATHE JO CO EXEC        68      37       0.00
LEES SUMMIT              69      43       0.00
KIRKSVILLE               66      29       0.00
CHILLICOTHE              67      30       0.00
SEDALIA                  71      41       0.00
NWS PLEASANT HILL MO     69      42       0.00


THIS PRODUCT...ALONG WITH OTHER WEATHER...HYDROLOGICAL AND CLIMATE
INFORMATION...IS AVAILABLE ON THE WEB AT HTTP://WWW.WEATHER.GOV/EAX
OR AT HTTP://WEATHER.GOV

$$

CDB
