000
CDUS43 KEAX 260645
CLIMCI

CLIMATE REPORT
NATIONAL WEATHER SERVICE KANSAS CITY/PLEASANT HILL MO
135 AM CDT SAT JUL 26 2014


...................................

...THE KANSAS CITY INTERNATIONAL MO CLIMATE SUMMARY FOR JULY 25 2014...

CLIMATE NORMAL PERIOD 1981 TO 2010
CLIMATE RECORD PERIOD 1888 TO 2014


WEATHER ITEM   OBSERVED TIME   RECORD YEAR NORMAL DEPARTURE LAST
                VALUE   (LST)  VALUE       VALUE  FROM      YEAR
                                                  NORMAL
..................................................................
TEMPERATURE (F)
 YESTERDAY
  MAXIMUM         96    248 PM 108    1936  89      7       85
                                      1934
  MINIMUM         70   1231 AM  56    1911  69      1       66
  AVERAGE         83                        79      4       76

PRECIPITATION (IN)
  YESTERDAY        0.00          3.56 1920   0.13  -0.13     0.16
  MONTH TO DATE    3.04                      3.73  -0.69     0.36
  SINCE JUN 1      9.95                      8.96   0.99     3.48
  SINCE JAN 1     18.57                     22.79  -4.22    18.41

SNOWFALL (IN)
  YESTERDAY        0.0           0.0    MM   0.0    0.0      0.0
  MONTH TO DATE    0.0                       0.0    0.0      0.0
  SINCE JUN 1      0.0                       0.0    0.0      0.0
  SINCE JUL 1      0.0                       0.0    0.0      0.0
  SNOW DEPTH       0

DEGREE DAYS
 HEATING
  YESTERDAY        0                         0      0        0
  MONTH TO DATE    2                         0      2        0
  SINCE JUN 1      3                         9     -6       17
  SINCE JUL 1      2                         0      2        0

 COOLING
  YESTERDAY       18                        14      4       11
  MONTH TO DATE  234                       335   -101      333
  SINCE JUN 1    511                       601    -90      609
  SINCE JAN 1    672                       717    -45      714
..................................................................


WIND (MPH)
  HIGHEST WIND SPEED    24   HIGHEST WIND DIRECTION     S (200)
  HIGHEST GUST SPEED    31   HIGHEST GUST DIRECTION     S (200)
  AVERAGE WIND SPEED    15.7


SKY COVER
  POSSIBLE SUNSHINE  MM
  AVERAGE SKY COVER 0.5


WEATHER CONDITIONS
 THE FOLLOWING WEATHER WAS RECORDED YESTERDAY.
  HAZE


RELATIVE HUMIDITY (PERCENT)
 HIGHEST    84           700 AM
 LOWEST     49           300 PM
 AVERAGE    67

..........................................................


THE KANSAS CITY INTERNATIONAL MO CLIMATE NORMALS FOR TODAY
                         NORMAL    RECORD    YEAR
 MAXIMUM TEMPERATURE (F)   89       106      1936
 MINIMUM TEMPERATURE (F)   69        55      1962


SUNRISE AND SUNSET
JULY 26 2014..........SUNRISE   614 AM CDT   SUNSET   837 PM CDT
JULY 27 2014..........SUNRISE   614 AM CDT   SUNSET   836 PM CDT


-  INDICATES NEGATIVE NUMBERS.
R  INDICATES RECORD WAS SET OR TIED.
MM INDICATES DATA IS MISSING.
T  INDICATES TRACE AMOUNT.



&&

...MISCELLANEOUS CLIMATE DATA FROM YESTERDAY...

LOCATION                HIGH    LOW      PRECIP
ST. JOSEPH               95      69       0.00
DOWNTOWN KANSAS CITY     98      73       T
OLATHE NEW CENTURY       98      69       0.00
OLATHE JO CO EXEC        96      68       0.00
LEES SUMMIT              94      70       0.00
KIRKSVILLE               79      62       0.11
CHILLICOTHE              91      66       0.00
SEDALIA                  95      64       0.00
NWS PLEASANT HILL MO     91      67       0.00


THIS PRODUCT...ALONG WITH OTHER WEATHER...HYDROLOGICAL AND CLIMATE
INFORMATION...IS AVAILABLE ON THE WEB AT HTTP://WWW.CRH.NOAA.GOV/EAX
OR AT HTTP://WEATHER.GOV

$$

JL
