000
CDUS43 KEAX 250633
CLIMCI

CLIMATE REPORT
NATIONAL WEATHER SERVICE KANSAS CITY/PLEASANT HILL MO
132 AM CDT SAT JUL 25 2015


...................................

...THE KANSAS CITY INTERNATIONAL MO CLIMATE SUMMARY FOR JULY 24 2015...

CLIMATE NORMAL PERIOD 1981 TO 2010
CLIMATE RECORD PERIOD 1888 TO 2015


WEATHER ITEM   OBSERVED TIME   RECORD YEAR NORMAL DEPARTURE LAST
                VALUE   (LST)  VALUE       VALUE  FROM      YEAR
                                                  NORMAL
..................................................................
TEMPERATURE (F)
 YESTERDAY
  MAXIMUM         95    429 PM 110    1934  89      6       82
  MINIMUM         73    509 AM  57    2004  69      4       66
  AVERAGE         84                        79      5       74

PRECIPITATION (IN)
  YESTERDAY        0.01          2.35 1900   0.13  -0.12     0.00
  MONTH TO DATE    5.19                      3.60   1.59     3.04
  SINCE JUN 1     12.77                      8.83   3.94     9.95
  SINCE JAN 1     29.37                     22.66   6.71    18.57

SNOWFALL (IN)
  YESTERDAY        0.0           0.0    MM   0.0    0.0      0.0
  MONTH TO DATE    0.0                       0.0    0.0      0.0
  SINCE JUN 1      0.0                       0.0    0.0      0.0
  SINCE JUL 1      0.0                       0.0    0.0      0.0
  SNOW DEPTH       0

DEGREE DAYS
 HEATING
  YESTERDAY        0                         0      0        0
  MONTH TO DATE    2                         0      2        2
  SINCE JUN 1      5                         9     -4        3
  SINCE JUL 1      2                         0      2        2

 COOLING
  YESTERDAY       19                        14      5        9
  MONTH TO DATE  292                       321    -29      216
  SINCE JUN 1    597                       587     10      493
  SINCE JAN 1    665                       703    -38      654
..................................................................


WIND (MPH)
  HIGHEST WIND SPEED    17   HIGHEST WIND DIRECTION     S (160)
  HIGHEST GUST SPEED    20   HIGHEST GUST DIRECTION     S (160)
  AVERAGE WIND SPEED     7.5


SKY COVER
  POSSIBLE SUNSHINE  MM
  AVERAGE SKY COVER 0.5


WEATHER CONDITIONS
 THE FOLLOWING WEATHER WAS RECORDED YESTERDAY.
  THUNDERSTORM
  LIGHT RAIN
  FOG


RELATIVE HUMIDITY (PERCENT)
 HIGHEST    94           700 AM
 LOWEST     58           400 PM
 AVERAGE    76

..........................................................


THE KANSAS CITY INTERNATIONAL MO CLIMATE NORMALS FOR TODAY
                         NORMAL    RECORD    YEAR
 MAXIMUM TEMPERATURE (F)   89       108      1936
                                             1934
 MINIMUM TEMPERATURE (F)   69        56      1911


SUNRISE AND SUNSET
JULY 25 2015..........SUNRISE   613 AM CDT   SUNSET   838 PM CDT
JULY 26 2015..........SUNRISE   613 AM CDT   SUNSET   837 PM CDT


-  INDICATES NEGATIVE NUMBERS.
R  INDICATES RECORD WAS SET OR TIED.
MM INDICATES DATA IS MISSING.
T  INDICATES TRACE AMOUNT.


&&

...MISCELLANEOUS CLIMATE DATA FROM YESTERDAY...

LOCATION                HIGH    LOW      PRECIP
ST. JOSEPH               95      73       0.00
DOWNTOWN KANSAS CITY     98      76       T
OLATHE NEW CENTURY       97      73       T
OLATHE JO CO EXEC        94      72       T
LEES SUMMIT              94      73       T
KIRKSVILLE               88      65       0.04
CHILLICOTHE              92      70       0.38
SEDALIA                  93      71       0.01
NWS PLEASANT HILL MO     96      71       T


THIS PRODUCT...ALONG WITH OTHER WEATHER...HYDROLOGICAL AND CLIMATE
INFORMATION...IS AVAILABLE ON THE WEB AT HTTP://WWW.WEATHER.GOV/EAX
OR AT HTTP://WEATHER.GOV

$$

CDB
