000
CDUS43 KEAX 262225
CLIMCI

CLIMATE REPORT
NATIONAL WEATHER SERVICE KANSAS CITY/PLEASANT HILL MO
423 PM CST SAT NOV 26 2016


...................................

...THE KANSAS CITY INTERNATIONAL MO CLIMATE SUMMARY FOR NOVEMBER 26 2016...
VALID AS OF 0400 PM LOCAL TIME.

CLIMATE NORMAL PERIOD 1981 TO 2010
CLIMATE RECORD PERIOD 1888 TO 2016


WEATHER ITEM   OBSERVED TIME   RECORD YEAR NORMAL DEPARTURE LAST
                VALUE   (LST)  VALUE       VALUE  FROM      YEAR
                                                  NORMAL
..................................................................
TEMPERATURE (F)
 TODAY
  MAXIMUM         59    229 PM  78    1990  48     11       64
  MINIMUM         31    328 AM   8    1898  29      2       33
  AVERAGE         45                        38      7       49

PRECIPITATION (IN)
  TODAY            0.00          1.61 2015   0.06  -0.06     1.61
  MONTH TO DATE    0.40                      1.88  -1.48     3.38
  SINCE SEP 1      7.92                      9.66  -1.74    10.39
  SINCE JAN 1     47.35                     37.06  10.29    42.30

SNOWFALL (IN)
  TODAY            0.0           3.9  1975   0.0    0.0      0.0
  MONTH TO DATE    0.0                       0.8   -0.8      0.0
  SINCE SEP 1      0.0                       1.0   -1.0      0.0
  SINCE JUL 1      0.0                       1.0   -1.0      0.0
  SNOW DEPTH       0

DEGREE DAYS
 HEATING
  TODAY           20                        27     -7       16
  MONTH TO DATE  338                       532   -194      371
  SINCE SEP 1    503                       890   -387      617
  SINCE JUL 1    503                       892   -389      620

 COOLING
  TODAY            0                         0      0        0
  MONTH TO DATE   13                         0     13        0
  SINCE SEP 1    288                       185    103      295
  SINCE JAN 1   1585                      1358    227     1370
..................................................................


WIND (MPH)
  HIGHEST WIND SPEED    23   HIGHEST WIND DIRECTION    SW (210)
  HIGHEST GUST SPEED    27   HIGHEST GUST DIRECTION    SW (210)
  AVERAGE WIND SPEED    13.0


SKY COVER
  POSSIBLE SUNSHINE  MM
  AVERAGE SKY COVER 0.2


WEATHER CONDITIONS
 THE FOLLOWING WEATHER WAS RECORDED TODAY.
  NO SIGNIFICANT WEATHER WAS OBSERVED.


RELATIVE HUMIDITY (PERCENT)
 HIGHEST    92           300 AM
 LOWEST     40           100 PM
 AVERAGE    66

..........................................................


THE KANSAS CITY INTERNATIONAL MO CLIMATE NORMALS FOR TOMORROW
                         NORMAL    RECORD    YEAR
 MAXIMUM TEMPERATURE (F)   47        71      1960
 MINIMUM TEMPERATURE (F)   29         9      1896


SUNRISE AND SUNSET
NOVEMBER 26 2016......SUNRISE   715 AM CST   SUNSET   457 PM CST
NOVEMBER 27 2016......SUNRISE   716 AM CST   SUNSET   457 PM CST


-  INDICATES NEGATIVE NUMBERS.
R  INDICATES RECORD WAS SET OR TIED.
MM INDICATES DATA IS MISSING.
T  INDICATES TRACE AMOUNT.


&&

...MISCELLANEOUS CLIMATE DATA FROM TODAY...

LOCATION                HIGH    LOW      PRECIP
ST. JOSEPH               61      29       0.00
DOWNTOWN KANSAS CITY     61      35       0.00
OLATHE NEW CENTURY       58      28       0.00
OLATHE JO CO EXEC        57      30       0.00
LEES SUMMIT              58      34       0.00
KIRKSVILLE               55      28       0.00
CHILLICOTHE              57      27       0.00
SEDALIA                  56      31       0.00
NWS PLEASANT HILL MO     56      30       0.00


THIS PRODUCT...ALONG WITH OTHER WEATHER...HYDROLOGICAL AND CLIMATE
INFORMATION...IS AVAILABLE ON THE WEB AT HTTP://WWW.WEATHER.GOV/EAX
OR AT HTTP://WEATHER.GOV

$$

MJ
