000
CDUS43 KEAX 070033
CLIMCI

CLIMATE REPORT
NATIONAL WEATHER SERVICE KANSAS CITY/PLEASANT HILL MO
732 PM CDT WED SEP 6 2017


...................................

...THE KANSAS CITY INTERNATIONAL MO CLIMATE SUMMARY FOR SEPTEMBER 6 2017...
VALID TODAY AS OF 0700 PM LOCAL TIME.

CLIMATE NORMAL PERIOD 1981 TO 2010
CLIMATE RECORD PERIOD 1888 TO 2017


WEATHER ITEM   OBSERVED TIME   RECORD YEAR NORMAL DEPARTURE LAST
                VALUE   (LST)  VALUE       VALUE  FROM      YEAR
                                                  NORMAL
..................................................................
TEMPERATURE (F)
 TODAY
  MAXIMUM         72    405 PM 104    1936  83    -11       90
  MINIMUM         48    610 AM  43    1988  62    -14       74
  AVERAGE         60                        72    -12       82

PRECIPITATION (IN)
  TODAY            0.00          1.74 1989   0.15  -0.15     0.00
  MONTH TO DATE    T                         0.90  -0.90     0.00
  SINCE SEP 1      T                         0.90  -0.90     0.00
  SINCE JAN 1     37.89                     28.30   9.59    39.43

SNOWFALL (IN)
  TODAY            0.0           0.0    MM   0.0    0.0      0.0
  MONTH TO DATE    0.0                       0.0    0.0      0.0
  SINCE SEP 1      0.0                       0.0    0.0      0.0
  SINCE JUL 1      0.0                       0.0    0.0      0.0
  SNOW DEPTH       0

DEGREE DAYS
 HEATING
  TODAY            5                         1      4        0
  MONTH TO DATE    7                         1      6        0
  SINCE SEP 1      7                         1      6        0
  SINCE JUL 1     11                         3      8        0

 COOLING
  TODAY            0                         8     -8       17
  MONTH TO DATE   30                        51    -21       52
  SINCE SEP 1     30                        51    -21       52
  SINCE JAN 1   1108                      1224   -116     1349
..................................................................


WIND (MPH)
  HIGHEST WIND SPEED    15   HIGHEST WIND DIRECTION     N (340)
  HIGHEST GUST SPEED    21   HIGHEST GUST DIRECTION     N (350)
  AVERAGE WIND SPEED     7.7


SKY COVER
  POSSIBLE SUNSHINE  MM
  AVERAGE SKY COVER 0.4


WEATHER CONDITIONS
 THE FOLLOWING WEATHER WAS RECORDED TODAY.
  HAZE


RELATIVE HUMIDITY (PERCENT)
 HIGHEST    93           400 AM
 LOWEST     41           300 PM
 AVERAGE    67

..........................................................


THE KANSAS CITY INTERNATIONAL MO CLIMATE NORMALS FOR TOMORROW
                         NORMAL    RECORD    YEAR
 MAXIMUM TEMPERATURE (F)   83       102      1939
 MINIMUM TEMPERATURE (F)   61        47      1986


SUNRISE AND SUNSET
SEPTEMBER  6 2017.....SUNRISE   652 AM CDT   SUNSET   741 PM CDT
SEPTEMBER  7 2017.....SUNRISE   653 AM CDT   SUNSET   740 PM CDT


-  INDICATES NEGATIVE NUMBERS.
R  INDICATES RECORD WAS SET OR TIED.
MM INDICATES DATA IS MISSING.
T  INDICATES TRACE AMOUNT.


&&

...MISCELLANEOUS CLIMATE DATA FROM TODAY...

LOCATION                HIGH    LOW      PRECIP
ST. JOSEPH               73      42       0.00
DOWNTOWN KANSAS CITY     73      51       0.00
OLATHE NEW CENTURY       73      48       0.00
OLATHE JO CO EXEC        72      49       0.00
LEES SUMMIT              72      48       0.00
KIRKSVILLE               71      46       0.00
CHILLICOTHE              73      45       0.00
SEDALIA                  75      50       0.00
NWS PLEASANT HILL MO     72      49       0.00


THIS PRODUCT...ALONG WITH OTHER WEATHER...HYDROLOGICAL AND CLIMATE
INFORMATION...IS AVAILABLE ON THE WEB AT HTTP://WWW.WEATHER.GOV/EAX
OR AT HTTP://WEATHER.GOV

$$
