000
CDUS43 KEAX 210642
CLIMCI

CLIMATE REPORT
NATIONAL WEATHER SERVICE KANSAS CITY/PLEASANT HILL MO
1240 AM CST TUE FEB 21 2017


...................................

...THE KANSAS CITY INTERNATIONAL MO CLIMATE SUMMARY FOR FEBRUARY 20 2017...

CLIMATE NORMAL PERIOD 1981 TO 2010
CLIMATE RECORD PERIOD 1888 TO 2017


WEATHER ITEM   OBSERVED TIME   RECORD YEAR NORMAL DEPARTURE LAST
                VALUE   (LST)  VALUE       VALUE  FROM      YEAR
                                                  NORMAL
..................................................................
TEMPERATURE (F)
 YESTERDAY
  MAXIMUM         69    150 PM  75    2016  45     24       75
  MINIMUM         56   1159 PM   2    1918  25     31       39
  AVERAGE         63                        35     28       57

PRECIPITATION (IN)
  YESTERDAY        0.06          1.16 1997   0.05   0.01     0.00
  MONTH TO DATE    0.06                      1.00  -0.94     0.40
  SINCE DEC 1      2.64                      3.60  -0.96     4.40
  SINCE JAN 1      1.45                      2.07  -0.62     1.16

SNOWFALL (IN)
  YESTERDAY        0.0           8.0  1960   0.2   -0.2      0.0
  MONTH TO DATE    0.0                       4.2   -4.2       T
  SINCE DEC 1      4.5                      13.6   -9.1      5.3
  SINCE JUL 1      4.5                      15.0  -10.5      5.3
  SNOW DEPTH       0

DEGREE DAYS
 HEATING
  YESTERDAY        2                        30    -28        8
  MONTH TO DATE  452                       657   -205      549
  SINCE DEC 1   2530                      2819   -289     2416
  SINCE JUL 1   3114                      3821   -707     3163

 COOLING
  YESTERDAY        0                         0      0        0
  MONTH TO DATE    0                         0      0        0
  SINCE DEC 1      0                         0      0        0
  SINCE JAN 1      0                         0      0        0
..................................................................


WIND (MPH)
  HIGHEST WIND SPEED    23   HIGHEST WIND DIRECTION     S (160)
  HIGHEST GUST SPEED    28   HIGHEST GUST DIRECTION     S (200)
  AVERAGE WIND SPEED    12.8


SKY COVER
  POSSIBLE SUNSHINE  MM
  AVERAGE SKY COVER 1.0


WEATHER CONDITIONS
 THE FOLLOWING WEATHER WAS RECORDED YESTERDAY.
  LIGHT RAIN
  FOG


RELATIVE HUMIDITY (PERCENT)
 HIGHEST    93           900 AM
 LOWEST     58           300 PM
 AVERAGE    76

..........................................................


THE KANSAS CITY INTERNATIONAL MO CLIMATE NORMALS FOR TODAY
                         NORMAL    RECORD    YEAR
 MAXIMUM TEMPERATURE (F)   45        75      1935
 MINIMUM TEMPERATURE (F)   26         0      1939
                                             1918


SUNRISE AND SUNSET
FEBRUARY 21 2017......SUNRISE   702 AM CST   SUNSET   603 PM CST
FEBRUARY 22 2017......SUNRISE   701 AM CST   SUNSET   604 PM CST


-  INDICATES NEGATIVE NUMBERS.
R  INDICATES RECORD WAS SET OR TIED.
MM INDICATES DATA IS MISSING.
T  INDICATES TRACE AMOUNT.


&&

...MISCELLANEOUS CLIMATE DATA FROM YESTERDAY...

LOCATION                HIGH    LOW      PRECIP
ST. JOSEPH               68      54       0.04
DOWNTOWN KANSAS CITY     70      59       T
OLATHE NEW CENTURY       68      54       0.02
OLATHE JO CO EXEC        67      55       0.02
LEES SUMMIT              69      57       0.09
KIRKSVILLE               69      53       0.02
CHILLICOTHE              67      55       0.07
SEDALIA                  73      57       0.01
NWS PLEASANT HILL MO     68      55       0.08


THIS PRODUCT...ALONG WITH OTHER WEATHER...HYDROLOGICAL AND CLIMATE
INFORMATION...IS AVAILABLE ON THE WEB AT HTTP://WWW.WEATHER.GOV/EAX
OR AT HTTP://WEATHER.GOV

$$
