000
CDUS43 KEAX 200039
CLIMCI

CLIMATE REPORT
NATIONAL WEATHER SERVICE KANSAS CITY/PLEASANT HILL MO
737 PM CDT TUE JUL 19 2016


...................................

...THE KANSAS CITY INTERNATIONAL MO CLIMATE SUMMARY FOR JULY 19 2016...
VALID TODAY AS OF 0700 PM LOCAL TIME.

CLIMATE NORMAL PERIOD 1981 TO 2010
CLIMATE RECORD PERIOD 1888 TO 2016


WEATHER ITEM   OBSERVED TIME   RECORD YEAR NORMAL DEPARTURE LAST
                VALUE   (LST)  VALUE       VALUE  FROM      YEAR
                                                  NORMAL
..................................................................
TEMPERATURE (F)
 TODAY
  MAXIMUM         92    306 PM 109    1954  89      3       85
                                      1934
  MINIMUM         74    527 AM  54    2009  69      5       73
  AVERAGE         83                        79      4       79

PRECIPITATION (IN)
  TODAY            0.00          2.72 1965   0.13  -0.13     0.05
  MONTH TO DATE    7.74                      2.93   4.81     4.29
  SINCE JUN 1      8.72                      8.16   0.56    11.87
  SINCE JAN 1     29.25                     21.99   7.26    28.47

SNOWFALL (IN)
  TODAY            0.0           0.0    MM   0.0    0.0      0.0
  MONTH TO DATE    0.0                       0.0    0.0      0.0
  SINCE JUN 1      0.0                       0.0    0.0      0.0
  SINCE JUL 1      0.0                       0.0    0.0      0.0
  SNOW DEPTH       0

DEGREE DAYS
 HEATING
  TODAY            0                         0      0        0
  MONTH TO DATE    0                         0      0        2
  SINCE JUN 1      0                         9     -9        5
  SINCE JUL 1      0                         0      0        2

 COOLING
  TODAY           18                        14      4       14
  MONTH TO DATE  242                       251     -9      227
  SINCE JUN 1    659                       517    142      532
  SINCE JAN 1    730                       633     97      600
..................................................................


WIND (MPH)
  HIGHEST WIND SPEED    16   HIGHEST WIND DIRECTION     S (200)
  HIGHEST GUST SPEED    21   HIGHEST GUST DIRECTION     S (200)
  AVERAGE WIND SPEED     8.7


SKY COVER
  POSSIBLE SUNSHINE  MM
  AVERAGE SKY COVER 0.5


WEATHER CONDITIONS
 THE FOLLOWING WEATHER WAS RECORDED TODAY.
  HAZE


RELATIVE HUMIDITY (PERCENT)
 HIGHEST   100           300 AM
 LOWEST     56           200 PM
 AVERAGE    78

..........................................................


THE KANSAS CITY INTERNATIONAL MO CLIMATE NORMALS FOR TOMORROW
                         NORMAL    RECORD    YEAR
 MAXIMUM TEMPERATURE (F)   89       109      1934
 MINIMUM TEMPERATURE (F)   69        60      2014
                                             1971
                                             1950


SUNRISE AND SUNSET
JULY 19 2016..........SUNRISE   608 AM CDT   SUNSET   842 PM CDT
JULY 20 2016..........SUNRISE   609 AM CDT   SUNSET   841 PM CDT


-  INDICATES NEGATIVE NUMBERS.
R  INDICATES RECORD WAS SET OR TIED.
MM INDICATES DATA IS MISSING.
T  INDICATES TRACE AMOUNT.


&&

...MISCELLANEOUS CLIMATE DATA FROM TODAY...

LOCATION                HIGH    LOW      PRECIP
ST. JOSEPH               93      72       0.00
DOWNTOWN KANSAS CITY     95      79       0.00
OLATHE NEW CENTURY       93      73       0.00
OLATHE JO CO EXEC        91      73       0.00
LEES SUMMIT              94      78       0.00
KIRKSVILLE               93      69       0.04
CHILLICOTHE              94      71       0.41
SEDALIA                  94      77       0.00
NWS PLEASANT HILL MO     93      74       0.00


THIS PRODUCT...ALONG WITH OTHER WEATHER...HYDROLOGICAL AND CLIMATE
INFORMATION...IS AVAILABLE ON THE WEB AT HTTP://WWW.WEATHER.GOV/EAX
OR AT HTTP://WEATHER.GOV

$$

JL
