000
CDUS43 KEAX 060033
CLIMCI

CLIMATE REPORT
NATIONAL WEATHER SERVICE KANSAS CITY/PLEASANT HILL MO
732 PM CDT SAT AUG 5 2017


...................................

...THE KANSAS CITY INTERNATIONAL MO CLIMATE SUMMARY FOR AUGUST 5 2017...
VALID TODAY AS OF 0700 PM LOCAL TIME.

CLIMATE NORMAL PERIOD 1981 TO 2010
CLIMATE RECORD PERIOD 1888 TO 2017


WEATHER ITEM   OBSERVED TIME   RECORD YEAR NORMAL DEPARTURE LAST
                VALUE   (LST)  VALUE       VALUE  FROM      YEAR
                                                  NORMAL
..................................................................
TEMPERATURE (F)
 TODAY
  MAXIMUM         65    546 PM 108    1934  89    -24       82
  MINIMUM         57    207 AM  55    1994  68    -11       70
  AVERAGE         61                        78    -17       76

PRECIPITATION (IN)
  TODAY            0.82          2.59 1977   0.12   0.70      T
  MONTH TO DATE    0.82                      0.60   0.22     0.17
  SINCE JUN 1     12.25                     10.28   1.97     9.91
  SINCE JAN 1     28.52                     24.11   4.41    30.44

SNOWFALL (IN)
  TODAY            0.0           0.0    MM   0.0    0.0      0.0
  MONTH TO DATE    0.0                       0.0    0.0      0.0
  SINCE JUN 1      0.0                       0.0    0.0      0.0
  SINCE JUL 1      0.0                       0.0    0.0      0.0
  SNOW DEPTH       0

DEGREE DAYS
 HEATING
  TODAY            4                         0      4        0
  MONTH TO DATE    4                         0      4        0
  SINCE JUN 1      5                         9     -4        0
  SINCE JUL 1      4                         0      4        0

 COOLING
  TODAY            0                        13    -13       11
  MONTH TO DATE   26                        66    -40       77
  SINCE JUN 1    771                       746     25      922
  SINCE JAN 1    882                       862     20      993
..................................................................


WIND (MPH)
  HIGHEST WIND SPEED    31   HIGHEST WIND DIRECTION    SE (150)
  HIGHEST GUST SPEED    37   HIGHEST GUST DIRECTION    SE (140)
  AVERAGE WIND SPEED    10.0


SKY COVER
  POSSIBLE SUNSHINE  MM
  AVERAGE SKY COVER 0.8


WEATHER CONDITIONS
 THE FOLLOWING WEATHER WAS RECORDED TODAY.
  THUNDERSTORM
  HEAVY RAIN
  RAIN
  LIGHT RAIN
  FOG


RELATIVE HUMIDITY (PERCENT)
 HIGHEST    93          1000 AM
 LOWEST     67           700 AM
 AVERAGE    80

..........................................................


THE KANSAS CITY INTERNATIONAL MO CLIMATE NORMALS FOR TOMORROW
                         NORMAL    RECORD    YEAR
 MAXIMUM TEMPERATURE (F)   89       109      1934
 MINIMUM TEMPERATURE (F)   68        55      1990


SUNRISE AND SUNSET
AUGUST  5 2017........SUNRISE   623 AM CDT   SUNSET   826 PM CDT
AUGUST  6 2017........SUNRISE   624 AM CDT   SUNSET   825 PM CDT


-  INDICATES NEGATIVE NUMBERS.
R  INDICATES RECORD WAS SET OR TIED.
MM INDICATES DATA IS MISSING.
T  INDICATES TRACE AMOUNT.


&&

...MISCELLANEOUS CLIMATE DATA FROM TODAY...

LOCATION                HIGH    LOW      PRECIP
ST. JOSEPH               71      51       0.13
DOWNTOWN KANSAS CITY     69      61       0.73
OLATHE NEW CENTURY       66      57       0.67
OLATHE JO CO EXEC        65      58       0.66
LEES SUMMIT              65      59       1.21
KIRKSVILLE               77      51       0.04
CHILLICOTHE              69      52       0.01
SEDALIA                  67      53       0.02
NWS PLEASANT HILL MO     64      58       0.93


THIS PRODUCT...ALONG WITH OTHER WEATHER...HYDROLOGICAL AND CLIMATE
INFORMATION...IS AVAILABLE ON THE WEB AT HTTP://WWW.WEATHER.GOV/EAX
OR AT HTTP://WEATHER.GOV

$$
