000
CDUS43 KEAX 100032
CLIMCI

CLIMATE REPORT
NATIONAL WEATHER SERVICE KANSAS CITY/PLEASANT HILL MO
731 PM CDT WED APR 9 2014


...................................

...THE KANSAS CITY INTERNATIONAL MO CLIMATE SUMMARY FOR APRIL 9 2014...
VALID TODAY AS OF 0700 PM LOCAL TIME.

CLIMATE NORMAL PERIOD 1981 TO 2010
CLIMATE RECORD PERIOD 1888 TO 2014


WEATHER ITEM   OBSERVED TIME   RECORD YEAR NORMAL DEPARTURE LAST
                VALUE   (LST)  VALUE       VALUE  FROM      YEAR
                                                  NORMAL
..................................................................
TEMPERATURE (F)
 TODAY
  MAXIMUM         75    414 PM  89    1930  64     11       74
  MINIMUM         33    535 AM  24    2003  42     -9       46
                                      1997
  AVERAGE         54                        53      1       60

PRECIPITATION (IN)
  TODAY            0.00          0.88 1978   0.11  -0.11     0.43
  MONTH TO DATE    0.57                      0.91  -0.34     1.28
  SINCE MAR 1      2.18                      3.28  -1.10     3.23
  SINCE JAN 1      3.93                      5.81  -1.88     6.12

SNOWFALL (IN)
  TODAY            0.0           2.8  1961   0.0    0.0      0.0
  MONTH TO DATE    0.0                       0.3   -0.3      0.0
  SINCE MAR 1      3.4                       2.3    1.1      6.1
  SINCE JUL 1     26.0                      18.5    7.5     31.3
  SNOW DEPTH       0

DEGREE DAYS
 HEATING
  TODAY           11                        13     -2        5
  MONTH TO DATE  147                       127     20      116
  SINCE MAR 1    912                       773    139      952
  SINCE JUL 1   5478                      4818    660     4684

 COOLING
  TODAY            0                         1     -1        0
  MONTH TO DATE    0                         3     -3        0
  SINCE MAR 1      0                         6     -6        0
  SINCE JAN 1      0                         6     -6        0
..................................................................


WIND (MPH)
  HIGHEST WIND SPEED    29   HIGHEST WIND DIRECTION     S (190)
  HIGHEST GUST SPEED    36   HIGHEST GUST DIRECTION    SW (210)
  AVERAGE WIND SPEED    13.7


SKY COVER
  POSSIBLE SUNSHINE  MM
  AVERAGE SKY COVER 0.2


WEATHER CONDITIONS
 THE FOLLOWING WEATHER WAS RECORDED TODAY.
  NO SIGNIFICANT WEATHER WAS OBSERVED.


RELATIVE HUMIDITY (PERCENT)
 HIGHEST    64           600 AM
 LOWEST     20           200 PM
 AVERAGE    42

..........................................................


THE KANSAS CITY INTERNATIONAL MO CLIMATE NORMALS FOR TOMORROW
                         NORMAL    RECORD    YEAR
 MAXIMUM TEMPERATURE (F)   64        92      1930
 MINIMUM TEMPERATURE (F)   42        22      1989


SUNRISE AND SUNSET
APRIL  9 2014.........SUNRISE   651 AM CDT   SUNSET   751 PM CDT
APRIL 10 2014.........SUNRISE   649 AM CDT   SUNSET   752 PM CDT


-  INDICATES NEGATIVE NUMBERS.
R  INDICATES RECORD WAS SET OR TIED.
MM INDICATES DATA IS MISSING.
T  INDICATES TRACE AMOUNT.




&&

...MISCELLANEOUS CLIMATE DATA FROM TODAY...

LOCATION                HIGH    LOW      PRECIP
ST. JOSEPH               77      29       0.00
DOWNTOWN KANSAS CITY     76      36       0.00
OLATHE NEW CENTURY       75      32       0.00
OLATHE JO CO EXEC        73      36       0.00
LEES SUMMIT              73      38       0.00
KIRKSVILLE               70      27       0.00
CHILLICOTHE              72      29       0.00
SEDALIA                  72      37       0.00
NWS PLEASANT HILL MO     72      37       0.00


THIS PRODUCT...ALONG WITH OTHER WEATHER...HYDROLOGICAL AND CLIMATE
INFORMATION...IS AVAILABLE ON THE WEB AT HTTP://WWW.CRH.NOAA.GOV/EAX
OR AT HTTP://WEATHER.GOV

$$
