000
CDUS43 KEAX 170033
CLIMCI

CLIMATE REPORT
NATIONAL WEATHER SERVICE KANSAS CITY/PLEASANT HILL MO
732 PM CDT SAT APR 16 2016


...................................

...THE KANSAS CITY INTERNATIONAL MO CLIMATE SUMMARY FOR APRIL 16 2016...
VALID TODAY AS OF 0700 PM LOCAL TIME.

CLIMATE NORMAL PERIOD 1981 TO 2010
CLIMATE RECORD PERIOD 1888 TO 2016


WEATHER ITEM   OBSERVED TIME   RECORD YEAR NORMAL DEPARTURE LAST
                VALUE   (LST)  VALUE       VALUE  FROM      YEAR
                                                  NORMAL
..................................................................
TEMPERATURE (F)
 TODAY
  MAXIMUM         76    256 PM  86    1967  66     10       77
  MINIMUM         57    641 AM  28    1921  44     13       48
  AVERAGE         67                        55     12       63

PRECIPITATION (IN)
  TODAY            0.00          1.15 1932   0.12  -0.12     0.00
  MONTH TO DATE    0.34                      1.73  -1.39     1.67
  SINCE MAR 1      3.06                      4.10  -1.04     2.55
  SINCE JAN 1      4.22                      6.63  -2.41     4.73

SNOWFALL (IN)
  TODAY            0.0           0.6  1921   0.1   -0.1      0.0
  MONTH TO DATE    0.0                       0.5   -0.5      0.0
  SINCE MAR 1      0.6                       2.5   -1.9       T
  SINCE JUL 1      5.9                      18.7  -12.8     14.2
  SNOW DEPTH       0

DEGREE DAYS
 HEATING
  TODAY            0                        11    -11        2
  MONTH TO DATE  175                       209    -34      118
  SINCE MAR 1    618                       855   -237      680
  SINCE JUL 1   3975                      4900   -925     4894

 COOLING
  TODAY            2                         1      1        0
  MONTH TO DATE    2                        10     -8        6
  SINCE MAR 1      4                        13     -9        8
  SINCE JAN 1      4                        13     -9        8
..................................................................


WIND (MPH)
  HIGHEST WIND SPEED    22   HIGHEST WIND DIRECTION    SE (130)
  HIGHEST GUST SPEED    28   HIGHEST GUST DIRECTION     S (160)
  AVERAGE WIND SPEED    15.0


SKY COVER
  POSSIBLE SUNSHINE  MM
  AVERAGE SKY COVER 0.8


WEATHER CONDITIONS
 THE FOLLOWING WEATHER WAS RECORDED TODAY.
  NO SIGNIFICANT WEATHER WAS OBSERVED.


RELATIVE HUMIDITY (PERCENT)
 HIGHEST    80           500 AM
 LOWEST     50           200 PM
 AVERAGE    65

..........................................................


THE KANSAS CITY INTERNATIONAL MO CLIMATE NORMALS FOR TOMORROW
                         NORMAL    RECORD    YEAR
 MAXIMUM TEMPERATURE (F)   66        87      1954
 MINIMUM TEMPERATURE (F)   45        28      1953
                                             1921


SUNRISE AND SUNSET
APRIL 16 2016.........SUNRISE   640 AM CDT   SUNSET   758 PM CDT
APRIL 17 2016.........SUNRISE   638 AM CDT   SUNSET   759 PM CDT


-  INDICATES NEGATIVE NUMBERS.
R  INDICATES RECORD WAS SET OR TIED.
MM INDICATES DATA IS MISSING.
T  INDICATES TRACE AMOUNT.


&&

...MISCELLANEOUS CLIMATE DATA FROM TODAY...

LOCATION                HIGH    LOW      PRECIP
ST. JOSEPH               77      57       0.00
DOWNTOWN KANSAS CITY     78      59       0.00
OLATHE NEW CENTURY       76      56       0.00
OLATHE JO CO EXEC        74      56       0.00
LEES SUMMIT              76      57       0.00
KIRKSVILLE               78      51       0.00
CHILLICOTHE              79      57       0.00
SEDALIA                  79      54       0.00
NWS PLEASANT HILL MO     77      55       0.00


THIS PRODUCT...ALONG WITH OTHER WEATHER...HYDROLOGICAL AND CLIMATE
INFORMATION...IS AVAILABLE ON THE WEB AT HTTP://WWW.WEATHER.GOV/EAX
OR AT HTTP://WEATHER.GOV

$$

JW
