000
CDUS43 KEAX 170659
CLIMCI

CLIMATE REPORT
NATIONAL WEATHER SERVICE KANSAS CITY/PLEASANT HILL MO
1256 AM CST MON NOV 17 2014


...................................

...THE KANSAS CITY INTERNATIONAL MO CLIMATE SUMMARY FOR NOVEMBER 16 2014...

CLIMATE NORMAL PERIOD 1981 TO 2010
CLIMATE RECORD PERIOD 1888 TO 2014


WEATHER ITEM   OBSERVED TIME   RECORD YEAR NORMAL DEPARTURE LAST
                VALUE   (LST)  VALUE       VALUE  FROM      YEAR
                                                  NORMAL
..................................................................
TEMPERATURE (F)
 YESTERDAY
  MAXIMUM         29    301 AM  77    1952  53    -24       70
                                      1941
  MINIMUM         15    735 AM   9    1959  34    -19       50
  AVERAGE         22                        44    -22       60

PRECIPITATION (IN)
  YESTERDAY        0.03          5.70 1928   0.07  -0.04     0.00
  MONTH TO DATE    0.10                      1.23  -1.13     1.00
  SINCE SEP 1     11.64                      9.01   2.63    10.58
  SINCE JAN 1     37.63                     36.41   1.22    33.25

SNOWFALL (IN)
  YESTERDAY        0.3           1.4  1972   0.0    0.3      0.0
  MONTH TO DATE    0.5                       0.3    0.2      0.0
  SINCE SEP 1      0.5                       0.5    0.0      0.0
  SINCE JUL 1      0.5                       0.5    0.0      0.0
  SNOW DEPTH       0

DEGREE DAYS
 HEATING
  YESTERDAY       43                        22     21        5
  MONTH TO DATE  411                       287    124      304
  SINCE SEP 1    711                       645     66      652
  SINCE JUL 1    713                       647     66      652

 COOLING
  YESTERDAY        0                         0      0        0
  MONTH TO DATE    0                         0      0        0
  SINCE SEP 1    144                       185    -41      251
  SINCE JAN 1   1263                      1358    -95     1345
..................................................................


WIND (MPH)
  HIGHEST WIND SPEED    20   HIGHEST WIND DIRECTION    NW (320)
  HIGHEST GUST SPEED    26   HIGHEST GUST DIRECTION    NW (310)
  AVERAGE WIND SPEED     8.6


SKY COVER
  POSSIBLE SUNSHINE  MM
  AVERAGE SKY COVER 0.8


WEATHER CONDITIONS
 THE FOLLOWING WEATHER WAS RECORDED YESTERDAY.
  LIGHT SNOW
  FOG
  HAZE


RELATIVE HUMIDITY (PERCENT)
 HIGHEST    88           400 AM
 LOWEST     55           400 PM
 AVERAGE    72

..........................................................


THE KANSAS CITY INTERNATIONAL MO CLIMATE NORMALS FOR TODAY
                         NORMAL    RECORD    YEAR
 MAXIMUM TEMPERATURE (F)   52        75      1999
                                             1969
                                             1941
 MINIMUM TEMPERATURE (F)   33         7      1959


SUNRISE AND SUNSET
NOVEMBER 17 2014......SUNRISE   705 AM CST   SUNSET   503 PM CST
NOVEMBER 18 2014......SUNRISE   706 AM CST   SUNSET   502 PM CST


-  INDICATES NEGATIVE NUMBERS.
R  INDICATES RECORD WAS SET OR TIED.
MM INDICATES DATA IS MISSING.
T  INDICATES TRACE AMOUNT.



&&

...MISCELLANEOUS CLIMATE DATA FROM YESTERDAY...

LOCATION                HIGH    LOW      PRECIP
ST. JOSEPH               29      12       T
DOWNTOWN KANSAS CITY     32      18       T
OLATHE NEW CENTURY       29      17       T
OLATHE JO CO EXEC        30      17       T
LEES SUMMIT              30      19       T
KIRKSVILLE               28      14       0.03
CHILLICOTHE              30      17       0.02
SEDALIA                  32      19       T
NWS PLEASANT HILL MO     28      18       T


THIS PRODUCT...ALONG WITH OTHER WEATHER...HYDROLOGICAL AND CLIMATE
INFORMATION...IS AVAILABLE ON THE WEB AT HTTP://WWW.CRH.NOAA.GOV/EAX
OR AT HTTP://WEATHER.GOV

$$
