000
CDUS43 KEAX 072230
CLIMCI

CLIMATE REPORT
NATIONAL WEATHER SERVICE KANSAS CITY/PLEASANT HILL MO
1233 AM CST WED FEB 7 2018


...................................

...THE KANSAS CITY INTERNATIONAL MO CLIMATE SUMMARY FOR FEBRUARY 6 2018...

CLIMATE NORMAL PERIOD 1981 TO 2010
CLIMATE RECORD PERIOD 1888 TO 2018


WEATHER ITEM   OBSERVED TIME   RECORD YEAR NORMAL DEPARTURE LAST
                VALUE   (LST)  VALUE       VALUE  FROM      YEAR
                                                  NORMAL
..................................................................
TEMPERATURE (F)
 YESTERDAY
  MAXIMUM         19    434 PM  70    1904  41    -22       56
  MINIMUM          9   1245 AM -19    1982  21    -12       31
  AVERAGE         14                        31    -17       44

PRECIPITATION (IN)
  YESTERDAY        T             2.04 1928   0.04  -0.04      T
  MONTH TO DATE    0.08                      0.27  -0.19      T
  SINCE DEC 1      1.40                      2.87  -1.47     2.58
  SINCE JAN 1      1.21                      1.34  -0.13     1.39

SNOWFALL (IN)
  YESTERDAY        T             2.3  1933   0.2   -0.2      0.0
  MONTH TO DATE    0.5                       1.2   -0.7      0.0
  SINCE DEC 1      5.4                      10.6   -5.2      4.5
  SINCE JUL 1      5.4                      12.0   -6.6      4.5
  SNOW DEPTH       T

DEGREE DAYS
 HEATING
  YESTERDAY       51                        34     17       21
  MONTH TO DATE  260                       208     52      189
  SINCE DEC 1   2397                      2370     27     2267
  SINCE JUL 1   3277                      3372    -95     2851

 COOLING
  YESTERDAY        0                         0      0        0
  MONTH TO DATE    0                         0      0        0
  SINCE DEC 1      0                         0      0        0
  SINCE JAN 1      0                         0      0        0
..................................................................


WIND (MPH)
  HIGHEST WIND SPEED    15   HIGHEST WIND DIRECTION    NE (30)
  HIGHEST GUST SPEED    18   HIGHEST GUST DIRECTION    NE (30)
  AVERAGE WIND SPEED     8.3


SKY COVER
  POSSIBLE SUNSHINE  MM
  AVERAGE SKY COVER 0.9


WEATHER CONDITIONS
 THE FOLLOWING WEATHER WAS RECORDED YESTERDAY.
  LIGHT SNOW


RELATIVE HUMIDITY (PERCENT)
 HIGHEST    83           100 AM
 LOWEST     61           200 PM
 AVERAGE    72

..........................................................


THE KANSAS CITY INTERNATIONAL MO CLIMATE NORMALS FOR TODAY
                         NORMAL    RECORD    YEAR
 MAXIMUM TEMPERATURE (F)   41        69      2009
 MINIMUM TEMPERATURE (F)   22       -12      1895


SUNRISE AND SUNSET
FEBRUARY  7 2018......SUNRISE   720 AM CST   SUNSET   547 PM CST
FEBRUARY  8 2018......SUNRISE   719 AM CST   SUNSET   548 PM CST


-  INDICATES NEGATIVE NUMBERS.
R  INDICATES RECORD WAS SET OR TIED.
MM INDICATES DATA IS MISSING.
T  INDICATES TRACE AMOUNT.


&&

...MISCELLANEOUS CLIMATE DATA FROM TODAY...

LOCATION                HIGH    LOW      PRECIP
ST. JOSEPH               24       3       T
DOWNTOWN KANSAS CITY     31      15       0.00
OLATHE NEW CENTURY       29       8       T
OLATHE JO CO EXEC        30      10       0.00
LEES SUMMIT              31      11       0.00
KIRKSVILLE               25       8       0.02
CHILLICOTHE              28      11       0.01
SEDALIA                  31      13       0.00
NWS PLEASANT HILL MO     32      11       T


THIS PRODUCT...ALONG WITH OTHER WEATHER...HYDROLOGICAL AND CLIMATE
INFORMATION...IS AVAILABLE ON THE WEB AT HTTP://WWW.WEATHER.GOV/EAX
OR AT HTTP://WEATHER.GOV

$$

JL
