000
CDUS43 KEAX 100635
CLIMCI

CLIMATE REPORT
NATIONAL WEATHER SERVICE KANSAS CITY/PLEASANT HILL MO
134 AM CDT TUE OCT 10 2017


...................................

...THE KANSAS CITY INTERNATIONAL MO CLIMATE SUMMARY FOR OCTOBER 9 2017...

CLIMATE NORMAL PERIOD 1981 TO 2010
CLIMATE RECORD PERIOD 1888 TO 2017


WEATHER ITEM   OBSERVED TIME   RECORD YEAR NORMAL DEPARTURE LAST
                VALUE   (LST)  VALUE       VALUE  FROM      YEAR
                                                  NORMAL
..................................................................
TEMPERATURE (F)
 YESTERDAY
  MAXIMUM         77    241 PM  90    1963  69      8       72
                                      1893
  MINIMUM         53   1159 PM  27    2000  48      5       46
  AVERAGE         65                        59      6       59

PRECIPITATION (IN)
  YESTERDAY        T             3.29 1985   0.10  -0.10     0.00
  MONTH TO DATE    0.64                      1.06  -0.42     2.37
  SINCE SEP 1      3.44                      5.68  -2.24     7.31
  SINCE JAN 1     41.33                     33.08   8.25    46.74

SNOWFALL (IN)
  YESTERDAY        0.0           0.0    MM   0.0    0.0      0.0
  MONTH TO DATE    0.0                       0.0    0.0      0.0
  SINCE SEP 1      0.0                       0.0    0.0      0.0
  SINCE JUL 1      0.0                       0.0    0.0      0.0
  SNOW DEPTH       0

DEGREE DAYS
 HEATING
  YESTERDAY        0                         7     -7        6
  MONTH TO DATE    2                        57    -55       37
  SINCE SEP 1     18                       122   -104       58
  SINCE JUL 1     22                       124   -102       58

 COOLING
  YESTERDAY        0                         1     -1        0
  MONTH TO DATE   34                        14     20       10
  SINCE SEP 1    239                       173     66      230
  SINCE JAN 1   1317                      1346    -29     1527
..................................................................


WIND (MPH)
  HIGHEST WIND SPEED    24   HIGHEST WIND DIRECTION    NE (30)
  HIGHEST GUST SPEED    28   HIGHEST GUST DIRECTION    NE (30)
  AVERAGE WIND SPEED    12.4


SKY COVER
  POSSIBLE SUNSHINE  MM
  AVERAGE SKY COVER 0.3


WEATHER CONDITIONS
 THE FOLLOWING WEATHER WAS RECORDED YESTERDAY.
  NO SIGNIFICANT WEATHER WAS OBSERVED.


RELATIVE HUMIDITY (PERCENT)
 HIGHEST    86           200 AM
 LOWEST     49           400 PM
 AVERAGE    68

..........................................................


THE KANSAS CITY INTERNATIONAL MO CLIMATE NORMALS FOR TODAY
                         NORMAL    RECORD    YEAR
 MAXIMUM TEMPERATURE (F)   69        97      1963
 MINIMUM TEMPERATURE (F)   48        29      1993


SUNRISE AND SUNSET
OCTOBER 10 2017.......SUNRISE   724 AM CDT   SUNSET   647 PM CDT
OCTOBER 11 2017.......SUNRISE   725 AM CDT   SUNSET   645 PM CDT


-  INDICATES NEGATIVE NUMBERS.
R  INDICATES RECORD WAS SET OR TIED.
MM INDICATES DATA IS MISSING.
T  INDICATES TRACE AMOUNT.


&&

...MISCELLANEOUS CLIMATE DATA FROM YESTERDAY...

LOCATION                HIGH    LOW      PRECIP
ST. JOSEPH               74      47       T
DOWNTOWN KANSAS CITY     81      53       0.02
OLATHE NEW CENTURY       80      52       0.12
OLATHE JO CO EXEC        79      53       0.32
LEES SUMMIT              81      54       0.21
KIRKSVILLE               78      49       T
CHILLICOTHE              78      51       0.00
SEDALIA                  85      55       0.19
NWS PLEASANT HILL MO     81      56       0.03


THIS PRODUCT...ALONG WITH OTHER WEATHER...HYDROLOGICAL AND CLIMATE
INFORMATION...IS AVAILABLE ON THE WEB AT HTTP://WWW.WEATHER.GOV/EAX
OR AT HTTP://WEATHER.GOV

$$
