000
CDUS43 KEAX 090037
CLIMCI

CLIMATE REPORT
NATIONAL WEATHER SERVICE KANSAS CITY/PLEASANT HILL MO
634 PM CST WED FEB 8 2017


...................................

...THE KANSAS CITY INTERNATIONAL MO CLIMATE SUMMARY FOR FEBRUARY 8 2017...
VALID TODAY AS OF 0600 PM LOCAL TIME.

CLIMATE NORMAL PERIOD 1981 TO 2010
CLIMATE RECORD PERIOD 1888 TO 2017


WEATHER ITEM   OBSERVED TIME   RECORD YEAR NORMAL DEPARTURE LAST
                VALUE   (LST)  VALUE       VALUE  FROM      YEAR
                                                  NORMAL
..................................................................
TEMPERATURE (F)
 TODAY
  MAXIMUM         27    444 PM  68    1938  41    -14       36
  MINIMUM         22    559 PM -13    1933  22      0       24
                                      1899
  AVERAGE         25                        31     -6       30

PRECIPITATION (IN)
  TODAY            0.00          1.31 2001   0.06  -0.06      T
  MONTH TO DATE    T                         0.38  -0.38     0.40
  SINCE DEC 1      2.58                      2.98  -0.40     4.40
  SINCE JAN 1      1.39                      1.45  -0.06     1.16

SNOWFALL (IN)
  TODAY            0.0           3.7  1905   0.2   -0.2       T
  MONTH TO DATE    0.0                       1.7   -1.7       T
  SINCE DEC 1      4.5                      11.1   -6.6      5.3
  SINCE JUL 1      4.5                      12.5   -8.0      5.3
  SNOW DEPTH       0

DEGREE DAYS
 HEATING
  TODAY           40                        34      6       35
  MONTH TO DATE  255                       276    -21      233
  SINCE DEC 1   2333                      2438   -105     2100
  SINCE JUL 1   2917                      3440   -523     2847

 COOLING
  TODAY            0                         0      0        0
  MONTH TO DATE    0                         0      0        0
  SINCE DEC 1      0                         0      0        0
  SINCE JAN 1      0                         0      0        0
..................................................................


WIND (MPH)
  HIGHEST WIND SPEED    26   HIGHEST WIND DIRECTION     N (10)
  HIGHEST GUST SPEED    32   HIGHEST GUST DIRECTION     N (20)
  AVERAGE WIND SPEED    14.4


SKY COVER
  POSSIBLE SUNSHINE  MM
  AVERAGE SKY COVER 0.8


WEATHER CONDITIONS
 THE FOLLOWING WEATHER WAS RECORDED TODAY.
  NO SIGNIFICANT WEATHER WAS OBSERVED.


RELATIVE HUMIDITY (PERCENT)
 HIGHEST    75          1200 AM
 LOWEST     55           200 PM
 AVERAGE    65

..........................................................


THE KANSAS CITY INTERNATIONAL MO CLIMATE NORMALS FOR TOMORROW
                         NORMAL    RECORD    YEAR
 MAXIMUM TEMPERATURE (F)   41        72      1943
 MINIMUM TEMPERATURE (F)   22       -20      1899


SUNRISE AND SUNSET
FEBRUARY  8 2017......SUNRISE   719 AM CST   SUNSET   548 PM CST
FEBRUARY  9 2017......SUNRISE   717 AM CST   SUNSET   549 PM CST


-  INDICATES NEGATIVE NUMBERS.
R  INDICATES RECORD WAS SET OR TIED.
MM INDICATES DATA IS MISSING.
T  INDICATES TRACE AMOUNT.


&&

...MISCELLANEOUS CLIMATE DATA FROM TODAY...

LOCATION                HIGH    LOW      PRECIP
ST. JOSEPH               27      20       T
DOWNTOWN KANSAS CITY     30      25       0.00
OLATHE NEW CENTURY       29      22       T
OLATHE JO CO EXEC        29      24       T
LEES SUMMIT              30      24       T
KIRKSVILLE               28      20       0.10
CHILLICOTHE              29      20       0.02
SEDALIA                  33      26       0.00
NWS PLEASANT HILL MO     30      24       T


THIS PRODUCT...ALONG WITH OTHER WEATHER...HYDROLOGICAL AND CLIMATE
INFORMATION...IS AVAILABLE ON THE WEB AT HTTP://WWW.WEATHER.GOV/EAX
OR AT HTTP://WEATHER.GOV

$$
