000
CDUS43 KEAX 110632
CLIMCI

CLIMATE REPORT
NATIONAL WEATHER SERVICE KANSAS CITY/PLEASANT HILL MO
1232 AM CST SAT NOV 11 2017


...................................

...THE KANSAS CITY INTERNATIONAL MO CLIMATE SUMMARY FOR NOVEMBER 10 2017...

CLIMATE NORMAL PERIOD 1981 TO 2010
CLIMATE RECORD PERIOD 1888 TO 2017


WEATHER ITEM   OBSERVED TIME   RECORD YEAR NORMAL DEPARTURE LAST
                VALUE   (LST)  VALUE       VALUE  FROM      YEAR
                                                  NORMAL
..................................................................
TEMPERATURE (F)
 YESTERDAY
  MAXIMUM         38    516 PM  77    1964  56    -18       69
  MINIMUM         23    728 AM  19    2000  37    -14       34
                                      1960
                                      1926
  AVERAGE         31                        47    -16       52

PRECIPITATION (IN)
  YESTERDAY        0.00          0.37 1992   0.07  -0.07     0.00
                                      1939
  MONTH TO DATE    0.02                      0.79  -0.77     0.31
  SINCE SEP 1      7.69                      8.57  -0.88     7.83
  SINCE JAN 1     45.58                     35.97   9.61    47.26

SNOWFALL (IN)
  YESTERDAY        0.0           0.5  1986   0.1   -0.1      0.0
  MONTH TO DATE    0.0                       0.2   -0.2      0.0
  SINCE SEP 1      T                         0.4   -0.4      0.0
  SINCE JUL 1      T                         0.4   -0.4      0.0
  SNOW DEPTH       0

DEGREE DAYS
 HEATING
  YESTERDAY       34                        19     15       13
  MONTH TO DATE  241                       165     76       71
  SINCE SEP 1    518                       523     -5      236
  SINCE JUL 1    522                       525     -3      236

 COOLING
  YESTERDAY        0                         0      0        0
  MONTH TO DATE    0                         0      0        7
  SINCE SEP 1    247                       185     62      282
  SINCE JAN 1   1325                      1358    -33     1579
..................................................................


WIND (MPH)
  HIGHEST WIND SPEED    18   HIGHEST WIND DIRECTION    SE (130)
  HIGHEST GUST SPEED    25   HIGHEST GUST DIRECTION     E (100)
  AVERAGE WIND SPEED    12.8


SKY COVER
  POSSIBLE SUNSHINE  MM
  AVERAGE SKY COVER 0.7


WEATHER CONDITIONS
 THE FOLLOWING WEATHER WAS RECORDED YESTERDAY.
  NO SIGNIFICANT WEATHER WAS OBSERVED.


RELATIVE HUMIDITY (PERCENT)
 HIGHEST    59           500 AM
 LOWEST     44           200 PM
 AVERAGE    52

..........................................................


THE KANSAS CITY INTERNATIONAL MO CLIMATE NORMALS FOR TODAY
                         NORMAL    RECORD    YEAR
 MAXIMUM TEMPERATURE (F)   56        81      1949
 MINIMUM TEMPERATURE (F)   36         9      1986


SUNRISE AND SUNSET
NOVEMBER 11 2017......SUNRISE   658 AM CST   SUNSET   507 PM CST
NOVEMBER 12 2017......SUNRISE   659 AM CST   SUNSET   506 PM CST


-  INDICATES NEGATIVE NUMBERS.
R  INDICATES RECORD WAS SET OR TIED.
MM INDICATES DATA IS MISSING.
T  INDICATES TRACE AMOUNT.


&&

...MISCELLANEOUS CLIMATE DATA FROM YESTERDAY...

LOCATION                HIGH    LOW      PRECIP
ST. JOSEPH               38      21       0.00
DOWNTOWN KANSAS CITY     41      26       0.00
OLATHE NEW CENTURY       40      24       0.00
OLATHE JO CO EXEC        39      23       0.00
LEES SUMMIT              39      23       0.00
KIRKSVILLE               36      17       0.00
CHILLICOTHE              37      21       0.00
SEDALIA                  42      24       0.00
NWS PLEASANT HILL MO     41      22       0.00


THIS PRODUCT...ALONG WITH OTHER WEATHER...HYDROLOGICAL AND CLIMATE
INFORMATION...IS AVAILABLE ON THE WEB AT HTTP://WWW.WEATHER.GOV/EAX
OR AT HTTP://WEATHER.GOV

$$

JW
