000
CDUS43 KEAX 070041
CLIMCI

CLIMATE REPORT
NATIONAL WEATHER SERVICE KANSAS CITY/PLEASANT HILL MO
740 PM CDT THU JUL 6 2017


...................................

...THE KANSAS CITY INTERNATIONAL MO CLIMATE SUMMARY FOR JULY 6 2017...
VALID TODAY AS OF 0700 PM LOCAL TIME.

CLIMATE NORMAL PERIOD 1981 TO 2010
CLIMATE RECORD PERIOD 1888 TO 2017


WEATHER ITEM   OBSERVED TIME   RECORD YEAR NORMAL DEPARTURE LAST
                VALUE   (LST)  VALUE       VALUE  FROM      YEAR
                                                  NORMAL
..................................................................
TEMPERATURE (F)
 TODAY
  MAXIMUM         88    425 PM 104    2012  88      0       89
  MINIMUM         64    520 AM  54    1967  68     -4       70
  AVERAGE         76                        78     -2       80

PRECIPITATION (IN)
  TODAY            0.00          5.08 1986   0.16  -0.16     0.35
  MONTH TO DATE    0.27                      0.96  -0.69     5.33
  SINCE JUN 1      6.70                      6.19   0.51     6.31
  SINCE JAN 1     22.97                     20.02   2.95    26.84

SNOWFALL (IN)
  TODAY            0.0           0.0    MM   0.0    0.0      0.0
  MONTH TO DATE    0.0                       0.0    0.0      0.0
  SINCE JUN 1      0.0                       0.0    0.0      0.0
  SINCE JUL 1      0.0                       0.0    0.0      0.0
  SNOW DEPTH       0

DEGREE DAYS
 HEATING
  TODAY            0                         0      0        0
  MONTH TO DATE    0                         0      0        0
  SINCE JUN 1      1                         9     -8        0
  SINCE JUL 1      0                         0      0        0

 COOLING
  TODAY           11                        13     -2       15
  MONTH TO DATE   63                        76    -13       55
  SINCE JUN 1    362                       342     20      472
  SINCE JAN 1    473                       458     15      543
..................................................................


WIND (MPH)
  HIGHEST WIND SPEED    12   HIGHEST WIND DIRECTION    SW (230)
  HIGHEST GUST SPEED    14   HIGHEST GUST DIRECTION    SW (210)
  AVERAGE WIND SPEED     5.5


SKY COVER
  POSSIBLE SUNSHINE  MM
  AVERAGE SKY COVER 0.3


WEATHER CONDITIONS
 THE FOLLOWING WEATHER WAS RECORDED TODAY.
  FOG
  HAZE


RELATIVE HUMIDITY (PERCENT)
 HIGHEST    93           100 AM
 LOWEST     55           100 PM
 AVERAGE    74

..........................................................


THE KANSAS CITY INTERNATIONAL MO CLIMATE NORMALS FOR TOMORROW
                         NORMAL    RECORD    YEAR
 MAXIMUM TEMPERATURE (F)   88       105      2012
                                             1939
 MINIMUM TEMPERATURE (F)   68        55      2004
                                             1908


SUNRISE AND SUNSET
JULY  6 2017..........SUNRISE   559 AM CDT   SUNSET   848 PM CDT
JULY  7 2017..........SUNRISE   559 AM CDT   SUNSET   848 PM CDT


-  INDICATES NEGATIVE NUMBERS.
R  INDICATES RECORD WAS SET OR TIED.
MM INDICATES DATA IS MISSING.
T  INDICATES TRACE AMOUNT.


&&

...MISCELLANEOUS CLIMATE DATA FROM TODAY...

LOCATION                HIGH    LOW      PRECIP
ST. JOSEPH               91      65       0.00
DOWNTOWN KANSAS CITY     91      68       0.00
OLATHE NEW CENTURY       90      65       0.00
OLATHE JO CO EXEC        87      65       0.00
LEES SUMMIT              89      66       0.00
KIRKSVILLE               90      63       0.00
CHILLICOTHE              91      64       0.00
SEDALIA                  89      68       0.00
NWS PLEASANT HILL MO     89      67       0.00


THIS PRODUCT...ALONG WITH OTHER WEATHER...HYDROLOGICAL AND CLIMATE
INFORMATION...IS AVAILABLE ON THE WEB AT HTTP://WWW.WEATHER.GOV/EAX
OR AT HTTP://WEATHER.GOV

$$

JL
