000
CDUS43 KEAX 260636
CLIMCI

CLIMATE REPORT
NATIONAL WEATHER SERVICE KANSAS CITY/PLEASANT HILL MO
135 AM CDT TUE APR 26 2016


...................................

...THE KANSAS CITY INTERNATIONAL MO CLIMATE SUMMARY FOR APRIL 25 2016...

CLIMATE NORMAL PERIOD 1981 TO 2010
CLIMATE RECORD PERIOD 1888 TO 2016


WEATHER ITEM   OBSERVED TIME   RECORD YEAR NORMAL DEPARTURE LAST
                VALUE   (LST)  VALUE       VALUE  FROM      YEAR
                                                  NORMAL
..................................................................
TEMPERATURE (F)
 YESTERDAY
  MAXIMUM         77    522 PM  92    2012  69      8       61
  MINIMUM         59    242 AM  33    2013  48     11       48
  AVERAGE         68                        58     10       55

PRECIPITATION (IN)
  YESTERDAY        T             2.84 1904   0.15  -0.15     0.56
  MONTH TO DATE    2.03                      2.94  -0.91     3.29
  SINCE MAR 1      4.75                      5.31  -0.56     4.17
  SINCE JAN 1      5.91                      7.84  -1.93     6.35

SNOWFALL (IN)
  YESTERDAY        0.0           0.0    MM   0.0    0.0      0.0
  MONTH TO DATE    0.0                       0.6   -0.6      0.0
  SINCE MAR 1      0.6                       2.6   -2.0       T
  SINCE JUL 1      5.9                      18.8  -12.9     14.2
  SNOW DEPTH       0

DEGREE DAYS
 HEATING
  YESTERDAY        0                         8     -8       10
  MONTH TO DATE  203                       293    -90      204
  SINCE MAR 1    646                       939   -293      766
  SINCE JUL 1   4003                      4984   -981     4980

 COOLING
  YESTERDAY        3                         1      2        0
  MONTH TO DATE   12                        19     -7        7
  SINCE MAR 1     14                        22     -8        9
  SINCE JAN 1     14                        22     -8        9
..................................................................


WIND (MPH)
  HIGHEST WIND SPEED    22   HIGHEST WIND DIRECTION     S (200)
  HIGHEST GUST SPEED    29   HIGHEST GUST DIRECTION    SW (210)
  AVERAGE WIND SPEED    11.5


SKY COVER
  POSSIBLE SUNSHINE  MM
  AVERAGE SKY COVER 0.6


WEATHER CONDITIONS
 THE FOLLOWING WEATHER WAS RECORDED YESTERDAY.
  LIGHT RAIN


RELATIVE HUMIDITY (PERCENT)
 HIGHEST    87          1000 PM
 LOWEST     64           500 PM
 AVERAGE    76

..........................................................


THE KANSAS CITY INTERNATIONAL MO CLIMATE NORMALS FOR TODAY
                         NORMAL    RECORD    YEAR
 MAXIMUM TEMPERATURE (F)   69        92      1989
 MINIMUM TEMPERATURE (F)   48        34      2008
                                             1907


SUNRISE AND SUNSET
APRIL 26 2016.........SUNRISE   626 AM CDT   SUNSET   808 PM CDT
APRIL 27 2016.........SUNRISE   625 AM CDT   SUNSET   809 PM CDT


-  INDICATES NEGATIVE NUMBERS.
R  INDICATES RECORD WAS SET OR TIED.
MM INDICATES DATA IS MISSING.
T  INDICATES TRACE AMOUNT.


&&

...MISCELLANEOUS CLIMATE DATA FROM YESTERDAY...

LOCATION                HIGH    LOW      PRECIP
ST. JOSEPH               79      61       0.00
DOWNTOWN KANSAS CITY     79      61       T
OLATHE NEW CENTURY       75      60       0.15
OLATHE JO CO EXEC        73      58       0.25
LEES SUMMIT              75      61       0.11
KIRKSVILLE               79      61       0.01
CHILLICOTHE              80      58       0.03
SEDALIA                  75      63       0.00
NWS PLEASANT HILL MO     73      60       0.16


THIS PRODUCT...ALONG WITH OTHER WEATHER...HYDROLOGICAL AND CLIMATE
INFORMATION...IS AVAILABLE ON THE WEB AT HTTP://WWW.WEATHER.GOV/EAX
OR AT HTTP://WEATHER.GOV

$$

MJ
