000
CDUS43 KEAX 250635
CLIMCI

CLIMATE REPORT
NATIONAL WEATHER SERVICE KANSAS CITY/PLEASANT HILL MO
134 AM CDT WED MAR 25 2015


...................................

...THE KANSAS CITY INTERNATIONAL MO CLIMATE SUMMARY FOR MARCH 24 2015...

CLIMATE NORMAL PERIOD 1981 TO 2010
CLIMATE RECORD PERIOD 1888 TO 2015


WEATHER ITEM   OBSERVED TIME   RECORD YEAR NORMAL DEPARTURE LAST
                VALUE   (LST)  VALUE       VALUE  FROM      YEAR
                                                  NORMAL
..................................................................
TEMPERATURE (F)
 YESTERDAY
  MAXIMUM         46    342 PM  87    1929  58    -12       35
  MINIMUM         38    435 AM  13    1965  36      2       27
  AVERAGE         42                        47     -5       31

PRECIPITATION (IN)
  YESTERDAY        0.21          2.06 1904   0.08   0.13     0.05
  MONTH TO DATE    0.70                      1.73  -1.03     1.40
  SINCE MAR 1      0.70                      1.73  -1.03     1.40
  SINCE JAN 1      2.88                      4.26  -1.38     3.15

SNOWFALL (IN)
  YESTERDAY       MM             4.0  1978   0.1   MM        0.3
  MONTH TO DATE    T                         1.7   -1.7      3.5
  SINCE MAR 1      T                         1.7   -1.7      3.5
  SINCE JUL 1     14.2                      17.9   -3.7     26.1
  SNOW DEPTH       0

DEGREE DAYS
 HEATING
  YESTERDAY       23                        18      5       34
  MONTH TO DATE  445                       530    -85      639
  SINCE MAR 1    445                       530    -85      639
  SINCE JUL 1   4659                      4575     84     5205

 COOLING
  YESTERDAY        0                         0      0        0
  MONTH TO DATE    2                         0      2        0
  SINCE MAR 1      2                         0      2        0
  SINCE JAN 1      2                         0      2        0
..................................................................


WIND (MPH)
  HIGHEST WIND SPEED    24   HIGHEST WIND DIRECTION    SE (120)
  HIGHEST GUST SPEED    30   HIGHEST GUST DIRECTION     E (100)
  AVERAGE WIND SPEED    12.3


SKY COVER
  POSSIBLE SUNSHINE  MM
  AVERAGE SKY COVER 0.9


WEATHER CONDITIONS
 THE FOLLOWING WEATHER WAS RECORDED YESTERDAY.
  THUNDERSTORM
  RAIN
  LIGHT RAIN
  FOG


RELATIVE HUMIDITY (PERCENT)
 HIGHEST   100           600 PM
 LOWEST     79           200 AM
 AVERAGE    90

..........................................................


THE KANSAS CITY INTERNATIONAL MO CLIMATE NORMALS FOR TODAY
                         NORMAL    RECORD    YEAR
 MAXIMUM TEMPERATURE (F)   59        90      1907
 MINIMUM TEMPERATURE (F)   36         9      1955


SUNRISE AND SUNSET
MARCH 25 2015.........SUNRISE   715 AM CDT   SUNSET   736 PM CDT
MARCH 26 2015.........SUNRISE   713 AM CDT   SUNSET   737 PM CDT


-  INDICATES NEGATIVE NUMBERS.
R  INDICATES RECORD WAS SET OR TIED.
MM INDICATES DATA IS MISSING.
T  INDICATES TRACE AMOUNT.




&&

...MISCELLANEOUS CLIMATE DATA FROM YESTERDAY...

LOCATION                HIGH    LOW      PRECIP
ST. JOSEPH               40      37       0.95
DOWNTOWN KANSAS CITY     52      41       0.15
OLATHE NEW CENTURY       56      39       0.13
OLATHE JO CO EXEC        56      39       0.11
LEES SUMMIT              54      39       0.07
KIRKSVILLE               41      32       0.56
CHILLICOTHE              42      35       1.19
SEDALIA                  58      37       0.09
NWS PLEASANT HILL MO     56      36       0.02


THIS PRODUCT...ALONG WITH OTHER WEATHER...HYDROLOGICAL AND CLIMATE
INFORMATION...IS AVAILABLE ON THE WEB AT HTTP://WWW.CRH.NOAA.GOV/EAX
OR AT HTTP://WEATHER.GOV

$$

MJ
