000
CDUS43 KEAX 290006
CLIMCI

CLIMATE REPORT
NATIONAL WEATHER SERVICE KANSAS CITY/PLEASANT HILL MO
605 PM CST TUE NOV 28 2017


...................................

...THE KANSAS CITY INTERNATIONAL MO CLIMATE SUMMARY FOR NOVEMBER 28 2017...
VALID AS OF 0400 PM LOCAL TIME.

CLIMATE NORMAL PERIOD 1981 TO 2010
CLIMATE RECORD PERIOD 1888 TO 2017


WEATHER ITEM   OBSERVED TIME   RECORD YEAR NORMAL DEPARTURE LAST
                VALUE   (LST)  VALUE       VALUE  FROM      YEAR
                                                  NORMAL
..................................................................
TEMPERATURE (F)
 TODAY
  MAXIMUM         60   1206 PM  71    1998  47     13       60
  MINIMUM         54        MM   1    1976  28     26       43
  AVERAGE         57                        37     20       52

PRECIPITATION (IN)
  TODAY            0.00          1.30 2006   0.06  -0.06     0.00
  MONTH TO DATE    0.27                      2.01  -1.74     0.51
  SINCE SEP 1      7.94                      9.79  -1.85     8.03
  SINCE JAN 1     45.83                     37.19   8.64    47.46

SNOWFALL (IN)
  TODAY            0.0           3.2  1918   0.1   -0.1      0.0
  MONTH TO DATE    0.0                       1.0   -1.0      0.0
  SINCE SEP 1      T                         1.2   -1.2      0.0
  SINCE JUL 1      T                         1.2   -1.2      0.0
  SNOW DEPTH       0

DEGREE DAYS
 HEATING
  TODAY            8                        28    -20       13
  MONTH TO DATE  560                       587    -27      365
  SINCE SEP 1    837                       945   -108      530
  SINCE JUL 1    841                       947   -106      530

 COOLING
  TODAY            0                         0      0        0
  MONTH TO DATE    0                         0      0       13
  SINCE SEP 1    247                       185     62      288
  SINCE JAN 1   1325                      1358    -33     1585
..................................................................


WIND (MPH)
  HIGHEST WIND SPEED    31   HIGHEST WIND DIRECTION     S (190)
  HIGHEST GUST SPEED    40   HIGHEST GUST DIRECTION     S (200)
  AVERAGE WIND SPEED    15.6


SKY COVER
  POSSIBLE SUNSHINE  MM
  AVERAGE SKY COVER 0.6


WEATHER CONDITIONS
 THE FOLLOWING WEATHER WAS RECORDED TODAY.
  HAZE


RELATIVE HUMIDITY (PERCENT)
 HIGHEST    72           100 PM
 LOWEST     55           400 PM
 AVERAGE    64

..........................................................


THE KANSAS CITY INTERNATIONAL MO CLIMATE NORMALS FOR TOMORROW
                         NORMAL    RECORD    YEAR
 MAXIMUM TEMPERATURE (F)   46        77      1933
 MINIMUM TEMPERATURE (F)   28         3      1976


SUNRISE AND SUNSET
NOVEMBER 28 2017......SUNRISE   717 AM CST   SUNSET   457 PM CST
NOVEMBER 29 2017......SUNRISE   718 AM CST   SUNSET   457 PM CST


-  INDICATES NEGATIVE NUMBERS.
R  INDICATES RECORD WAS SET OR TIED.
MM INDICATES DATA IS MISSING.
T  INDICATES TRACE AMOUNT.


&&

...MISCELLANEOUS CLIMATE DATA FROM TODAY...

LOCATION                HIGH    LOW      PRECIP
ST. JOSEPH               62      41       0.00
DOWNTOWN KANSAS CITY     63      57       0.00
OLATHE NEW CENTURY       62      54       0.00
OLATHE JO CO EXEC        61      54       0.00
LEES SUMMIT              64      55       0.00
KIRKSVILLE               62      50       0.00
CHILLICOTHE              63      49       0.00
SEDALIA                  69      57       0.00
NWS PLEASANT HILL MO     65      52       0.00


THIS PRODUCT...ALONG WITH OTHER WEATHER...HYDROLOGICAL AND CLIMATE
INFORMATION...IS AVAILABLE ON THE WEB AT HTTP://WWW.WEATHER.GOV/EAX
OR AT HTTP://WEATHER.GOV

$$
