000
CDUS43 KEAX 150634
CLIMCI

CLIMATE REPORT
NATIONAL WEATHER SERVICE KANSAS CITY/PLEASANT HILL MO
133 AM CDT THU SEP 15 2016


...................................

...THE KANSAS CITY INTERNATIONAL MO CLIMATE SUMMARY FOR SEPTEMBER 14 2016...

CLIMATE NORMAL PERIOD 1981 TO 2010
CLIMATE RECORD PERIOD 1888 TO 2016


WEATHER ITEM   OBSERVED TIME   RECORD YEAR NORMAL DEPARTURE LAST
                VALUE   (LST)  VALUE       VALUE  FROM      YEAR
                                                  NORMAL
..................................................................
TEMPERATURE (F)
 YESTERDAY
  MAXIMUM         77    331 PM 100    1939  80     -3       83
  MINIMUM         64    551 AM  41    1993  58      6       65
  AVERAGE         71                        69      2       74

PRECIPITATION (IN)
  YESTERDAY        0.93          3.31 1967   0.16   0.77     0.00
  MONTH TO DATE    3.96                      2.17   1.79     5.40
  SINCE SEP 1      3.96                      2.17   1.79     5.40
  SINCE JAN 1     43.39                     29.57  13.82    37.31

SNOWFALL (IN)
  YESTERDAY        0.0           0.0    MM   0.0    0.0      0.0
  MONTH TO DATE    0.0                       0.0    0.0      0.0
  SINCE SEP 1      0.0                       0.0    0.0      0.0
  SINCE JUL 1      0.0                       0.0    0.0      0.0
  SNOW DEPTH       0

DEGREE DAYS
 HEATING
  YESTERDAY        0                         2     -2        0
  MONTH TO DATE    1                        10     -9        8
  SINCE SEP 1      1                        10     -9        8
  SINCE JUL 1      1                        12    -11       11

 COOLING
  YESTERDAY        6                         5      1        9
  MONTH TO DATE  114                       102     12      159
  SINCE SEP 1    114                       102     12      159
  SINCE JAN 1   1411                      1275    136     1234
..................................................................


WIND (MPH)
  HIGHEST WIND SPEED    15   HIGHEST WIND DIRECTION    NW (330)
  HIGHEST GUST SPEED    19   HIGHEST GUST DIRECTION    NW (320)
  AVERAGE WIND SPEED     8.7


SKY COVER
  POSSIBLE SUNSHINE  MM
  AVERAGE SKY COVER 0.8


WEATHER CONDITIONS
 THE FOLLOWING WEATHER WAS RECORDED YESTERDAY.
  THUNDERSTORM
  HEAVY RAIN
  RAIN
  LIGHT RAIN
  FOG


RELATIVE HUMIDITY (PERCENT)
 HIGHEST    93           600 AM
 LOWEST     68           600 PM
 AVERAGE    81

..........................................................


THE KANSAS CITY INTERNATIONAL MO CLIMATE NORMALS FOR TODAY
                         NORMAL    RECORD    YEAR
 MAXIMUM TEMPERATURE (F)   79        99      1939
                                             1931
 MINIMUM TEMPERATURE (F)   58        37      1993


SUNRISE AND SUNSET
SEPTEMBER 15 2016.....SUNRISE   701 AM CDT   SUNSET   726 PM CDT
SEPTEMBER 16 2016.....SUNRISE   701 AM CDT   SUNSET   725 PM CDT


-  INDICATES NEGATIVE NUMBERS.
R  INDICATES RECORD WAS SET OR TIED.
MM INDICATES DATA IS MISSING.
T  INDICATES TRACE AMOUNT.


&&

...MISCELLANEOUS CLIMATE DATA FROM YESTERDAY...

LOCATION                HIGH    LOW      PRECIP
ST. JOSEPH               75      65       1.34
DOWNTOWN KANSAS CITY     79      66       1.04
OLATHE NEW CENTURY       79      65       0.30
OLATHE JO CO EXEC        76      64       0.19
LEES SUMMIT              77      66       0.29
KIRKSVILLE               76      63       0.02
CHILLICOTHE              80      65       0.40
SEDALIA                  82      67       0.41
NWS PLEASANT HILL MO     78      64       0.11


THIS PRODUCT...ALONG WITH OTHER WEATHER...HYDROLOGICAL AND CLIMATE
INFORMATION...IS AVAILABLE ON THE WEB AT HTTP://WWW.WEATHER.GOV/EAX
OR AT HTTP://WEATHER.GOV

$$
