000
CDUS43 KEAX 132150
CLIMCI

CLIMATE REPORT
NATIONAL WEATHER SERVICE KANSAS CITY/PLEASANT HILL MO
448 PM CDT WED JUL 13 2016


...................................

...THE KANSAS CITY INTERNATIONAL MO CLIMATE SUMMARY FOR JULY 13 2016...
VALID AS OF 0400 PM LOCAL TIME.

CLIMATE NORMAL PERIOD 1981 TO 2010
CLIMATE RECORD PERIOD 1888 TO 2016


WEATHER ITEM   OBSERVED TIME   RECORD YEAR NORMAL DEPARTURE LAST
                VALUE   (LST)  VALUE       VALUE  FROM      YEAR
                                                  NORMAL
..................................................................
TEMPERATURE (F)
 TODAY
  MAXIMUM         81    259 PM 112    1954  88     -7       95
  MINIMUM         68   1003 AM  54    1975  69     -1       76
  AVERAGE         75                        78     -3       86

PRECIPITATION (IN)
  TODAY            0.54          1.78 1952   0.16   0.38     0.00
  MONTH TO DATE    7.74                      2.05   5.69     3.40
  SINCE JUN 1      8.72                      7.28   1.44    10.98
  SINCE JAN 1     29.25                     21.11   8.14    27.58

SNOWFALL (IN)
  TODAY            0.0           0.0    MM   0.0    0.0      0.0
  MONTH TO DATE    0.0                       0.0    0.0      0.0
  SINCE JUN 1      0.0                       0.0    0.0      0.0
  SINCE JUL 1      0.0                       0.0    0.0      0.0
  SNOW DEPTH       0

DEGREE DAYS
 HEATING
  TODAY            0                         0      0        0
  MONTH TO DATE    0                         0      0        2
  SINCE JUN 1      0                         9     -9        5
  SINCE JUL 1      0                         0      0        2

 COOLING
  TODAY           10                        13     -3       21
  MONTH TO DATE  152                       167    -15      120
  SINCE JUN 1    569                       433    136      425
  SINCE JAN 1    640                       549     91      493
..................................................................


WIND (MPH)
  HIGHEST WIND SPEED    29   HIGHEST WIND DIRECTION     W (280)
  HIGHEST GUST SPEED    43   HIGHEST GUST DIRECTION     W (280)
  AVERAGE WIND SPEED     9.1


SKY COVER
  POSSIBLE SUNSHINE  MM
  AVERAGE SKY COVER 0.5


WEATHER CONDITIONS
 THE FOLLOWING WEATHER WAS RECORDED TODAY.
  THUNDERSTORM
  HEAVY RAIN
  RAIN
  LIGHT RAIN
  FOG


RELATIVE HUMIDITY (PERCENT)
 HIGHEST    97           100 PM
 LOWEST     74           800 AM
 AVERAGE    86

..........................................................


THE KANSAS CITY INTERNATIONAL MO CLIMATE NORMALS FOR TOMORROW
                         NORMAL    RECORD    YEAR
 MAXIMUM TEMPERATURE (F)   88       111      1954
 MINIMUM TEMPERATURE (F)   69        54      1990
                                             1950


SUNRISE AND SUNSET
JULY 13 2016..........SUNRISE   604 AM CDT   SUNSET   845 PM CDT
JULY 14 2016..........SUNRISE   604 AM CDT   SUNSET   845 PM CDT


-  INDICATES NEGATIVE NUMBERS.
R  INDICATES RECORD WAS SET OR TIED.
MM INDICATES DATA IS MISSING.
T  INDICATES TRACE AMOUNT.


&&

...MISCELLANEOUS CLIMATE DATA FROM TODAY...

LOCATION                HIGH    LOW      PRECIP
ST. JOSEPH               83      70       0.20
DOWNTOWN KANSAS CITY     86      71       0.40
OLATHE NEW CENTURY       84      69       0.84
OLATHE JO CO EXEC        82      68       M
LEES SUMMIT              83      70       0.72
KIRKSVILLE               85      72       0.04
CHILLICOTHE              83      70       0.10
SEDALIA                  87      70       1.57
NWS PLEASANT HILL MO     83      68       0.50


THIS PRODUCT...ALONG WITH OTHER WEATHER...HYDROLOGICAL AND CLIMATE
INFORMATION...IS AVAILABLE ON THE WEB AT HTTP://WWW.WEATHER.GOV/EAX
OR AT HTTP://WEATHER.GOV

$$

MJ
