000
CDUS43 KEAX 192224
CLIMCI

CLIMATE REPORT
NATIONAL WEATHER SERVICE KANSAS CITY/PLEASANT HILL MO
422 PM CST SAT NOV 19 2016


...................................

...THE KANSAS CITY INTERNATIONAL MO CLIMATE SUMMARY FOR NOVEMBER 19 2016...
VALID AS OF 0400 PM LOCAL TIME.

CLIMATE NORMAL PERIOD 1981 TO 2010
CLIMATE RECORD PERIOD 1888 TO 2016


WEATHER ITEM   OBSERVED TIME   RECORD YEAR NORMAL DEPARTURE LAST
                VALUE   (LST)  VALUE       VALUE  FROM      YEAR
                                                  NORMAL
..................................................................
TEMPERATURE (F)
 TODAY
  MAXIMUM         46    258 PM  77    1942  51     -5       50
  MINIMUM         27    702 AM   9    1914  32     -5       33
  AVERAGE         37                        42     -5       42

PRECIPITATION (IN)
  TODAY            0.00          1.63 1992   0.06  -0.06     0.00
  MONTH TO DATE    0.31                      1.42  -1.11     1.68
  SINCE SEP 1      7.83                      9.20  -1.37     8.69
  SINCE JAN 1     47.26                     36.60  10.66    40.60

SNOWFALL (IN)
  TODAY            0.0           3.8  1906   0.1   -0.1      0.0
  MONTH TO DATE    0.0                       0.5   -0.5      0.0
  SINCE SEP 1      0.0                       0.7   -0.7      0.0
  SINCE JUL 1      0.0                       0.7   -0.7      0.0
  SNOW DEPTH       0

DEGREE DAYS
 HEATING
  TODAY           28                        23      5       23
  MONTH TO DATE  195                       355   -160      227
  SINCE SEP 1    360                       713   -353      473
  SINCE JUL 1    360                       715   -355      476

 COOLING
  TODAY            0                         0      0        0
  MONTH TO DATE   13                         0     13        0
  SINCE SEP 1    288                       185    103      295
  SINCE JAN 1   1585                      1358    227     1370
..................................................................


WIND (MPH)
  HIGHEST WIND SPEED    15   HIGHEST WIND DIRECTION    NW (320)
  HIGHEST GUST SPEED    21   HIGHEST GUST DIRECTION     W (290)
  AVERAGE WIND SPEED     8.5


SKY COVER
  POSSIBLE SUNSHINE  MM
  AVERAGE SKY COVER 0.2


WEATHER CONDITIONS
 THE FOLLOWING WEATHER WAS RECORDED TODAY.
  NO SIGNIFICANT WEATHER WAS OBSERVED.


RELATIVE HUMIDITY (PERCENT)
 HIGHEST    75           300 AM
 LOWEST     31           400 PM
 AVERAGE    53

..........................................................


THE KANSAS CITY INTERNATIONAL MO CLIMATE NORMALS FOR TOMORROW
                         NORMAL    RECORD    YEAR
 MAXIMUM TEMPERATURE (F)   51        79      1897
 MINIMUM TEMPERATURE (F)   32         8      1937


SUNRISE AND SUNSET
NOVEMBER 19 2016......SUNRISE   707 AM CST   SUNSET   501 PM CST
NOVEMBER 20 2016......SUNRISE   709 AM CST   SUNSET   500 PM CST


-  INDICATES NEGATIVE NUMBERS.
R  INDICATES RECORD WAS SET OR TIED.
MM INDICATES DATA IS MISSING.
T  INDICATES TRACE AMOUNT.


&&

...MISCELLANEOUS CLIMATE DATA FROM TODAY...

LOCATION                HIGH    LOW      PRECIP
ST. JOSEPH               46      25       0.00
DOWNTOWN KANSAS CITY     47      30       0.00
OLATHE NEW CENTURY       44      26       0.00
OLATHE JO CO EXEC        45      26       0.00
LEES SUMMIT              45      28       0.00
KIRKSVILLE               45      30       0.00
CHILLICOTHE              47      30       0.00
SEDALIA                  47      29       0.00
NWS PLEASANT HILL MO     45      26       0.00


THIS PRODUCT...ALONG WITH OTHER WEATHER...HYDROLOGICAL AND CLIMATE
INFORMATION...IS AVAILABLE ON THE WEB AT HTTP://WWW.WEATHER.GOV/EAX
OR AT HTTP://WEATHER.GOV

$$
