000
CDUS43 KEAX 172134
CLIMCI

CLIMATE REPORT
NATIONAL WEATHER SERVICE KANSAS CITY/PLEASANT HILL MO
429 PM CDT MON JUL 17 2017


...................................

...THE KANSAS CITY INTERNATIONAL MO CLIMATE SUMMARY FOR JULY 17 2017...
VALID AS OF 0400 PM LOCAL TIME.

CLIMATE NORMAL PERIOD 1981 TO 2010
CLIMATE RECORD PERIOD 1888 TO 2017


WEATHER ITEM   OBSERVED TIME   RECORD YEAR NORMAL DEPARTURE LAST
                VALUE   (LST)  VALUE       VALUE  FROM      YEAR
                                                  NORMAL
..................................................................
TEMPERATURE (F)
 TODAY
  MAXIMUM         92    258 PM 108    1954  89      3       92
                                      1934
  MINIMUM         68    546 AM  55    2009  69     -1       76
  AVERAGE         80                        79      1       84

PRECIPITATION (IN)
  TODAY            0.00          2.40 1938   0.14  -0.14     0.00
  MONTH TO DATE    0.38                      2.65  -2.27     7.74
  SINCE JUN 1      6.81                      7.88  -1.07     8.72
  SINCE JAN 1     23.08                     21.71   1.37    29.25

SNOWFALL (IN)
  TODAY            0.0           0.0    MM   0.0    0.0      0.0
  MONTH TO DATE    0.0                       0.0    0.0      0.0
  SINCE JUN 1      0.0                       0.0    0.0      0.0
  SINCE JUL 1      0.0                       0.0    0.0      0.0
  SNOW DEPTH       0

DEGREE DAYS
 HEATING
  TODAY            0                         0      0        0
  MONTH TO DATE    0                         0      0        0
  SINCE JUN 1      1                         9     -8        0
  SINCE JUL 1      0                         0      0        0

 COOLING
  TODAY           15                        14      1       19
  MONTH TO DATE  235                       223     12      207
  SINCE JUN 1    534                       489     45      624
  SINCE JAN 1    645                       605     40      695
..................................................................


WIND (MPH)
  HIGHEST WIND SPEED    12   HIGHEST WIND DIRECTION     S (160)
  HIGHEST GUST SPEED    15   HIGHEST GUST DIRECTION     S (170)
  AVERAGE WIND SPEED     6.3


SKY COVER
  POSSIBLE SUNSHINE  MM
  AVERAGE SKY COVER 0.0


WEATHER CONDITIONS
 THE FOLLOWING WEATHER WAS RECORDED TODAY.
  FOG
  HAZE


RELATIVE HUMIDITY (PERCENT)
 HIGHEST    93          1200 AM
 LOWEST     47           200 PM
 AVERAGE    70

..........................................................


THE KANSAS CITY INTERNATIONAL MO CLIMATE NORMALS FOR TOMORROW
                         NORMAL    RECORD    YEAR
 MAXIMUM TEMPERATURE (F)   89       111      1954
 MINIMUM TEMPERATURE (F)   69        56      2009


SUNRISE AND SUNSET
JULY 17 2017..........SUNRISE   606 AM CDT   SUNSET   843 PM CDT
JULY 18 2017..........SUNRISE   607 AM CDT   SUNSET   843 PM CDT


-  INDICATES NEGATIVE NUMBERS.
R  INDICATES RECORD WAS SET OR TIED.
MM INDICATES DATA IS MISSING.
T  INDICATES TRACE AMOUNT.


&&

...MISCELLANEOUS CLIMATE DATA FROM TODAY...

LOCATION                HIGH    LOW      PRECIP
ST. JOSEPH               92      68       0.00
DOWNTOWN KANSAS CITY     94      74       0.00
OLATHE NEW CENTURY       92      66       0.00
OLATHE JO CO EXEC        89      68       0.00
LEES SUMMIT              M       M         0.00
KIRKSVILLE               85      71       0.00
CHILLICOTHE              91      72       0.00
SEDALIA                  93      70       0.00
NWS PLEASANT HILL MO     92      70       0.00


THIS PRODUCT...ALONG WITH OTHER WEATHER...HYDROLOGICAL AND CLIMATE
INFORMATION...IS AVAILABLE ON THE WEB AT HTTP://WWW.WEATHER.GOV/EAX
OR AT HTTP://WEATHER.GOV

$$
