000
CDUS43 KEAX 160634
CLIMCI

CLIMATE REPORT
NATIONAL WEATHER SERVICE KANSAS CITY/PLEASANT HILL MO
132 AM CDT THU OCT 16 2014


...................................

...THE KANSAS CITY INTERNATIONAL MO CLIMATE SUMMARY FOR OCTOBER 15 2014...

CLIMATE NORMAL PERIOD 1981 TO 2010
CLIMATE RECORD PERIOD 1888 TO 2014


WEATHER ITEM   OBSERVED TIME   RECORD YEAR NORMAL DEPARTURE LAST
                VALUE   (LST)  VALUE       VALUE  FROM      YEAR
                                                  NORMAL
..................................................................
TEMPERATURE (F)
 YESTERDAY
  MAXIMUM         69    320 PM  91    1938  67      2       60
  MINIMUM         42    629 AM  32    1943  46     -4       46
                                      1891
  AVERAGE         56                        57     -1       53

PRECIPITATION (IN)
  YESTERDAY        0.00          1.55 1967   0.10  -0.10     0.10
  MONTH TO DATE    8.97                      1.68   7.29     2.39
  SINCE SEP 1     11.22                      6.30   4.92     7.23
  SINCE JAN 1     37.21                     33.70   3.51    29.90

SNOWFALL (IN)
  YESTERDAY        0.0           T    2001   0.0    0.0      0.0
  MONTH TO DATE    0.0                       0.0    0.0      0.0
  SINCE SEP 1      0.0                       0.0    0.0      0.0
  SINCE JUL 1      0.0                       0.0    0.0      0.0
  SNOW DEPTH       0

DEGREE DAYS
 HEATING
  YESTERDAY        9                         9      0       12
  MONTH TO DATE  122                       107     15       74
  SINCE SEP 1    187                       172     15       93
  SINCE JUL 1    189                       174     15       93

 COOLING
  YESTERDAY        0                         1     -1        0
  MONTH TO DATE    7                        20    -13       28
  SINCE SEP 1    137                       179    -42      251
  SINCE JAN 1   1256                      1352    -96     1345
..................................................................


WIND (MPH)
  HIGHEST WIND SPEED    16   HIGHEST WIND DIRECTION     W (290)
  HIGHEST GUST SPEED    22   HIGHEST GUST DIRECTION    NW (300)
  AVERAGE WIND SPEED     8.4


SKY COVER
  POSSIBLE SUNSHINE  MM
  AVERAGE SKY COVER 0.1


WEATHER CONDITIONS
 THE FOLLOWING WEATHER WAS RECORDED YESTERDAY.
  NO SIGNIFICANT WEATHER WAS OBSERVED.


RELATIVE HUMIDITY (PERCENT)
 HIGHEST    82           500 AM
 LOWEST     32           300 PM
 AVERAGE    57

..........................................................


THE KANSAS CITY INTERNATIONAL MO CLIMATE NORMALS FOR TODAY
                         NORMAL    RECORD    YEAR
 MAXIMUM TEMPERATURE (F)   67        90      1938
 MINIMUM TEMPERATURE (F)   46        29      1976
                                             1943


SUNRISE AND SUNSET
OCTOBER 16 2014.......SUNRISE   730 AM CDT   SUNSET   638 PM CDT
OCTOBER 17 2014.......SUNRISE   731 AM CDT   SUNSET   637 PM CDT


-  INDICATES NEGATIVE NUMBERS.
R  INDICATES RECORD WAS SET OR TIED.
MM INDICATES DATA IS MISSING.
T  INDICATES TRACE AMOUNT.




&&

...MISCELLANEOUS CLIMATE DATA FROM YESTERDAY...

LOCATION                HIGH    LOW      PRECIP
ST. JOSEPH               71      37       0.00
DOWNTOWN KANSAS CITY     70      47       0.00
OLATHE NEW CENTURY       67      41       0.00
OLATHE JO CO EXEC        69      43       0.00
LEES SUMMIT              68      44       0.00
KIRKSVILLE               67      42       0.00
CHILLICOTHE              70      42       0.00
SEDALIA                  70      47       0.00
NWS PLEASANT HILL MO     67      43       0.00


THIS PRODUCT...ALONG WITH OTHER WEATHER...HYDROLOGICAL AND CLIMATE
INFORMATION...IS AVAILABLE ON THE WEB AT HTTP://WWW.CRH.NOAA.GOV/EAX
OR AT HTTP://WEATHER.GOV

$$
