000
CDUS43 KEAX 100635
CLIMCI

CLIMATE REPORT
NATIONAL WEATHER SERVICE KANSAS CITY/PLEASANT HILL MO
135 AM CDT MON JUL 10 2017


...................................

...THE KANSAS CITY INTERNATIONAL MO CLIMATE SUMMARY FOR JULY 9 2017...

CLIMATE NORMAL PERIOD 1981 TO 2010
CLIMATE RECORD PERIOD 1888 TO 2017


WEATHER ITEM   OBSERVED TIME   RECORD YEAR NORMAL DEPARTURE LAST
                VALUE   (LST)  VALUE       VALUE  FROM      YEAR
                                                  NORMAL
..................................................................
TEMPERATURE (F)
 YESTERDAY
  MAXIMUM         90    248 PM 104    1980  88      2       89
  MINIMUM         67    538 AM  54    1891  68     -1       69
  AVERAGE         79                        78      1       79

PRECIPITATION (IN)
  YESTERDAY        0.00          3.78 1992   0.16  -0.16     0.00
  MONTH TO DATE    0.27                      1.43  -1.16     6.06
  SINCE JUN 1      6.70                      6.66   0.04     7.04
  SINCE JAN 1     22.97                     20.49   2.48    27.57

SNOWFALL (IN)
  YESTERDAY        0.0           0.0    MM   0.0    0.0      0.0
  MONTH TO DATE    0.0                       0.0    0.0      0.0
  SINCE JUN 1      0.0                       0.0    0.0      0.0
  SINCE JUL 1      0.0                       0.0    0.0      0.0
  SNOW DEPTH       0

DEGREE DAYS
 HEATING
  YESTERDAY        0                         0      0        0
  MONTH TO DATE    0                         0      0        0
  SINCE JUN 1      1                         9     -8        0
  SINCE JUL 1      0                         0      0        0

 COOLING
  YESTERDAY       14                        13      1       14
  MONTH TO DATE  100                       115    -15       99
  SINCE JUN 1    399                       381     18      516
  SINCE JAN 1    510                       497     13      587
..................................................................


WIND (MPH)
  HIGHEST WIND SPEED    22   HIGHEST WIND DIRECTION     S (200)
  HIGHEST GUST SPEED    30   HIGHEST GUST DIRECTION     S (200)
  AVERAGE WIND SPEED    10.8


SKY COVER
  POSSIBLE SUNSHINE  MM
  AVERAGE SKY COVER 0.1


WEATHER CONDITIONS
 THE FOLLOWING WEATHER WAS RECORDED YESTERDAY.
  NO SIGNIFICANT WEATHER WAS OBSERVED.


RELATIVE HUMIDITY (PERCENT)
 HIGHEST    93           700 AM
 LOWEST     59           200 PM
 AVERAGE    76

..........................................................


THE KANSAS CITY INTERNATIONAL MO CLIMATE NORMALS FOR TODAY
                         NORMAL    RECORD    YEAR
 MAXIMUM TEMPERATURE (F)   88       104      1936
 MINIMUM TEMPERATURE (F)   68        55      1996


SUNRISE AND SUNSET
JULY 10 2017..........SUNRISE   601 AM CDT   SUNSET   847 PM CDT
JULY 11 2017..........SUNRISE   602 AM CDT   SUNSET   847 PM CDT


-  INDICATES NEGATIVE NUMBERS.
R  INDICATES RECORD WAS SET OR TIED.
MM INDICATES DATA IS MISSING.
T  INDICATES TRACE AMOUNT.


&&

...MISCELLANEOUS CLIMATE DATA FROM YESTERDAY...

LOCATION                HIGH    LOW      PRECIP
ST. JOSEPH               91      64       0.00
DOWNTOWN KANSAS CITY     92      73       0.00
OLATHE NEW CENTURY       90      66       0.00
OLATHE JO CO EXEC        87      68       0.00
LEES SUMMIT              90      71       0.00
KIRKSVILLE               90      66       0.00
CHILLICOTHE              90      66       0.00
SEDALIA                  91      67       0.00
NWS PLEASANT HILL MO     89      68       0.00


THIS PRODUCT...ALONG WITH OTHER WEATHER...HYDROLOGICAL AND CLIMATE
INFORMATION...IS AVAILABLE ON THE WEB AT HTTP://WWW.WEATHER.GOV/EAX
OR AT HTTP://WEATHER.GOV

$$
