000
CDUS43 KEAX 050636
CLIMCI

CLIMATE REPORT
NATIONAL WEATHER SERVICE KANSAS CITY/PLEASANT HILL MO
136 AM CDT TUE SEP 5 2017


...................................

...THE KANSAS CITY INTERNATIONAL MO CLIMATE SUMMARY FOR SEPTEMBER 4 2017...

CLIMATE NORMAL PERIOD 1981 TO 2010
CLIMATE RECORD PERIOD 1888 TO 2017


WEATHER ITEM   OBSERVED TIME   RECORD YEAR NORMAL DEPARTURE LAST
                VALUE   (LST)  VALUE       VALUE  FROM      YEAR
                                                  NORMAL
..................................................................
TEMPERATURE (F)
 YESTERDAY
  MAXIMUM         84   1244 PM 101    1954  84      0       82
                                      1913
  MINIMUM         62   1141 PM  44    1974  62      0       63
  AVERAGE         73                        73      0       73

PRECIPITATION (IN)
  YESTERDAY        T             2.04 1892   0.15  -0.15     0.00
  MONTH TO DATE    T                         0.60  -0.60     0.00
  SINCE SEP 1      T                         0.60  -0.60     0.00
  SINCE JAN 1     37.89                     28.00   9.89    39.43

SNOWFALL (IN)
  YESTERDAY        0.0           0.0    MM   0.0    0.0      0.0
  MONTH TO DATE    0.0                       0.0    0.0      0.0
  SINCE SEP 1      0.0                       0.0    0.0      0.0
  SINCE JUL 1      0.0                       0.0    0.0      0.0
  SNOW DEPTH       0

DEGREE DAYS
 HEATING
  YESTERDAY        0                         0      0        0
  MONTH TO DATE    0                         0      0        0
  SINCE SEP 1      0                         0      0        0
  SINCE JUL 1      4                         2      2        0

 COOLING
  YESTERDAY        8                         8      0        8
  MONTH TO DATE   30                        35     -5       21
  SINCE SEP 1     30                        35     -5       21
  SINCE JAN 1   1108                      1208   -100     1318
..................................................................


WIND (MPH)
  HIGHEST WIND SPEED    15   HIGHEST WIND DIRECTION     N (350)
  HIGHEST GUST SPEED    20   HIGHEST GUST DIRECTION    NW (330)
  AVERAGE WIND SPEED    10.4


SKY COVER
  POSSIBLE SUNSHINE  MM
  AVERAGE SKY COVER 0.5


WEATHER CONDITIONS
 THE FOLLOWING WEATHER WAS RECORDED YESTERDAY.
  LIGHT RAIN


RELATIVE HUMIDITY (PERCENT)
 HIGHEST    90          1200 AM
 LOWEST     54           400 PM
 AVERAGE    72

..........................................................


THE KANSAS CITY INTERNATIONAL MO CLIMATE NORMALS FOR TODAY
                         NORMAL    RECORD    YEAR
 MAXIMUM TEMPERATURE (F)   83       103      1936
 MINIMUM TEMPERATURE (F)   62        46      1974


SUNRISE AND SUNSET
SEPTEMBER  5 2017.....SUNRISE   651 AM CDT   SUNSET   743 PM CDT
SEPTEMBER  6 2017.....SUNRISE   652 AM CDT   SUNSET   741 PM CDT


-  INDICATES NEGATIVE NUMBERS.
R  INDICATES RECORD WAS SET OR TIED.
MM INDICATES DATA IS MISSING.
T  INDICATES TRACE AMOUNT.


&&

...MISCELLANEOUS CLIMATE DATA FROM YESTERDAY...

LOCATION                HIGH    LOW      PRECIP
ST. JOSEPH               82      60       0.00
DOWNTOWN KANSAS CITY     87      67       0.00
OLATHE NEW CENTURY       87      65       0.00
OLATHE JO CO EXEC        87      67       0.00
LEES SUMMIT              88      67       0.00
KIRKSVILLE               84      61       0.00
CHILLICOTHE              85      65       0.00
SEDALIA                  93      67       0.00
NWS PLEASANT HILL MO     89      66       0.00


THIS PRODUCT...ALONG WITH OTHER WEATHER...HYDROLOGICAL AND CLIMATE
INFORMATION...IS AVAILABLE ON THE WEB AT HTTP://WWW.WEATHER.GOV/EAX
OR AT HTTP://WEATHER.GOV

$$

CUTTER
