533
CDUS43 KEAX 072223
CLIMCI

CLIMATE REPORT
NATIONAL WEATHER SERVICE KANSAS CITY/PLEASANT HILL MO
421 PM CST THU DEC 7 2017


...................................

...THE KANSAS CITY INTERNATIONAL MO CLIMATE SUMMARY FOR DECEMBER 7 2017...
VALID AS OF 0400 PM LOCAL TIME.

CLIMATE NORMAL PERIOD 1981 TO 2010
CLIMATE RECORD PERIOD 1888 TO 2017


WEATHER ITEM   OBSERVED TIME   RECORD YEAR NORMAL DEPARTURE LAST
                VALUE   (LST)  VALUE       VALUE  FROM      YEAR
                                                  NORMAL
..................................................................
TEMPERATURE (F)
 TODAY
  MAXIMUM         29    259 PM  70    1894  42    -13       31
  MINIMUM         15    746 AM   0    2013  25    -10       18
  AVERAGE         22                        34    -12       25

PRECIPITATION (IN)
  TODAY            0.00          2.08 1980   0.05  -0.05     0.03
  MONTH TO DATE    T                         0.41  -0.41     0.66
  SINCE DEC 1      T                         0.41  -0.41     0.66
  SINCE JAN 1     45.83                     37.74   8.09    48.12

SNOWFALL (IN)
  TODAY            0.0           7.3  2005   0.1   -0.1      0.3
  MONTH TO DATE    T                         0.9   -0.9      0.3
  SINCE DEC 1      T                         0.9   -0.9      0.3
  SINCE JUL 1      T                         2.3   -2.3      0.3
  SNOW DEPTH       0

DEGREE DAYS
 HEATING
  TODAY           43                        31     12       40
  MONTH TO DATE  165                       212    -47      210
  SINCE DEC 1    165                       212    -47      210
  SINCE JUL 1   1045                      1214   -169      794

 COOLING
  TODAY            0                         0      0        0
  MONTH TO DATE    0                         0      0        0
  SINCE DEC 1      0                         0      0        0
  SINCE JAN 1   1325                      1360    -35     1585
..................................................................


WIND (MPH)
  HIGHEST WIND SPEED    18   HIGHEST WIND DIRECTION    NW (310)
  HIGHEST GUST SPEED    24   HIGHEST GUST DIRECTION    NW (310)
  AVERAGE WIND SPEED    11.3


SKY COVER
  POSSIBLE SUNSHINE  MM
  AVERAGE SKY COVER 0.2


WEATHER CONDITIONS
 THE FOLLOWING WEATHER WAS RECORDED TODAY.
  NO SIGNIFICANT WEATHER WAS OBSERVED.


RELATIVE HUMIDITY (PERCENT)
 HIGHEST    80           600 AM
 LOWEST     34           400 PM
 AVERAGE    57

..........................................................


THE KANSAS CITY INTERNATIONAL MO CLIMATE NORMALS FOR TOMORROW
                         NORMAL    RECORD    YEAR
 MAXIMUM TEMPERATURE (F)   42        69      1946
 MINIMUM TEMPERATURE (F)   24        -7      1917


SUNRISE AND SUNSET
DECEMBER  7 2017......SUNRISE   725 AM CST   SUNSET   455 PM CST
DECEMBER  8 2017......SUNRISE   726 AM CST   SUNSET   455 PM CST


-  INDICATES NEGATIVE NUMBERS.
R  INDICATES RECORD WAS SET OR TIED.
MM INDICATES DATA IS MISSING.
T  INDICATES TRACE AMOUNT.


&&

...MISCELLANEOUS CLIMATE DATA FROM TODAY...

LOCATION                HIGH    LOW      PRECIP
ST. JOSEPH               28      14       0.00
DOWNTOWN KANSAS CITY     31      19       0.00
OLATHE NEW CENTURY       30      15       0.00
OLATHE JO CO EXEC        29      16       0.00
LEES SUMMIT              30      17       0.00
KIRKSVILLE               29      17       0.00
CHILLICOTHE              31      17       0.00
SEDALIA                  31      20       0.00
NWS PLEASANT HILL MO     30      15       0.00


THIS PRODUCT...ALONG WITH OTHER WEATHER...HYDROLOGICAL AND CLIMATE
INFORMATION...IS AVAILABLE ON THE WEB AT HTTP://WWW.WEATHER.GOV/EAX
OR AT HTTP://WEATHER.GOV

$$

CUTTER
