000
CDUS43 KEAX 010048
CLIMCI

CLIMATE REPORT
NATIONAL WEATHER SERVICE KANSAS CITY/PLEASANT HILL MO
745 PM CDT MON JUL 31 2017


...................................

...THE KANSAS CITY INTERNATIONAL MO CLIMATE SUMMARY FOR JULY 31 2017...
VALID TODAY AS OF 0700 PM LOCAL TIME.

CLIMATE NORMAL PERIOD 1981 TO 2010
CLIMATE RECORD PERIOD 1888 TO 2017


WEATHER ITEM   OBSERVED TIME   RECORD YEAR NORMAL DEPARTURE LAST
                VALUE   (LST)  VALUE       VALUE  FROM      YEAR
                                                  NORMAL
..................................................................
TEMPERATURE (F)
 TODAY
  MAXIMUM         76    321 PM 106    1970  89    -13       82
  MINIMUM         63    356 AM  54    1925  68     -5       65
  AVERAGE         70                        79     -9       74

PRECIPITATION (IN)
  TODAY            0.03          1.43 1981   0.13  -0.10     1.02
  MONTH TO DATE    5.00                      4.45   0.55     8.76
  SINCE JUN 1     11.43                      9.68   1.75     9.74
  SINCE JAN 1     27.70                     23.51   4.19    30.27

SNOWFALL (IN)
  TODAY            0.0           0.0    MM   0.0    0.0      0.0
  MONTH TO DATE    0.0                       0.0    0.0      0.0
  SINCE JUN 1      0.0                       0.0    0.0      0.0
  SINCE JUL 1      0.0                       0.0    0.0      0.0
  SNOW DEPTH       0

DEGREE DAYS
 HEATING
  TODAY            0                         0      0        0
  MONTH TO DATE    0                         0      0        0
  SINCE JUN 1      1                         9     -8        0
  SINCE JUL 1      0                         0      0        0

 COOLING
  TODAY            5                        14     -9        9
  MONTH TO DATE  446                       414     32      428
  SINCE JUN 1    745                       680     65      845
  SINCE JAN 1    856                       796     60      916
..................................................................


WIND (MPH)
  HIGHEST WIND SPEED     8   HIGHEST WIND DIRECTION    NE (60)
  HIGHEST GUST SPEED    10   HIGHEST GUST DIRECTION    NE (60)
  AVERAGE WIND SPEED     4.1


SKY COVER
  POSSIBLE SUNSHINE  MM
  AVERAGE SKY COVER 0.6


WEATHER CONDITIONS
 THE FOLLOWING WEATHER WAS RECORDED TODAY.
  LIGHT RAIN


RELATIVE HUMIDITY (PERCENT)
 HIGHEST    93           400 AM
 LOWEST     68          1000 AM
 AVERAGE    81

..........................................................


THE KANSAS CITY INTERNATIONAL MO CLIMATE NORMALS FOR TOMORROW
                         NORMAL    RECORD    YEAR
 MAXIMUM TEMPERATURE (F)   89       104      2006
                                             1980
 MINIMUM TEMPERATURE (F)   68        58      1992
                                             1977
                                             1973


SUNRISE AND SUNSET
JULY 31 2017..........SUNRISE   618 AM CDT   SUNSET   832 PM CDT
AUGUST  1 2017........SUNRISE   619 AM CDT   SUNSET   831 PM CDT


-  INDICATES NEGATIVE NUMBERS.
R  INDICATES RECORD WAS SET OR TIED.
MM INDICATES DATA IS MISSING.
T  INDICATES TRACE AMOUNT.


&&

...MISCELLANEOUS CLIMATE DATA FROM TODAY...

LOCATION                HIGH    LOW      PRECIP
ST. JOSEPH               83      60       0.00
DOWNTOWN KANSAS CITY     77      66       0.01
OLATHE NEW CENTURY       76      61       0.01
OLATHE JO CO EXEC        77      64       0.01
LEES SUMMIT              76      64       0.01
KIRKSVILLE               84      57       0.00
CHILLICOTHE              82      59       0.00
SEDALIA                  81      63       T
NWS PLEASANT HILL MO     77      64       0.01


THIS PRODUCT...ALONG WITH OTHER WEATHER...HYDROLOGICAL AND CLIMATE
INFORMATION...IS AVAILABLE ON THE WEB AT HTTP://WWW.WEATHER.GOV/EAX
OR AT HTTP://WEATHER.GOV

$$
