000
CDUS43 KEAX 070041
CLIMCI

CLIMATE REPORT
NATIONAL WEATHER SERVICE KANSAS CITY/PLEASANT HILL MO
738 PM CDT FRI OCT 6 2017


...................................

...THE KANSAS CITY INTERNATIONAL MO CLIMATE SUMMARY FOR OCTOBER 6 2017...
VALID TODAY AS OF 0700 PM LOCAL TIME.

CLIMATE NORMAL PERIOD 1981 TO 2010
CLIMATE RECORD PERIOD 1888 TO 2017


WEATHER ITEM   OBSERVED TIME   RECORD YEAR NORMAL DEPARTURE LAST
                VALUE   (LST)  VALUE       VALUE  FROM      YEAR
                                                  NORMAL
..................................................................
TEMPERATURE (F)
 TODAY
  MAXIMUM         78    305 PM  95    1963  71      7       76
  MINIMUM         67    451 AM  31    1991  49     18       49
                                      1935
  AVERAGE         73                        60     13       63

PRECIPITATION (IN)
  TODAY            0.08          3.01 1941   0.12  -0.04     0.85
  MONTH TO DATE    0.15                      0.74  -0.59     2.36
  SINCE SEP 1      2.95                      5.36  -2.41     7.30
  SINCE JAN 1     40.84                     32.76   8.08    46.73

SNOWFALL (IN)
  TODAY            0.0           T    1891   0.0    0.0      0.0
  MONTH TO DATE    0.0                       0.0    0.0      0.0
  SINCE SEP 1      0.0                       0.0    0.0      0.0
  SINCE JUL 1      0.0                       0.0    0.0      0.0
  SNOW DEPTH       0

DEGREE DAYS
 HEATING
  TODAY            0                         7     -7        2
  MONTH TO DATE    2                        36    -34       11
  SINCE SEP 1     18                       101    -83       32
  SINCE JUL 1     22                       103    -81       32

 COOLING
  TODAY            8                         1      7        0
  MONTH TO DATE   34                        11     23       10
  SINCE SEP 1    239                       170     69      230
  SINCE JAN 1   1317                      1343    -26     1527
..................................................................


WIND (MPH)
  HIGHEST WIND SPEED    23   HIGHEST WIND DIRECTION     S (180)
  HIGHEST GUST SPEED    29   HIGHEST GUST DIRECTION     S (180)
  AVERAGE WIND SPEED    14.3


SKY COVER
  POSSIBLE SUNSHINE  MM
  AVERAGE SKY COVER 0.9


WEATHER CONDITIONS
 THE FOLLOWING WEATHER WAS RECORDED TODAY.
  LIGHT RAIN
  FOG


RELATIVE HUMIDITY (PERCENT)
 HIGHEST    97           900 AM
 LOWEST     74           400 PM
 AVERAGE    86

..........................................................


THE KANSAS CITY INTERNATIONAL MO CLIMATE NORMALS FOR TOMORROW
                         NORMAL    RECORD    YEAR
 MAXIMUM TEMPERATURE (F)   70        98      1939
 MINIMUM TEMPERATURE (F)   49        26      2012


SUNRISE AND SUNSET
OCTOBER  6 2017.......SUNRISE   720 AM CDT   SUNSET   653 PM CDT
OCTOBER  7 2017.......SUNRISE   721 AM CDT   SUNSET   652 PM CDT


-  INDICATES NEGATIVE NUMBERS.
R  INDICATES RECORD WAS SET OR TIED.
MM INDICATES DATA IS MISSING.
T  INDICATES TRACE AMOUNT.


&&

...MISCELLANEOUS CLIMATE DATA FROM TODAY...

LOCATION                HIGH    LOW      PRECIP
ST. JOSEPH               78      68       0.27
DOWNTOWN KANSAS CITY     78      69       0.54
OLATHE NEW CENTURY       76      67       0.20
OLATHE JO CO EXEC        75      67       0.12
LEES SUMMIT              76      68       0.05
KIRKSVILLE               73      66       1.55
CHILLICOTHE              76      66       1.69
SEDALIA                  75      69       0.05
NWS PLEASANT HILL MO     74      67       0.11


THIS PRODUCT...ALONG WITH OTHER WEATHER...HYDROLOGICAL AND CLIMATE
INFORMATION...IS AVAILABLE ON THE WEB AT HTTP://WWW.WEATHER.GOV/EAX
OR AT HTTP://WEATHER.GOV

$$
