000
CDUS43 KEAX 110032
CLIMCI

CLIMATE REPORT
NATIONAL WEATHER SERVICE KANSAS CITY/PLEASANT HILL MO
631 PM CST FRI MAR 10 2017


...................................

...THE KANSAS CITY INTERNATIONAL MO CLIMATE SUMMARY FOR MARCH 10 2017...
VALID TODAY AS OF 0600 PM LOCAL TIME.

CLIMATE NORMAL PERIOD 1981 TO 2010
CLIMATE RECORD PERIOD 1888 TO 2017


WEATHER ITEM   OBSERVED TIME   RECORD YEAR NORMAL DEPARTURE LAST
                VALUE   (LST)  VALUE       VALUE  FROM      YEAR
                                                  NORMAL
..................................................................
TEMPERATURE (F)
 TODAY
  MAXIMUM         42    317 PM  84    1967  53    -11       68
  MINIMUM         25    718 AM   1    1948  31     -6       44
  AVERAGE         34                        42     -8       56

PRECIPITATION (IN)
  TODAY            0.00          1.34 1901   0.07  -0.07     0.00
  MONTH TO DATE    0.32                      0.66  -0.34     0.73
  SINCE MAR 1      0.32                      0.66  -0.34     0.73
  SINCE JAN 1      1.77                      3.19  -1.42     1.89

SNOWFALL (IN)
  TODAY            0.0           6.0  1901   0.1   -0.1      0.0
  MONTH TO DATE    0.0                       0.9   -0.9      0.0
  SINCE MAR 1      0.0                       0.9   -0.9      0.0
  SINCE JUL 1      4.5                      17.1  -12.6      5.3
  SNOW DEPTH       0

DEGREE DAYS
 HEATING
  TODAY           31                        23      8        9
  MONTH TO DATE  173                       247    -74      137
  SINCE MAR 1    173                       247    -74      137
  SINCE JUL 1   3427                      4292   -865     3494

 COOLING
  TODAY            0                         0      0        0
  MONTH TO DATE    0                         0      0        2
  SINCE MAR 1      0                         0      0        2
  SINCE JAN 1      0                         0      0        2
..................................................................


WIND (MPH)
  HIGHEST WIND SPEED    23   HIGHEST WIND DIRECTION     N (20)
  HIGHEST GUST SPEED    28   HIGHEST GUST DIRECTION     N (10)
  AVERAGE WIND SPEED    13.5


SKY COVER
  POSSIBLE SUNSHINE  MM
  AVERAGE SKY COVER 0.5


WEATHER CONDITIONS
 THE FOLLOWING WEATHER WAS RECORDED TODAY.
  NO SIGNIFICANT WEATHER WAS OBSERVED.


RELATIVE HUMIDITY (PERCENT)
 HIGHEST    74           700 AM
 LOWEST     29           300 PM
 AVERAGE    52

..........................................................


THE KANSAS CITY INTERNATIONAL MO CLIMATE NORMALS FOR TOMORROW
                         NORMAL    RECORD    YEAR
 MAXIMUM TEMPERATURE (F)   53        84      1972
 MINIMUM TEMPERATURE (F)   32        -3      1948


SUNRISE AND SUNSET
MARCH 10 2017.........SUNRISE   638 AM CST   SUNSET   621 PM CST
MARCH 11 2017.........SUNRISE   636 AM CST   SUNSET   622 PM CST


-  INDICATES NEGATIVE NUMBERS.
R  INDICATES RECORD WAS SET OR TIED.
MM INDICATES DATA IS MISSING.
T  INDICATES TRACE AMOUNT.


&&

...MISCELLANEOUS CLIMATE DATA FROM TODAY...

LOCATION                HIGH    LOW      PRECIP
ST. JOSEPH               39      22       0.00
DOWNTOWN KANSAS CITY     45      28       0.00
OLATHE NEW CENTURY       44      26       0.00
OLATHE JO CO EXEC        43      27       0.00
LEES SUMMIT              43      27       0.00
KIRKSVILLE               38      23       0.00
CHILLICOTHE              39      25       0.00
SEDALIA                  44      30       0.00
NWS PLEASANT HILL MO     44      27       0.00


THIS PRODUCT...ALONG WITH OTHER WEATHER...HYDROLOGICAL AND CLIMATE
INFORMATION...IS AVAILABLE ON THE WEB AT HTTP://WWW.WEATHER.GOV/EAX
OR AT HTTP://WEATHER.GOV

$$
