000
CDUS43 KEAX 110032
CLIMCI

CLIMATE REPORT
NATIONAL WEATHER SERVICE KANSAS CITY/PLEASANT HILL MO
731 PM CDT WED AUG 10 2016


...................................

...THE KANSAS CITY INTERNATIONAL MO CLIMATE SUMMARY FOR AUGUST 10 2016...
VALID TODAY AS OF 0700 PM LOCAL TIME.

CLIMATE NORMAL PERIOD 1981 TO 2010
CLIMATE RECORD PERIOD 1888 TO 2016


WEATHER ITEM   OBSERVED TIME   RECORD YEAR NORMAL DEPARTURE LAST
                VALUE   (LST)  VALUE       VALUE  FROM      YEAR
                                                  NORMAL
..................................................................
TEMPERATURE (F)
 TODAY
  MAXIMUM         96    342 PM 111    1934  88      8       87
  MINIMUM         74    549 AM  58    2004  68      6       70
                                      1991
                                      1982
  AVERAGE         85                        78      7       79

PRECIPITATION (IN)
  TODAY            0.00          2.11 1921   0.12  -0.12     0.02
  MONTH TO DATE    0.21                      1.20  -0.99     0.35
  SINCE JUN 1      9.95                     10.88  -0.93    14.68
  SINCE JAN 1     30.48                     24.71   5.77    31.28

SNOWFALL (IN)
  TODAY            0.0           0.0    MM   0.0    0.0      0.0
  MONTH TO DATE    0.0                       0.0    0.0      0.0
  SINCE JUN 1      0.0                       0.0    0.0      0.0
  SINCE JUL 1      0.0                       0.0    0.0      0.0
  SNOW DEPTH       0

DEGREE DAYS
 HEATING
  TODAY            0                         0      0        0
  MONTH TO DATE    0                         0      0        0
  SINCE JUN 1      0                         9     -9        5
  SINCE JUL 1      0                         0      0        2

 COOLING
  TODAY           20                        13      7       14
  MONTH TO DATE  142                       131     11      137
  SINCE JUN 1    987                       811    176      840
  SINCE JAN 1   1058                       927    131      908
..................................................................


WIND (MPH)
  HIGHEST WIND SPEED    16   HIGHEST WIND DIRECTION     S (160)
  HIGHEST GUST SPEED    22   HIGHEST GUST DIRECTION     S (190)
  AVERAGE WIND SPEED     8.6


SKY COVER
  POSSIBLE SUNSHINE  MM
  AVERAGE SKY COVER 0.2


WEATHER CONDITIONS
 THE FOLLOWING WEATHER WAS RECORDED TODAY.
  THUNDERSTORM
  FOG
  HAZE


RELATIVE HUMIDITY (PERCENT)
 HIGHEST    94           200 AM
 LOWEST     43           300 PM
 AVERAGE    69

..........................................................


THE KANSAS CITY INTERNATIONAL MO CLIMATE NORMALS FOR TOMORROW
                         NORMAL    RECORD    YEAR
 MAXIMUM TEMPERATURE (F)   88       107      1934
 MINIMUM TEMPERATURE (F)   68        55      2004


SUNRISE AND SUNSET
AUGUST 10 2016........SUNRISE   628 AM CDT   SUNSET   820 PM CDT
AUGUST 11 2016........SUNRISE   629 AM CDT   SUNSET   819 PM CDT


-  INDICATES NEGATIVE NUMBERS.
R  INDICATES RECORD WAS SET OR TIED.
MM INDICATES DATA IS MISSING.
T  INDICATES TRACE AMOUNT.


&&

...MISCELLANEOUS CLIMATE DATA FROM TODAY...

LOCATION                HIGH    LOW      PRECIP
ST. JOSEPH               94      75       0.00
DOWNTOWN KANSAS CITY     98      78       0.00
OLATHE NEW CENTURY       95      73       0.00
OLATHE JO CO EXEC        93      72       0.00
LEES SUMMIT              94      77       0.00
KIRKSVILLE               92      70       0.01
CHILLICOTHE              94      74       0.00
SEDALIA                  93      76       0.00
NWS PLEASANT HILL MO     93      74       0.00


THIS PRODUCT...ALONG WITH OTHER WEATHER...HYDROLOGICAL AND CLIMATE
INFORMATION...IS AVAILABLE ON THE WEB AT HTTP://WWW.WEATHER.GOV/EAX
OR AT HTTP://WEATHER.GOV

$$

73
