000
CDUS43 KEAX 150643
CLIMCI

CLIMATE REPORT
NATIONAL WEATHER SERVICE KANSAS CITY/PLEASANT HILL MO
143 AM CDT FRI MAY 15 2015


...................................

...THE KANSAS CITY INTERNATIONAL MO CLIMATE SUMMARY FOR MAY 14 2015...

CLIMATE NORMAL PERIOD 1981 TO 2010
CLIMATE RECORD PERIOD 1888 TO 2015


WEATHER ITEM   OBSERVED TIME   RECORD YEAR NORMAL DEPARTURE LAST
                VALUE   (LST)  VALUE       VALUE  FROM      YEAR
                                                  NORMAL
..................................................................
TEMPERATURE (F)
 YESTERDAY
  MAXIMUM         74    458 PM  91    2013  74      0       60
                                      1941
  MINIMUM         56    507 AM  40    1907  54      2       45
  AVERAGE         65                        64      1       53

PRECIPITATION (IN)
  YESTERDAY        0.76          2.30 1909   0.17   0.59     0.00
  MONTH TO DATE    2.98                      2.35   0.63     0.77
  SINCE MAR 1      7.15                      8.42  -1.27     6.31
  SINCE JAN 1      9.33                     10.95  -1.62     8.06

SNOWFALL (IN)
  YESTERDAY        0.0           0.0    MM   0.0    0.0      0.0
  MONTH TO DATE    0.0                       0.0    0.0      0.0
  SINCE MAR 1      T                         2.6   -2.6      3.6
  SINCE JUL 1     14.2                      18.8   -4.6     26.2
  SNOW DEPTH       0

DEGREE DAYS
 HEATING
  YESTERDAY        0                         4     -4       12
  MONTH TO DATE   33                        67    -34       58
  SINCE MAR 1    839                      1042   -203     1164
  SINCE JUL 1   5053                      5087    -34     5730

 COOLING
  YESTERDAY        0                         2     -2        0
  MONTH TO DATE   27                        22      5       47
  SINCE MAR 1     36                        50    -14       56
  SINCE JAN 1     36                        50    -14       56
..................................................................


WIND (MPH)
  HIGHEST WIND SPEED    25   HIGHEST WIND DIRECTION    SE (150)
  HIGHEST GUST SPEED    31   HIGHEST GUST DIRECTION    SE (150)
  AVERAGE WIND SPEED    12.7


SKY COVER
  POSSIBLE SUNSHINE  MM
  AVERAGE SKY COVER 0.8


WEATHER CONDITIONS
 THE FOLLOWING WEATHER WAS RECORDED YESTERDAY.
  HEAVY RAIN
  RAIN
  LIGHT RAIN
  FOG


RELATIVE HUMIDITY (PERCENT)
 HIGHEST   100           500 AM
 LOWEST     73           600 PM
 AVERAGE    87

..........................................................


THE KANSAS CITY INTERNATIONAL MO CLIMATE NORMALS FOR TODAY
                         NORMAL    RECORD    YEAR
 MAXIMUM TEMPERATURE (F)   75        91      1941
 MINIMUM TEMPERATURE (F)   54        34      1907


SUNRISE AND SUNSET
MAY 15 2015...........SUNRISE   606 AM CDT   SUNSET   825 PM CDT
MAY 16 2015...........SUNRISE   605 AM CDT   SUNSET   826 PM CDT


-  INDICATES NEGATIVE NUMBERS.
R  INDICATES RECORD WAS SET OR TIED.
MM INDICATES DATA IS MISSING.
T  INDICATES TRACE AMOUNT.



&&

...MISCELLANEOUS CLIMATE DATA FROM YESTERDAY...

LOCATION                HIGH    LOW      PRECIP
ST. JOSEPH               73      57       0.49
DOWNTOWN KANSAS CITY     76      58       0.38
OLATHE NEW CENTURY       76      55       0.72
OLATHE JO CO EXEC        76      55       0.55
LEES SUMMIT              75      56       0.55
KIRKSVILLE               65      54       0.45
CHILLICOTHE              70      56       0.45
SEDALIA                  75      57       0.45
NWS PLEASANT HILL MO     74      55       0.51


THIS PRODUCT...ALONG WITH OTHER WEATHER...HYDROLOGICAL AND CLIMATE
INFORMATION...IS AVAILABLE ON THE WEB AT HTTP://WWW.CRH.NOAA.GOV/EAX
OR AT HTTP://WEATHER.GOV

$$

CUTTER
