000
CDUS43 KEAX 030637
CLIMCI

CLIMATE REPORT
NATIONAL WEATHER SERVICE KANSAS CITY/PLEASANT HILL MO
135 AM CDT THU AUG 3 2017


...................................

...THE KANSAS CITY INTERNATIONAL MO CLIMATE SUMMARY FOR AUGUST 2 2017...

CLIMATE NORMAL PERIOD 1981 TO 2010
CLIMATE RECORD PERIOD 1888 TO 2017


WEATHER ITEM   OBSERVED TIME   RECORD YEAR NORMAL DEPARTURE LAST
                VALUE   (LST)  VALUE       VALUE  FROM      YEAR
                                                  NORMAL
..................................................................
TEMPERATURE (F)
 YESTERDAY
  MAXIMUM         88    227 PM 107    2011  89     -1       89
  MINIMUM         64    259 AM  57    2009  68     -4       73
                                      1986
                                      1927
  AVERAGE         76                        78     -2       81

PRECIPITATION (IN)
  YESTERDAY        0.00          2.22 1910   0.12  -0.12      T
  MONTH TO DATE    0.00                      0.24  -0.24     0.17
  SINCE JUN 1     11.43                      9.92   1.51     9.91
  SINCE JAN 1     27.70                     23.75   3.95    30.44

SNOWFALL (IN)
  YESTERDAY        0.0           0.0    MM   0.0    0.0      0.0
  MONTH TO DATE    0.0                       0.0    0.0      0.0
  SINCE JUN 1      0.0                       0.0    0.0      0.0
  SINCE JUL 1      0.0                       0.0    0.0      0.0
  SNOW DEPTH       0

DEGREE DAYS
 HEATING
  YESTERDAY        0                         0      0        0
  MONTH TO DATE    0                         0      0        0
  SINCE JUN 1      1                         9     -8        0
  SINCE JUL 1      0                         0      0        0

 COOLING
  YESTERDAY       11                        13     -2       16
  MONTH TO DATE   19                        27     -8       28
  SINCE JUN 1    764                       707     57      873
  SINCE JAN 1    875                       823     52      944
..................................................................


WIND (MPH)
  HIGHEST WIND SPEED     9   HIGHEST WIND DIRECTION     W (290)
  HIGHEST GUST SPEED    11   HIGHEST GUST DIRECTION    SW (240)
  AVERAGE WIND SPEED     4.3


SKY COVER
  POSSIBLE SUNSHINE  MM
  AVERAGE SKY COVER 0.5


WEATHER CONDITIONS
 THE FOLLOWING WEATHER WAS RECORDED YESTERDAY.
  FOG
  HAZE


RELATIVE HUMIDITY (PERCENT)
 HIGHEST   100           500 AM
 LOWEST     50           200 PM
 AVERAGE    75

..........................................................


THE KANSAS CITY INTERNATIONAL MO CLIMATE NORMALS FOR TODAY
                         NORMAL    RECORD    YEAR
 MAXIMUM TEMPERATURE (F)   89       108      1918
 MINIMUM TEMPERATURE (F)   68        53      1974


SUNRISE AND SUNSET
AUGUST  3 2017........SUNRISE   621 AM CDT   SUNSET   828 PM CDT
AUGUST  4 2017........SUNRISE   622 AM CDT   SUNSET   827 PM CDT


-  INDICATES NEGATIVE NUMBERS.
R  INDICATES RECORD WAS SET OR TIED.
MM INDICATES DATA IS MISSING.
T  INDICATES TRACE AMOUNT.


&&

...MISCELLANEOUS CLIMATE DATA FROM YESTERDAY...

LOCATION                HIGH    LOW      PRECIP
ST. JOSEPH               88      58       0.00
DOWNTOWN KANSAS CITY     90      68       0.00
OLATHE NEW CENTURY       88      63       0.00
OLATHE JO CO EXEC        85      63       0.00
LEES SUMMIT              88      65       0.00
KIRKSVILLE               89      60       0.14
CHILLICOTHE              90      62       0.00
SEDALIA                  88      66       0.00
NWS PLEASANT HILL MO     87      66       0.00


THIS PRODUCT...ALONG WITH OTHER WEATHER...HYDROLOGICAL AND CLIMATE
INFORMATION...IS AVAILABLE ON THE WEB AT HTTP://WWW.WEATHER.GOV/EAX
OR AT HTTP://WEATHER.GOV

$$
