000
CDUS43 KEAX 190641
CLIMCI

CLIMATE REPORT
NATIONAL WEATHER SERVICE KANSAS CITY/PLEASANT HILL MO
1233 AM CST MON JAN 19 2015


...................................

...THE KANSAS CITY INTERNATIONAL MO CLIMATE SUMMARY FOR JANUARY 18 2015...

CLIMATE NORMAL PERIOD 1981 TO 2010
CLIMATE RECORD PERIOD 1888 TO 2015


WEATHER ITEM   OBSERVED TIME   RECORD YEAR NORMAL DEPARTURE LAST
                VALUE   (LST)  VALUE       VALUE  FROM      YEAR
                                                  NORMAL
..................................................................
TEMPERATURE (F)
 YESTERDAY
  MAXIMUM         59    217 PM  70    1951  38     21       49
  MINIMUM         30    749 AM -12    1940  19     11       20
  AVERAGE         45                        29     16       35

PRECIPITATION (IN)
  YESTERDAY        0.00          0.96 1907   0.04  -0.04      T
  MONTH TO DATE    0.12                      0.57  -0.45     0.36
  SINCE DEC 1      1.95                      2.10  -0.15     1.16
  SINCE JAN 1      0.12                      0.57  -0.45     0.36

SNOWFALL (IN)
  YESTERDAY        0.0          11.8  1962   0.1   -0.1      0.0
  MONTH TO DATE    1.6                       2.5   -0.9      5.1
  SINCE DEC 1      4.2                       7.3   -3.1     10.8
  SINCE JUL 1      4.7                       8.7   -4.0     10.8
  SNOW DEPTH       0

DEGREE DAYS
 HEATING
  YESTERDAY       20                        36    -16       30
  MONTH TO DATE  709                       648     61      722
  SINCE DEC 1   1652                      1688    -36     1854
  SINCE JUL 1   2773                      2690     83     2919

 COOLING
  YESTERDAY        0                         0      0        0
  MONTH TO DATE    0                         0      0        0
  SINCE DEC 1      0                         0      0        0
  SINCE JAN 1      0                         0      0        0
..................................................................


WIND (MPH)
  HIGHEST WIND SPEED    14   HIGHEST WIND DIRECTION     W (280)
  HIGHEST GUST SPEED    19   HIGHEST GUST DIRECTION     W (280)
  AVERAGE WIND SPEED     7.0


SKY COVER
  POSSIBLE SUNSHINE  MM
  AVERAGE SKY COVER 0.3


WEATHER CONDITIONS
 THE FOLLOWING WEATHER WAS RECORDED YESTERDAY.
  NO SIGNIFICANT WEATHER WAS OBSERVED.


RELATIVE HUMIDITY (PERCENT)
 HIGHEST    69           800 AM
 LOWEST     28           200 PM
 AVERAGE    49

..........................................................


THE KANSAS CITY INTERNATIONAL MO CLIMATE NORMALS FOR TODAY
                         NORMAL    RECORD    YEAR
 MAXIMUM TEMPERATURE (F)   38        66      1906
 MINIMUM TEMPERATURE (F)   19       -17      1892


SUNRISE AND SUNSET
JANUARY 19 2015.......SUNRISE   735 AM CST   SUNSET   524 PM CST
JANUARY 20 2015.......SUNRISE   735 AM CST   SUNSET   525 PM CST


-  INDICATES NEGATIVE NUMBERS.
R  INDICATES RECORD WAS SET OR TIED.
MM INDICATES DATA IS MISSING.
T  INDICATES TRACE AMOUNT.




&&

...MISCELLANEOUS CLIMATE DATA FROM YESTERDAY...

LOCATION                HIGH    LOW      PRECIP
ST. JOSEPH               59      20       0.00
DOWNTOWN KANSAS CITY     61      31       0.00
OLATHE NEW CENTURY       61      28       0.00
OLATHE JO CO EXEC        61      27       0.00
LEES SUMMIT              61      30       0.00
KIRKSVILLE               55      27       0.00
CHILLICOTHE              57      30       0.00
SEDALIA                  60      32       0.00
NWS PLEASANT HILL MO     61      29       0.00


THIS PRODUCT...ALONG WITH OTHER WEATHER...HYDROLOGICAL AND CLIMATE
INFORMATION...IS AVAILABLE ON THE WEB AT HTTP://WWW.CRH.NOAA.GOV/EAX
OR AT HTTP://WEATHER.GOV

$$

CDB
