000
CDUS43 KEAX 180633
CLIMCI

CLIMATE REPORT
NATIONAL WEATHER SERVICE KANSAS CITY/PLEASANT HILL MO
1232 AM CST FRI NOV 18 2016


...................................

...THE KANSAS CITY INTERNATIONAL MO CLIMATE SUMMARY FOR NOVEMBER 17 2016...

CLIMATE NORMAL PERIOD 1981 TO 2010
CLIMATE RECORD PERIOD 1888 TO 2016


WEATHER ITEM   OBSERVED TIME   RECORD YEAR NORMAL DEPARTURE LAST
                VALUE   (LST)  VALUE       VALUE  FROM      YEAR
                                                  NORMAL
..................................................................
TEMPERATURE (F)
 YESTERDAY
  MAXIMUM         76R   202 PM  75    1999  52     24       61
                                      1969
                                      1941
  MINIMUM         65    817 AM   7    1959  33     32       48
  AVERAGE         71                        43     28       55

PRECIPITATION (IN)
  YESTERDAY        0.00          1.31 2015   0.06  -0.06     1.31
  MONTH TO DATE    0.31                      1.29  -0.98     1.64
  SINCE SEP 1      7.83                      9.07  -1.24     8.65
  SINCE JAN 1     47.26                     36.47  10.79    40.56

SNOWFALL (IN)
  YESTERDAY        0.0           3.0  1892   0.1   -0.1      0.0
  MONTH TO DATE    0.0                       0.4   -0.4      0.0
  SINCE SEP 1      0.0                       0.6   -0.6      0.0
  SINCE JUL 1      0.0                       0.6   -0.6      0.0
  SNOW DEPTH       0

DEGREE DAYS
 HEATING
  YESTERDAY        0                        22    -22       10
  MONTH TO DATE  152                       309   -157      185
  SINCE SEP 1    317                       667   -350      431
  SINCE JUL 1    317                       669   -352      434

 COOLING
  YESTERDAY        6                         0      6        0
  MONTH TO DATE   13                         0     13        0
  SINCE SEP 1    288                       185    103      295
  SINCE JAN 1   1585                      1358    227     1370
..................................................................


WIND (MPH)
  HIGHEST WIND SPEED    32   HIGHEST WIND DIRECTION    SW (210)
  HIGHEST GUST SPEED    43   HIGHEST GUST DIRECTION    SW (220)
  AVERAGE WIND SPEED    21.0


SKY COVER
  POSSIBLE SUNSHINE  MM
  AVERAGE SKY COVER 0.7


WEATHER CONDITIONS
 THE FOLLOWING WEATHER WAS RECORDED YESTERDAY.
  HAZE


RELATIVE HUMIDITY (PERCENT)
 HIGHEST    63          1100 PM
 LOWEST     36           100 PM
 AVERAGE    50

..........................................................


THE KANSAS CITY INTERNATIONAL MO CLIMATE NORMALS FOR TODAY
                         NORMAL    RECORD    YEAR
 MAXIMUM TEMPERATURE (F)   52        78      1976
 MINIMUM TEMPERATURE (F)   33         6      2014


SUNRISE AND SUNSET
NOVEMBER 18 2016......SUNRISE   706 AM CST   SUNSET   502 PM CST
NOVEMBER 19 2016......SUNRISE   707 AM CST   SUNSET   501 PM CST


-  INDICATES NEGATIVE NUMBERS.
R  INDICATES RECORD WAS SET OR TIED.
MM INDICATES DATA IS MISSING.
T  INDICATES TRACE AMOUNT.


&&

...MISCELLANEOUS CLIMATE DATA FROM YESTERDAY...

LOCATION                HIGH    LOW      PRECIP
ST. JOSEPH               75      64       0.00
DOWNTOWN KANSAS CITY     79      66       0.00
OLATHE NEW CENTURY       75      63       0.00
OLATHE JO CO EXEC        75      64       0.00
LEES SUMMIT              77      64       0.00
KIRKSVILLE               76      50       0.00
CHILLICOTHE              77      55       0.00
SEDALIA                  79      64       0.00
NWS PLEASANT HILL MO     76      62       0.00


THIS PRODUCT...ALONG WITH OTHER WEATHER...HYDROLOGICAL AND CLIMATE
INFORMATION...IS AVAILABLE ON THE WEB AT HTTP://WWW.WEATHER.GOV/EAX
OR AT HTTP://WEATHER.GOV

$$

73
