000
CDUS43 KEAX 290636
CLIMCI

CLIMATE REPORT
NATIONAL WEATHER SERVICE KANSAS CITY/PLEASANT HILL MO
1234 AM CST THU JAN 29 2015


...................................

...THE KANSAS CITY INTERNATIONAL MO CLIMATE SUMMARY FOR JANUARY 28 2015...

CLIMATE NORMAL PERIOD 1981 TO 2010
CLIMATE RECORD PERIOD 1888 TO 2015


WEATHER ITEM   OBSERVED TIME   RECORD YEAR NORMAL DEPARTURE LAST
                VALUE   (LST)  VALUE       VALUE  FROM      YEAR
                                                  NORMAL
..................................................................
TEMPERATURE (F)
 YESTERDAY
  MAXIMUM         73    352 PM  74    2013  39     34       24
  MINIMUM         39    738 AM -14    1997  20     19        0
  AVERAGE         56                        29     27       12

PRECIPITATION (IN)
  YESTERDAY        0.00          0.76 2001   0.04  -0.04     0.00
  MONTH TO DATE    0.21                      0.94  -0.73     0.36
  SINCE DEC 1      2.05                      2.47  -0.42     1.16
  SINCE JAN 1      0.21                      0.94  -0.73     0.36

SNOWFALL (IN)
  YESTERDAY        0.0           3.0  2005   0.2   -0.2      0.0
  MONTH TO DATE    1.6                       4.1   -2.5      5.1
  SINCE DEC 1      4.2                       8.9   -4.7     10.8
  SINCE JUL 1      4.7                      10.3   -5.6     10.8
  SNOW DEPTH       0

DEGREE DAYS
 HEATING
  YESTERDAY        9                        36    -27       53
  MONTH TO DATE  946                      1008    -62     1137
  SINCE DEC 1   1889                      2048   -159     2269
  SINCE JUL 1   3010                      3050    -40     3334

 COOLING
  YESTERDAY        0                         0      0        0
  MONTH TO DATE    0                         0      0        0
  SINCE DEC 1      0                         0      0        0
  SINCE JAN 1      0                         0      0        0
..................................................................


WIND (MPH)
  HIGHEST WIND SPEED    25   HIGHEST WIND DIRECTION     S (200)
  HIGHEST GUST SPEED    34   HIGHEST GUST DIRECTION    NW (320)
  AVERAGE WIND SPEED    14.7


SKY COVER
  POSSIBLE SUNSHINE  MM
  AVERAGE SKY COVER 0.4


WEATHER CONDITIONS
 THE FOLLOWING WEATHER WAS RECORDED YESTERDAY.
  HAZE


RELATIVE HUMIDITY (PERCENT)
 HIGHEST    70          1200 AM
 LOWEST     29           200 PM
 AVERAGE    50

..........................................................


THE KANSAS CITY INTERNATIONAL MO CLIMATE NORMALS FOR TODAY
                         NORMAL    RECORD    YEAR
 MAXIMUM TEMPERATURE (F)   39        68      2013
 MINIMUM TEMPERATURE (F)   20        -7      1977
                                             1966


SUNRISE AND SUNSET
JANUARY 29 2015.......SUNRISE   729 AM CST   SUNSET   536 PM CST
JANUARY 30 2015.......SUNRISE   728 AM CST   SUNSET   537 PM CST


-  INDICATES NEGATIVE NUMBERS.
R  INDICATES RECORD WAS SET OR TIED.
MM INDICATES DATA IS MISSING.
T  INDICATES TRACE AMOUNT.



&&

...MISCELLANEOUS CLIMATE DATA FROM YESTERDAY...

LOCATION                HIGH    LOW      PRECIP
ST. JOSEPH               73      34       0.00
DOWNTOWN KANSAS CITY     76      37       0.00
OLATHE NEW CENTURY       74      41       0.00
OLATHE JO CO EXEC        74      38       0.00
LEES SUMMIT              73      41       0.00
KIRKSVILLE               54      28       0.00
CHILLICOTHE              66      33       0.00
SEDALIA                  69      36       0.00
NWS PLEASANT HILL MO     71      37       0.00


THIS PRODUCT...ALONG WITH OTHER WEATHER...HYDROLOGICAL AND CLIMATE
INFORMATION...IS AVAILABLE ON THE WEB AT HTTP://WWW.CRH.NOAA.GOV/EAX
OR AT HTTP://WEATHER.GOV

$$

73
