000
CDUS43 KEAX 210646
CLIMCI

CLIMATE REPORT
NATIONAL WEATHER SERVICE KANSAS CITY/PLEASANT HILL MO
131 AM CDT MON AUG 21 2017


...................................

...THE KANSAS CITY INTERNATIONAL MO CLIMATE SUMMARY FOR AUGUST 20 2017...

CLIMATE NORMAL PERIOD 1981 TO 2010
CLIMATE RECORD PERIOD 1888 TO 2017


WEATHER ITEM   OBSERVED TIME   RECORD YEAR NORMAL DEPARTURE LAST
                VALUE   (LST)  VALUE       VALUE  FROM      YEAR
                                                  NORMAL
..................................................................
TEMPERATURE (F)
 YESTERDAY
  MAXIMUM         87    211 PM 103    2003  87      0       74
                                      1936
  MINIMUM         68    526 AM  49    1950  67      1       56
  AVERAGE         78                        77      1       65

PRECIPITATION (IN)
  YESTERDAY        0.76          2.40 2011   0.12   0.64      T
  MONTH TO DATE    3.51                      2.42   1.09     1.57
  SINCE JUN 1     14.94                     12.10   2.84    11.31
  SINCE JAN 1     31.21                     25.93   5.28    31.84

SNOWFALL (IN)
  YESTERDAY        0.0           0.0    MM   0.0    0.0      0.0
  MONTH TO DATE    0.0                       0.0    0.0      0.0
  SINCE JUN 1      0.0                       0.0    0.0      0.0
  SINCE JUL 1      0.0                       0.0    0.0      0.0
  SNOW DEPTH       0

DEGREE DAYS
 HEATING
  YESTERDAY        0                         0      0        0
  MONTH TO DATE    4                         0      4        0
  SINCE JUN 1      5                         9     -4        0
  SINCE JUL 1      4                         0      4        0

 COOLING
  YESTERDAY       13                        12      1        0
  MONTH TO DATE  162                       257    -95      265
  SINCE JUN 1    907                       937    -30     1110
  SINCE JAN 1   1018                      1053    -35     1181
..................................................................


WIND (MPH)
  HIGHEST WIND SPEED    38   HIGHEST WIND DIRECTION     N (340)
  HIGHEST GUST SPEED    47   HIGHEST GUST DIRECTION     N (350)
  AVERAGE WIND SPEED    12.2


SKY COVER
  POSSIBLE SUNSHINE  MM
  AVERAGE SKY COVER 0.6


WEATHER CONDITIONS
 THE FOLLOWING WEATHER WAS RECORDED YESTERDAY.
  THUNDERSTORM
  HEAVY RAIN
  LIGHT RAIN
  FOG


RELATIVE HUMIDITY (PERCENT)
 HIGHEST    88          1200 AM
 LOWEST     59           200 PM
 AVERAGE    74

..........................................................


THE KANSAS CITY INTERNATIONAL MO CLIMATE NORMALS FOR TODAY
                         NORMAL    RECORD    YEAR
 MAXIMUM TEMPERATURE (F)   87       106      2003
 MINIMUM TEMPERATURE (F)   66        53      2004
                                             1956
                                             1950


SUNRISE AND SUNSET
AUGUST 21 2017........SUNRISE   638 AM CDT   SUNSET   806 PM CDT
AUGUST 22 2017........SUNRISE   638 AM CDT   SUNSET   804 PM CDT


-  INDICATES NEGATIVE NUMBERS.
R  INDICATES RECORD WAS SET OR TIED.
MM INDICATES DATA IS MISSING.
T  INDICATES TRACE AMOUNT.


&&

...MISCELLANEOUS CLIMATE DATA FROM YESTERDAY...

LOCATION                HIGH    LOW      PRECIP
ST. JOSEPH               87      68       0.33
DOWNTOWN KANSAS CITY     90      70       0.45
OLATHE NEW CENTURY       89      70       0.00
OLATHE JO CO EXEC        87      69       0.00
LEES SUMMIT              88      68       0.11
KIRKSVILLE               89      61       0.30
CHILLICOTHE              87      69       0.61
SEDALIA                  90      71       T
NWS PLEASANT HILL MO     90      68       T


THIS PRODUCT...ALONG WITH OTHER WEATHER...HYDROLOGICAL AND CLIMATE
INFORMATION...IS AVAILABLE ON THE WEB AT HTTP://WWW.WEATHER.GOV/EAX
OR AT HTTP://WEATHER.GOV

$$
