000
CDUS43 KEAX 280636
CLIMCI

CLIMATE REPORT
NATIONAL WEATHER SERVICE KANSAS CITY/PLEASANT HILL MO
134 AM CDT FRI AUG 28 2015


...................................

...THE KANSAS CITY INTERNATIONAL MO CLIMATE SUMMARY FOR AUGUST 27 2015...

CLIMATE NORMAL PERIOD 1981 TO 2010
CLIMATE RECORD PERIOD 1888 TO 2015


WEATHER ITEM   OBSERVED TIME   RECORD YEAR NORMAL DEPARTURE LAST
                VALUE   (LST)  VALUE       VALUE  FROM      YEAR
                                                  NORMAL
..................................................................
TEMPERATURE (F)
 YESTERDAY
  MAXIMUM         77    338 PM 104    1936  86     -9       86
  MINIMUM         63    220 AM  53    1967  65     -2       70
  AVERAGE         70                        75     -5       78

PRECIPITATION (IN)
  YESTERDAY        0.01          3.33 2006   0.13  -0.12     0.02
  MONTH TO DATE    0.98                      3.35  -2.37     4.76
  SINCE JUN 1     15.31                     13.03   2.28    14.71
  SINCE JAN 1     31.91                     26.86   5.05    23.33

SNOWFALL (IN)
  YESTERDAY        0.0           0.0    MM   0.0    0.0      0.0
  MONTH TO DATE    0.0                       0.0    0.0      0.0
  SINCE JUN 1      0.0                       0.0    0.0      0.0
  SINCE JUL 1      0.0                       0.0    0.0      0.0
  SNOW DEPTH       0

DEGREE DAYS
 HEATING
  YESTERDAY        0                         0      0        0
  MONTH TO DATE    1                         0      1        0
  SINCE JUN 1      6                         9     -3        3
  SINCE JUL 1      3                         0      3        2

 COOLING
  YESTERDAY        5                        11     -6       13
  MONTH TO DATE  264                       336    -72      341
  SINCE JUN 1    967                      1016    -49      904
  SINCE JAN 1   1035                      1132    -97     1065
..................................................................


WIND (MPH)
  HIGHEST WIND SPEED    24   HIGHEST WIND DIRECTION    NE (40)
  HIGHEST GUST SPEED    32   HIGHEST GUST DIRECTION    NE (40)
  AVERAGE WIND SPEED    11.6


SKY COVER
  POSSIBLE SUNSHINE  MM
  AVERAGE SKY COVER 0.7


WEATHER CONDITIONS
 THE FOLLOWING WEATHER WAS RECORDED YESTERDAY.
  THUNDERSTORM
  LIGHT RAIN


RELATIVE HUMIDITY (PERCENT)
 HIGHEST    84          1100 PM
 LOWEST     53           800 PM
 AVERAGE    69

..........................................................


THE KANSAS CITY INTERNATIONAL MO CLIMATE NORMALS FOR TODAY
                         NORMAL    RECORD    YEAR
 MAXIMUM TEMPERATURE (F)   86       105      2000
 MINIMUM TEMPERATURE (F)   65        43      1986


SUNRISE AND SUNSET
AUGUST 28 2015........SUNRISE   643 AM CDT   SUNSET   756 PM CDT
AUGUST 29 2015........SUNRISE   644 AM CDT   SUNSET   755 PM CDT


-  INDICATES NEGATIVE NUMBERS.
R  INDICATES RECORD WAS SET OR TIED.
MM INDICATES DATA IS MISSING.
T  INDICATES TRACE AMOUNT.


&&

...MISCELLANEOUS CLIMATE DATA FROM YESTERDAY...

LOCATION                HIGH    LOW      PRECIP
ST. JOSEPH               80      60       0.02
DOWNTOWN KANSAS CITY     77      66       0.06
OLATHE NEW CENTURY       77      62       0.29
OLATHE JO CO EXEC        73      60       2.06
LEES SUMMIT              73      63       1.27
KIRKSVILLE               76      53       0.00
CHILLICOTHE              77      57       0.00
SEDALIA                  77      56       0.00
NWS PLEASANT HILL MO     74      60       T


THIS PRODUCT...ALONG WITH OTHER WEATHER...HYDROLOGICAL AND CLIMATE
INFORMATION...IS AVAILABLE ON THE WEB AT HTTP://WWW.WEATHER.GOV/EAX
OR AT HTTP://WEATHER.GOV

$$
