000
CDUS43 KEAX 030639
CLIMCI

CLIMATE REPORT
NATIONAL WEATHER SERVICE KANSAS CITY/PLEASANT HILL MO
137 AM CDT FRI JUL 3 2015


...................................

...THE KANSAS CITY INTERNATIONAL MO CLIMATE SUMMARY FOR JULY 2 2015...

CLIMATE NORMAL PERIOD 1981 TO 2010
CLIMATE RECORD PERIOD 1888 TO 2015


WEATHER ITEM   OBSERVED TIME   RECORD YEAR NORMAL DEPARTURE LAST
                VALUE   (LST)  VALUE       VALUE  FROM      YEAR
                                                  NORMAL
..................................................................
TEMPERATURE (F)
 YESTERDAY
  MAXIMUM         74    149 AM 105    1934  87    -13       71
  MINIMUM         67   1159 PM  53    1924  68     -1       56
  AVERAGE         71                        77     -6       64

PRECIPITATION (IN)
  YESTERDAY        0.11          3.24 1905   0.17  -0.06     0.00
  MONTH TO DATE    0.57                      0.33   0.24     0.00
  SINCE JUN 1      8.15                      5.56   2.59     6.91
  SINCE JAN 1     24.75                     19.39   5.36    15.53

SNOWFALL (IN)
  YESTERDAY        0.0           0.0    MM   0.0    0.0      0.0
  MONTH TO DATE    0.0                       0.0    0.0      0.0
  SINCE JUN 1      0.0                       0.0    0.0      0.0
  SINCE JUL 1      0.0                       0.0    0.0      0.0
  SNOW DEPTH       0

DEGREE DAYS
 HEATING
  YESTERDAY        0                         0      0        1
  MONTH TO DATE    0                         0      0        1
  SINCE JUN 1      3                         9     -6        2
  SINCE JUL 1      0                         0      0        1

 COOLING
  YESTERDAY        6                        12     -6        0
  MONTH TO DATE   18                        24     -6        9
  SINCE JUN 1    323                       290     33      286
  SINCE JAN 1    391                       406    -15      447
..................................................................


WIND (MPH)
  HIGHEST WIND SPEED    15   HIGHEST WIND DIRECTION    NE (50)
  HIGHEST GUST SPEED    17   HIGHEST GUST DIRECTION    NE (60)
  AVERAGE WIND SPEED     8.5


SKY COVER
  POSSIBLE SUNSHINE  MM
  AVERAGE SKY COVER 0.9


WEATHER CONDITIONS
 THE FOLLOWING WEATHER WAS RECORDED YESTERDAY.
  LIGHT RAIN
  FOG


RELATIVE HUMIDITY (PERCENT)
 HIGHEST    93           400 AM
 LOWEST     84          1100 AM
 AVERAGE    89

..........................................................


THE KANSAS CITY INTERNATIONAL MO CLIMATE NORMALS FOR TODAY
                         NORMAL    RECORD    YEAR
 MAXIMUM TEMPERATURE (F)   87       103      1954
                                             1936
                                             1934
 MINIMUM TEMPERATURE (F)   68        53      2014


SUNRISE AND SUNSET
JULY  3 2015..........SUNRISE   557 AM CDT   SUNSET   849 PM CDT
JULY  4 2015..........SUNRISE   557 AM CDT   SUNSET   849 PM CDT


-  INDICATES NEGATIVE NUMBERS.
R  INDICATES RECORD WAS SET OR TIED.
MM INDICATES DATA IS MISSING.
T  INDICATES TRACE AMOUNT.



&&

...MISCELLANEOUS CLIMATE DATA FROM YESTERDAY...

LOCATION                HIGH    LOW      PRECIP
ST. JOSEPH               74      66       0.06
DOWNTOWN KANSAS CITY     77      69       T
OLATHE NEW CENTURY       76      69       0.03
OLATHE JO CO EXEC        73      67       0.17
LEES SUMMIT              74      69       T
KIRKSVILLE               73      63       T
CHILLICOTHE              75      65       0.00
SEDALIA                  77      69       0.01
NWS PLEASANT HILL MO     74      68       T


THIS PRODUCT...ALONG WITH OTHER WEATHER...HYDROLOGICAL AND CLIMATE
INFORMATION...IS AVAILABLE ON THE WEB AT HTTP://WWW.CRH.NOAA.GOV/EAX
OR AT HTTP://WEATHER.GOV

$$
