820
CDUS43 KEAX 290632
CLIMCI

CLIMATE REPORT
NATIONAL WEATHER SERVICE KANSAS CITY/PLEASANT HILL MO
132 AM CDT FRI JUL 29 2016


...................................

...THE KANSAS CITY INTERNATIONAL MO CLIMATE SUMMARY FOR JULY 28 2016...

CLIMATE NORMAL PERIOD 1981 TO 2010
CLIMATE RECORD PERIOD 1888 TO 2016


WEATHER ITEM   OBSERVED TIME   RECORD YEAR NORMAL DEPARTURE LAST
                VALUE   (LST)  VALUE       VALUE  FROM      YEAR
                                                  NORMAL
..................................................................
TEMPERATURE (F)
 YESTERDAY
  MAXIMUM         89    326 PM 103    1983  89      0       94
                                      1957
                                      1935
  MINIMUM         70    526 AM  52    1994  69      1       75
  AVERAGE         80                        79      1       85

PRECIPITATION (IN)
  YESTERDAY        0.00          4.57 1895   0.12  -0.12     0.00
  MONTH TO DATE    7.74                      4.08   3.66     5.44
  SINCE JUN 1      8.72                      9.31  -0.59    13.02
  SINCE JAN 1     29.25                     23.14   6.11    29.62

SNOWFALL (IN)
  YESTERDAY        0.0           0.0    MM   0.0    0.0      0.0
  MONTH TO DATE    0.0                       0.0    0.0      0.0
  SINCE JUN 1      0.0                       0.0    0.0      0.0
  SINCE JUL 1      0.0                       0.0    0.0      0.0
  SNOW DEPTH       0

DEGREE DAYS
 HEATING
  YESTERDAY        0                         0      0        0
  MONTH TO DATE    0                         0      0        2
  SINCE JUN 1      0                         9     -9        5
  SINCE JUL 1      0                         0      0        2

 COOLING
  YESTERDAY       15                        14      1       20
  MONTH TO DATE  399                       377     22      364
  SINCE JUN 1    816                       643    173      669
  SINCE JAN 1    887                       759    128      737
..................................................................


WIND (MPH)
  HIGHEST WIND SPEED    14   HIGHEST WIND DIRECTION     N (360)
  HIGHEST GUST SPEED    17   HIGHEST GUST DIRECTION    NE (30)
  AVERAGE WIND SPEED     6.7


SKY COVER
  POSSIBLE SUNSHINE  MM
  AVERAGE SKY COVER 0.5


WEATHER CONDITIONS
 THE FOLLOWING WEATHER WAS RECORDED YESTERDAY.
  FOG


RELATIVE HUMIDITY (PERCENT)
 HIGHEST   100           400 AM
 LOWEST     50           300 PM
 AVERAGE    75

..........................................................


THE KANSAS CITY INTERNATIONAL MO CLIMATE NORMALS FOR TODAY
                         NORMAL    RECORD    YEAR
 MAXIMUM TEMPERATURE (F)   89       105      2012
                                             1947
 MINIMUM TEMPERATURE (F)   69        55      1994


SUNRISE AND SUNSET
JULY 29 2016..........SUNRISE   617 AM CDT   SUNSET   833 PM CDT
JULY 30 2016..........SUNRISE   618 AM CDT   SUNSET   832 PM CDT


-  INDICATES NEGATIVE NUMBERS.
R  INDICATES RECORD WAS SET OR TIED.
MM INDICATES DATA IS MISSING.
T  INDICATES TRACE AMOUNT.


&&

...MISCELLANEOUS CLIMATE DATA FROM YESTERDAY...

LOCATION                HIGH    LOW      PRECIP
ST. JOSEPH               88      68       0.00
DOWNTOWN KANSAS CITY     92      74       0.00
OLATHE NEW CENTURY       91      70       0.18
OLATHE JO CO EXEC        91      69       0.10
LEES SUMMIT              90      73       0.00
KIRKSVILLE               88      64       0.10
CHILLICOTHE              90      70       0.00
SEDALIA                  90      73       0.12
NWS PLEASANT HILL MO     89      70       0.02


THIS PRODUCT...ALONG WITH OTHER WEATHER...HYDROLOGICAL AND CLIMATE
INFORMATION...IS AVAILABLE ON THE WEB AT HTTP://WWW.WEATHER.GOV/EAX
OR AT HTTP://WEATHER.GOV

$$
