000
CDUS43 KEAX 270039
CLIMCI

CLIMATE REPORT
NATIONAL WEATHER SERVICE KANSAS CITY/PLEASANT HILL MO
638 PM CST FRI DEC 26 2014


...................................

...THE KANSAS CITY INTERNATIONAL MO CLIMATE SUMMARY FOR DECEMBER 26 2014...
VALID TODAY AS OF 0600 PM LOCAL TIME.

CLIMATE NORMAL PERIOD 1981 TO 2010
CLIMATE RECORD PERIOD 1888 TO 2014


WEATHER ITEM   OBSERVED TIME   RECORD YEAR NORMAL DEPARTURE LAST
                VALUE   (LST)  VALUE       VALUE  FROM      YEAR
                                                  NORMAL
..................................................................
TEMPERATURE (F)
 TODAY
  MAXIMUM         49   1153 AM  66    2008  38     11       46
  MINIMUM         39    559 PM -13    1892  21     18       19
  AVERAGE         44                        29     15       33

PRECIPITATION (IN)
  TODAY            0.00          1.14 1942   0.04  -0.04     0.00
  MONTH TO DATE    1.82                      1.35   0.47     0.80
  SINCE DEC 1      1.82                      1.35   0.47     0.80
  SINCE JAN 1     40.03                     38.68   1.35    34.48

SNOWFALL (IN)
  TODAY            0.0           3.0  1939   0.2   -0.2      0.0
  MONTH TO DATE    2.6                       4.0   -1.4      5.7
  SINCE DEC 1      2.6                       4.0   -1.4      5.7
  SINCE JUL 1      3.1                       5.4   -2.3      5.7
  SNOW DEPTH       0

DEGREE DAYS
 HEATING
  TODAY           21                        36    -15       32
  MONTH TO DATE  733                       860   -127      966
  SINCE DEC 1    733                       860   -127      966
  SINCE JUL 1   1854                      1862     -8     2031

 COOLING
  TODAY            0                         0      0        0
  MONTH TO DATE    0                         0      0        0
  SINCE DEC 1      0                         0      0        0
  SINCE JAN 1   1263                      1360    -97     1345
..................................................................


WIND (MPH)
  HIGHEST WIND SPEED    18   HIGHEST WIND DIRECTION     S (190)
  HIGHEST GUST SPEED    24   HIGHEST GUST DIRECTION     S (190)
  AVERAGE WIND SPEED    10.0


SKY COVER
  POSSIBLE SUNSHINE  MM
  AVERAGE SKY COVER 0.7


WEATHER CONDITIONS
 THE FOLLOWING WEATHER WAS RECORDED TODAY.
  NO SIGNIFICANT WEATHER WAS OBSERVED.


RELATIVE HUMIDITY (PERCENT)
 HIGHEST    79           400 PM
 LOWEST     53          1200 AM
 AVERAGE    66

..........................................................


THE KANSAS CITY INTERNATIONAL MO CLIMATE NORMALS FOR TOMORROW
                         NORMAL    RECORD    YEAR
 MAXIMUM TEMPERATURE (F)   38        73      1946
 MINIMUM TEMPERATURE (F)   20        -6      1924


SUNRISE AND SUNSET
DECEMBER 26 2014......SUNRISE   737 AM CST   SUNSET   502 PM CST
DECEMBER 27 2014......SUNRISE   738 AM CST   SUNSET   503 PM CST


-  INDICATES NEGATIVE NUMBERS.
R  INDICATES RECORD WAS SET OR TIED.
MM INDICATES DATA IS MISSING.
T  INDICATES TRACE AMOUNT.




&&

...MISCELLANEOUS CLIMATE DATA FROM TODAY...

LOCATION                HIGH    LOW      PRECIP
ST. JOSEPH               45      34       0.00
DOWNTOWN KANSAS CITY     55      43       0.00
OLATHE NEW CENTURY       53      40       0.00
OLATHE JO CO EXEC        54      43       0.00
LEES SUMMIT              55      42       0.00
KIRKSVILLE               54      31       0.00
CHILLICOTHE              54      39       0.00
SEDALIA                  59      44       0.00
NWS PLEASANT HILL MO     54      38       T


THIS PRODUCT...ALONG WITH OTHER WEATHER...HYDROLOGICAL AND CLIMATE
INFORMATION...IS AVAILABLE ON THE WEB AT HTTP://WWW.CRH.NOAA.GOV/EAX
OR AT HTTP://WEATHER.GOV

$$

PM
