361
CDUS43 KEAX 280637
CLIMCI

CLIMATE REPORT
NATIONAL WEATHER SERVICE KANSAS CITY/PLEASANT HILL MO
1236 AM CST TUE FEB 28 2017


...................................

...THE KANSAS CITY INTERNATIONAL MO CLIMATE SUMMARY FOR FEBRUARY 27 2017...

CLIMATE NORMAL PERIOD 1981 TO 2010
CLIMATE RECORD PERIOD 1888 TO 2017


WEATHER ITEM   OBSERVED TIME   RECORD YEAR NORMAL DEPARTURE LAST
                VALUE   (LST)  VALUE       VALUE  FROM      YEAR
                                                  NORMAL
..................................................................
TEMPERATURE (F)
 YESTERDAY
  MAXIMUM         62    505 PM  73    2016  48     14       73
                                      1932
  MINIMUM         26    526 AM -13    1934  28     -2       29
  AVERAGE         44                        38      6       51

PRECIPITATION (IN)
  YESTERDAY        0.00          1.22 1900   0.06  -0.06     0.00
  MONTH TO DATE    0.06                      1.40  -1.34     0.40
  SINCE DEC 1      2.64                      4.00  -1.36     4.40
  SINCE JAN 1      1.45                      2.47  -1.02     1.16

SNOWFALL (IN)
  YESTERDAY        0.0          11.8  1900   0.2   -0.2      0.0
  MONTH TO DATE    T                         5.3   -5.3       T
  SINCE DEC 1      4.5                      14.7  -10.2      5.3
  SINCE JUL 1      4.5                      16.1  -11.6      5.3
  SNOW DEPTH       0

DEGREE DAYS
 HEATING
  YESTERDAY       21                        27     -6       14
  MONTH TO DATE  585                       855   -270      718
  SINCE DEC 1   2663                      3017   -354     2585
  SINCE JUL 1   3247                      4019   -772     3332

 COOLING
  YESTERDAY        0                         0      0        0
  MONTH TO DATE    0                         0      0        0
  SINCE DEC 1      0                         0      0        0
  SINCE JAN 1      0                         0      0        0
..................................................................


WIND (MPH)
  HIGHEST WIND SPEED    22   HIGHEST WIND DIRECTION     S (160)
  HIGHEST GUST SPEED    27   HIGHEST GUST DIRECTION     S (160)
  AVERAGE WIND SPEED    11.1


SKY COVER
  POSSIBLE SUNSHINE  MM
  AVERAGE SKY COVER 0.4


WEATHER CONDITIONS
 THE FOLLOWING WEATHER WAS RECORDED YESTERDAY.
  FOG
  FOG W/VISIBILITY <= 1/4 MILE


RELATIVE HUMIDITY (PERCENT)
 HIGHEST   100          1200 AM
 LOWEST     35           300 PM
 AVERAGE    68

..........................................................


THE KANSAS CITY INTERNATIONAL MO CLIMATE NORMALS FOR TODAY
                         NORMAL    RECORD    YEAR
 MAXIMUM TEMPERATURE (F)   48        78      2006
                                             1932
 MINIMUM TEMPERATURE (F)   28        -4      1891


SUNRISE AND SUNSET
FEBRUARY 28 2017......SUNRISE   653 AM CST   SUNSET   611 PM CST
MARCH  1 2017.........SUNRISE   651 AM CST   SUNSET   612 PM CST


-  INDICATES NEGATIVE NUMBERS.
R  INDICATES RECORD WAS SET OR TIED.
MM INDICATES DATA IS MISSING.
T  INDICATES TRACE AMOUNT.


&&

...MISCELLANEOUS CLIMATE DATA FROM YESTERDAY...

LOCATION                HIGH    LOW      PRECIP
ST. JOSEPH               61      23       0.00
DOWNTOWN KANSAS CITY     65      28       0.00
OLATHE NEW CENTURY       64      23       0.00
OLATHE JO CO EXEC        63      25       0.00
LEES SUMMIT              64      27       0.00
KIRKSVILLE               61      22       0.00
CHILLICOTHE              62      25       0.00
SEDALIA                  66      27       T
NWS PLEASANT HILL MO     64      30       0.00


THIS PRODUCT...ALONG WITH OTHER WEATHER...HYDROLOGICAL AND CLIMATE
INFORMATION...IS AVAILABLE ON THE WEB AT HTTP://WWW.WEATHER.GOV/EAX
OR AT HTTP://WEATHER.GOV

$$
