000
CDUS43 KEAX 210635
CLIMCI

CLIMATE REPORT
NATIONAL WEATHER SERVICE KANSAS CITY/PLEASANT HILL MO
132 AM CDT MON JUL 21 2014


...................................

...THE KANSAS CITY INTERNATIONAL MO CLIMATE SUMMARY FOR JULY 20 2014...

CLIMATE NORMAL PERIOD 1981 TO 2010
CLIMATE RECORD PERIOD 1888 TO 2014


WEATHER ITEM   OBSERVED TIME   RECORD YEAR NORMAL DEPARTURE LAST
                VALUE   (LST)  VALUE       VALUE  FROM      YEAR
                                                  NORMAL
..................................................................
TEMPERATURE (F)
 YESTERDAY
  MAXIMUM         84    336 PM 109    1934  89     -5       81
  MINIMUM         60R   515 AM  60    1971  69     -9       71
                                      1950
  AVERAGE         72                        79     -7       76

PRECIPITATION (IN)
  YESTERDAY        0.00          3.23 1985   0.14  -0.14     0.02
  MONTH TO DATE    3.04                      3.07  -0.03     0.20
  SINCE JUN 1      9.95                      8.30   1.65     3.32
  SINCE JAN 1     18.57                     22.13  -3.56    18.25

SNOWFALL (IN)
  YESTERDAY        0.0           0.0    MM   0.0    0.0      0.0
  MONTH TO DATE    0.0                       0.0    0.0      0.0
  SINCE JUN 1      0.0                       0.0    0.0      0.0
  SINCE JUL 1      0.0                       0.0    0.0      0.0
  SNOW DEPTH       0

DEGREE DAYS
 HEATING
  YESTERDAY        0                         0      0        0
  MONTH TO DATE    2                         0      2        0
  SINCE JUN 1      3                         9     -6       17
  SINCE JUL 1      2                         0      2        0

 COOLING
  YESTERDAY        7                        14     -7       11
  MONTH TO DATE  156                       265   -109      269
  SINCE JUN 1    433                       531    -98      545
  SINCE JAN 1    594                       647    -53      650
..................................................................


WIND (MPH)
  HIGHEST WIND SPEED    21   HIGHEST WIND DIRECTION     S (160)
  HIGHEST GUST SPEED    24   HIGHEST GUST DIRECTION    SE (150)
  AVERAGE WIND SPEED    12.2


SKY COVER
  POSSIBLE SUNSHINE  MM
  AVERAGE SKY COVER 0.2


WEATHER CONDITIONS
 THE FOLLOWING WEATHER WAS RECORDED YESTERDAY.
  NO SIGNIFICANT WEATHER WAS OBSERVED.


RELATIVE HUMIDITY (PERCENT)
 HIGHEST    97           400 AM
 LOWEST     62          1100 AM
 AVERAGE    80

..........................................................


THE KANSAS CITY INTERNATIONAL MO CLIMATE NORMALS FOR TODAY
                         NORMAL    RECORD    YEAR
 MAXIMUM TEMPERATURE (F)   89       107      1974
 MINIMUM TEMPERATURE (F)   69        56      1988
                                             1970


SUNRISE AND SUNSET
JULY 21 2014..........SUNRISE   609 AM CDT   SUNSET   841 PM CDT
JULY 22 2014..........SUNRISE   610 AM CDT   SUNSET   840 PM CDT


-  INDICATES NEGATIVE NUMBERS.
R  INDICATES RECORD WAS SET OR TIED.
MM INDICATES DATA IS MISSING.
T  INDICATES TRACE AMOUNT.




&&

...MISCELLANEOUS CLIMATE DATA FROM YESTERDAY...

LOCATION                HIGH    LOW      PRECIP
ST. JOSEPH               85      62       0.00
DOWNTOWN KANSAS CITY     85      66       0.00
OLATHE NEW CENTURY       86      59       0.00
OLATHE JO CO EXEC        83      60       0.00
LEES SUMMIT              83      63       0.00
KIRKSVILLE               83      58       0.00
CHILLICOTHE              83      62       0.00
SEDALIA                  84      64       0.00
NWS PLEASANT HILL MO     82      61       0.00


THIS PRODUCT...ALONG WITH OTHER WEATHER...HYDROLOGICAL AND CLIMATE
INFORMATION...IS AVAILABLE ON THE WEB AT HTTP://WWW.CRH.NOAA.GOV/EAX
OR AT HTTP://WEATHER.GOV

$$

73
