000
CDUS43 KEAX 020032
CLIMCI

CLIMATE REPORT
NATIONAL WEATHER SERVICE KANSAS CITY/PLEASANT HILL MO
731 PM CDT TUE SEP 1 2015


...................................

...THE KANSAS CITY INTERNATIONAL MO CLIMATE SUMMARY FOR SEPTEMBER 1 2015...
VALID TODAY AS OF 0700 PM LOCAL TIME.

CLIMATE NORMAL PERIOD 1981 TO 2010
CLIMATE RECORD PERIOD 1888 TO 2015


WEATHER ITEM   OBSERVED TIME   RECORD YEAR NORMAL DEPARTURE LAST
                VALUE   (LST)  VALUE       VALUE  FROM      YEAR
                                                  NORMAL
..................................................................
TEMPERATURE (F)
 TODAY
  MAXIMUM         91    228 PM 102    1990  85      6       81
  MINIMUM         72    541 AM  47    1949  63      9       65
  AVERAGE         82                        74      8       73

PRECIPITATION (IN)
  TODAY            0.00          2.60 1923   0.15  -0.15     0.50
  MONTH TO DATE    0.00                      0.15  -0.15     0.50
  SINCE SEP 1      0.00                      0.15  -0.15     0.50
  SINCE JAN 1     31.91                     27.55   4.36    26.49

SNOWFALL (IN)
  TODAY            0.0           0.0    MM   0.0    0.0      0.0
  MONTH TO DATE    0.0                       0.0    0.0      0.0
  SINCE SEP 1      0.0                       0.0    0.0      0.0
  SINCE JUL 1      0.0                       0.0    0.0      0.0
  SNOW DEPTH       0

DEGREE DAYS
 HEATING
  TODAY            0                         0      0        0
  MONTH TO DATE    0                         0      0        0
  SINCE SEP 1      0                         0      0        0
  SINCE JUL 1      3                         2      1        2

 COOLING
  TODAY           17                         9      8        8
  MONTH TO DATE   17                         9      8        8
  SINCE SEP 1     17                         9      8        8
  SINCE JAN 1   1092                      1182    -90     1127
..................................................................


WIND (MPH)
  HIGHEST WIND SPEED    21   HIGHEST WIND DIRECTION     S (190)
  HIGHEST GUST SPEED    25   HIGHEST GUST DIRECTION     S (190)
  AVERAGE WIND SPEED    11.5


SKY COVER
  POSSIBLE SUNSHINE  MM
  AVERAGE SKY COVER 0.3


WEATHER CONDITIONS
 THE FOLLOWING WEATHER WAS RECORDED TODAY.
  HAZE


RELATIVE HUMIDITY (PERCENT)
 HIGHEST    87           200 AM
 LOWEST     47           200 PM
 AVERAGE    67

..........................................................


THE KANSAS CITY INTERNATIONAL MO CLIMATE NORMALS FOR TOMORROW
                         NORMAL    RECORD    YEAR
 MAXIMUM TEMPERATURE (F)   84       106      2000
 MINIMUM TEMPERATURE (F)   63        49      1974


SUNRISE AND SUNSET
SEPTEMBER  1 2015.....SUNRISE   647 AM CDT   SUNSET   750 PM CDT
SEPTEMBER  2 2015.....SUNRISE   648 AM CDT   SUNSET   748 PM CDT


-  INDICATES NEGATIVE NUMBERS.
R  INDICATES RECORD WAS SET OR TIED.
MM INDICATES DATA IS MISSING.
T  INDICATES TRACE AMOUNT.


&&

...MISCELLANEOUS CLIMATE DATA FROM TODAY...

LOCATION                HIGH    LOW      PRECIP
ST. JOSEPH               90      71       0.00
DOWNTOWN KANSAS CITY     91      75       0.00
OLATHE NEW CENTURY       88      70       0.00
OLATHE JO CO EXEC        86      70       0.00
LEES SUMMIT              89      72       0.00
KIRKSVILLE               90      70       0.00
CHILLICOTHE              92      67       0.00
SEDALIA                  93      71       0.00
NWS PLEASANT HILL MO     90      69       0.00


THIS PRODUCT...ALONG WITH OTHER WEATHER...HYDROLOGICAL AND CLIMATE
INFORMATION...IS AVAILABLE ON THE WEB AT HTTP://WWW.WEATHER.GOV/EAX
OR AT HTTP://WEATHER.GOV

$$

JW
