000
CDUS43 KEAX 050644
CLIMCI

CLIMATE REPORT
NATIONAL WEATHER SERVICE KANSAS CITY/PLEASANT HILL MO
1241 AM CST THU MAR 5 2015


...................................

...THE KANSAS CITY INTERNATIONAL MO CLIMATE SUMMARY FOR MARCH 4 2015...

CLIMATE NORMAL PERIOD 1981 TO 2010
CLIMATE RECORD PERIOD 1888 TO 2015


WEATHER ITEM   OBSERVED TIME   RECORD YEAR NORMAL DEPARTURE LAST
                VALUE   (LST)  VALUE       VALUE  FROM      YEAR
                                                  NORMAL
..................................................................
TEMPERATURE (F)
 YESTERDAY
  MAXIMUM         29    445 PM  80    1938  50    -21       40
  MINIMUM         18   1159 PM -10    1978  29    -11        9
  AVERAGE         24                        40    -16       25

PRECIPITATION (IN)
  YESTERDAY        T             1.71 1963   0.07  -0.07     0.00
  MONTH TO DATE    T                         0.26  -0.26     0.28
  SINCE MAR 1      T                         0.26  -0.26     0.28
  SINCE JAN 1      2.18                      2.79  -0.61     2.03

SNOWFALL (IN)
  YESTERDAY        T            10.4  1915   0.1   -0.1      0.0
  MONTH TO DATE    T                         0.4   -0.4      3.2
  SINCE MAR 1      T                         0.4   -0.4      3.2
  SINCE JUL 1     14.2                      16.6   -2.4     25.8
  SNOW DEPTH       0

DEGREE DAYS
 HEATING
  YESTERDAY       41                        25     16       40
  MONTH TO DATE  142                       103     39      207
  SINCE MAR 1    142                       103     39      207
  SINCE JUL 1   4356                      4148    208     4773

 COOLING
  YESTERDAY        0                         0      0        0
  MONTH TO DATE    0                         0      0        0
  SINCE MAR 1      0                         0      0        0
  SINCE JAN 1      0                         0      0        0
..................................................................


WIND (MPH)
  HIGHEST WIND SPEED    22   HIGHEST WIND DIRECTION     N (10)
  HIGHEST GUST SPEED    29   HIGHEST GUST DIRECTION     N (10)
  AVERAGE WIND SPEED    12.1


SKY COVER
  POSSIBLE SUNSHINE  MM
  AVERAGE SKY COVER 0.8


WEATHER CONDITIONS
 THE FOLLOWING WEATHER WAS RECORDED YESTERDAY.
  LIGHT SNOW


RELATIVE HUMIDITY (PERCENT)
 HIGHEST    74           100 AM
 LOWEST     34           300 PM
 AVERAGE    54

..........................................................


THE KANSAS CITY INTERNATIONAL MO CLIMATE NORMALS FOR TODAY
                         NORMAL    RECORD    YEAR
 MAXIMUM TEMPERATURE (F)   51        84      1956
 MINIMUM TEMPERATURE (F)   30         0      1960


SUNRISE AND SUNSET
MARCH  5 2015.........SUNRISE   646 AM CST   SUNSET   615 PM CST
MARCH  6 2015.........SUNRISE   644 AM CST   SUNSET   616 PM CST


-  INDICATES NEGATIVE NUMBERS.
R  INDICATES RECORD WAS SET OR TIED.
MM INDICATES DATA IS MISSING.
T  INDICATES TRACE AMOUNT.



&&

...MISCELLANEOUS CLIMATE DATA FROM YESTERDAY...

LOCATION                HIGH    LOW      PRECIP
ST. JOSEPH               30      13       0.00
DOWNTOWN KANSAS CITY     30      21       T
OLATHE NEW CENTURY       29      18       T
OLATHE JO CO EXEC        30      18       T
LEES SUMMIT              30      18       T
KIRKSVILLE               27      16       0.00
CHILLICOTHE              29      18       0.00
SEDALIA                  34      20       MM
NWS PLEASANT HILL MO     29      17       T


THIS PRODUCT...ALONG WITH OTHER WEATHER...HYDROLOGICAL AND CLIMATE
INFORMATION...IS AVAILABLE ON THE WEB AT HTTP://WWW.CRH.NOAA.GOV/EAX
OR AT HTTP://WEATHER.GOV

$$
