000
CDUS43 KEAX 250632
CLIMCI

CLIMATE REPORT
NATIONAL WEATHER SERVICE KANSAS CITY/PLEASANT HILL MO
131 AM CDT THU AUG 25 2016


...................................

...THE KANSAS CITY INTERNATIONAL MO CLIMATE SUMMARY FOR AUGUST 24 2016...

CLIMATE NORMAL PERIOD 1981 TO 2010
CLIMATE RECORD PERIOD 1888 TO 2016


WEATHER ITEM   OBSERVED TIME   RECORD YEAR NORMAL DEPARTURE LAST
                VALUE   (LST)  VALUE       VALUE  FROM      YEAR
                                                  NORMAL
..................................................................
TEMPERATURE (F)
 YESTERDAY
  MAXIMUM         85    528 PM 109    1936  87     -2       81
  MINIMUM         67    617 AM  46    1891  66      1       50
  AVERAGE         76                        76      0       66

PRECIPITATION (IN)
  YESTERDAY        1.77R         1.64 1962   0.13   1.64     0.00
  MONTH TO DATE    3.34                      2.94   0.40     0.97
  SINCE JUN 1     13.08                     12.62   0.46    15.30
  SINCE JAN 1     33.61                     26.45   7.16    31.90

SNOWFALL (IN)
  YESTERDAY        0.0           0.0    MM   0.0    0.0      0.0
  MONTH TO DATE    0.0                       0.0    0.0      0.0
  SINCE JUN 1      0.0                       0.0    0.0      0.0
  SINCE JUL 1      0.0                       0.0    0.0      0.0
  SNOW DEPTH       0

DEGREE DAYS
 HEATING
  YESTERDAY        0                         0      0        0
  MONTH TO DATE    0                         0      0        1
  SINCE JUN 1      0                         9     -9        6
  SINCE JUL 1      0                         0      0        3

 COOLING
  YESTERDAY       11                        11      0        1
  MONTH TO DATE  295                       303     -8      247
  SINCE JUN 1   1140                       983    157      950
  SINCE JAN 1   1211                      1099    112     1018
..................................................................


WIND (MPH)
  HIGHEST WIND SPEED    26   HIGHEST WIND DIRECTION     N (350)
  HIGHEST GUST SPEED    34   HIGHEST GUST DIRECTION     N (340)
  AVERAGE WIND SPEED     8.9


SKY COVER
  POSSIBLE SUNSHINE  MM
  AVERAGE SKY COVER 0.9


WEATHER CONDITIONS
 THE FOLLOWING WEATHER WAS RECORDED YESTERDAY.
  THUNDERSTORM
  HEAVY RAIN
  RAIN
  LIGHT RAIN
  FOG


RELATIVE HUMIDITY (PERCENT)
 HIGHEST    97          1100 PM
 LOWEST     59           500 PM
 AVERAGE    78

..........................................................


THE KANSAS CITY INTERNATIONAL MO CLIMATE NORMALS FOR TODAY
                         NORMAL    RECORD    YEAR
 MAXIMUM TEMPERATURE (F)   86       107      1936
 MINIMUM TEMPERATURE (F)   66        53      1958


SUNRISE AND SUNSET
AUGUST 25 2016........SUNRISE   641 AM CDT   SUNSET   759 PM CDT
AUGUST 26 2016........SUNRISE   642 AM CDT   SUNSET   758 PM CDT


-  INDICATES NEGATIVE NUMBERS.
R  INDICATES RECORD WAS SET OR TIED.
MM INDICATES DATA IS MISSING.
T  INDICATES TRACE AMOUNT.


&&

...MISCELLANEOUS CLIMATE DATA FROM YESTERDAY...

LOCATION                HIGH    LOW      PRECIP
ST. JOSEPH               82      66       1.49
DOWNTOWN KANSAS CITY     88      69       1.28
OLATHE NEW CENTURY       88      69       3.82
OLATHE JO CO EXEC        87      67       2.42
LEES SUMMIT              89      69       2.16
KIRKSVILLE               86      70       0.71
CHILLICOTHE              85      70       1.03
SEDALIA                  90      71       0.16
NWS PLEASANT HILL MO     90      68       1.23


THIS PRODUCT...ALONG WITH OTHER WEATHER...HYDROLOGICAL AND CLIMATE
INFORMATION...IS AVAILABLE ON THE WEB AT HTTP://WWW.WEATHER.GOV/EAX
OR AT HTTP://WEATHER.GOV

$$

JL
