000
CDUS43 KEAX 230701
CLIMCI

CLIMATE REPORT
NATIONAL WEATHER SERVICE KANSAS CITY/PLEASANT HILL MO
100 AM CST THU FEB 23 2017


...................................

...THE KANSAS CITY INTERNATIONAL MO CLIMATE SUMMARY FOR FEBRUARY 22 2017...

CLIMATE NORMAL PERIOD 1981 TO 2010
CLIMATE RECORD PERIOD 1888 TO 2017


WEATHER ITEM   OBSERVED TIME   RECORD YEAR NORMAL DEPARTURE LAST
                VALUE   (LST)  VALUE       VALUE  FROM      YEAR
                                                  NORMAL
..................................................................
TEMPERATURE (F)
 YESTERDAY
  MAXIMUM         79R   423 PM  73    1982  46     33       50
                                      1917
  MINIMUM         42   1226 AM   3    1910  26     16       32
  AVERAGE         61                        36     25       41

PRECIPITATION (IN)
  YESTERDAY        0.00          1.03 1925   0.05  -0.05     0.00
                                      1915
  MONTH TO DATE    0.06                      1.11  -1.05     0.40
  SINCE DEC 1      2.64                      3.71  -1.07     4.40
  SINCE JAN 1      1.45                      2.18  -0.73     1.16

SNOWFALL (IN)
  YESTERDAY        0.0           3.6  1994   0.2   -0.2      0.0
  MONTH TO DATE    0.0                       4.5   -4.5       T
  SINCE DEC 1      4.5                      13.9   -9.4      5.3
  SINCE JUL 1      4.5                      15.3  -10.8      5.3
  SNOW DEPTH       0

DEGREE DAYS
 HEATING
  YESTERDAY        4                        29    -25       24
  MONTH TO DATE  463                       715   -252      595
  SINCE DEC 1   2541                      2877   -336     2462
  SINCE JUL 1   3125                      3879   -754     3209

 COOLING
  YESTERDAY        0                         0      0        0
  MONTH TO DATE    0                         0      0        0
  SINCE DEC 1      0                         0      0        0
  SINCE JAN 1      0                         0      0        0
..................................................................


WIND (MPH)
  HIGHEST WIND SPEED    23   HIGHEST WIND DIRECTION     S (200)
  HIGHEST GUST SPEED    29   HIGHEST GUST DIRECTION     S (200)
  AVERAGE WIND SPEED    11.9


SKY COVER
  POSSIBLE SUNSHINE  MM
  AVERAGE SKY COVER 0.5


WEATHER CONDITIONS
 THE FOLLOWING WEATHER WAS RECORDED YESTERDAY.
  HAZE


RELATIVE HUMIDITY (PERCENT)
 HIGHEST    71           600 AM
 LOWEST     19           300 PM
 AVERAGE    45

..........................................................


THE KANSAS CITY INTERNATIONAL MO CLIMATE NORMALS FOR TODAY
                         NORMAL    RECORD    YEAR
 MAXIMUM TEMPERATURE (F)   46        73      1933
 MINIMUM TEMPERATURE (F)   26        -5      1910


SUNRISE AND SUNSET
FEBRUARY 23 2017......SUNRISE   700 AM CST   SUNSET   605 PM CST
FEBRUARY 24 2017......SUNRISE   658 AM CST   SUNSET   606 PM CST


-  INDICATES NEGATIVE NUMBERS.
R  INDICATES RECORD WAS SET OR TIED.
MM INDICATES DATA IS MISSING.
T  INDICATES TRACE AMOUNT.


&&

...MISCELLANEOUS CLIMATE DATA FROM YESTERDAY...

LOCATION                HIGH    LOW      PRECIP
ST. JOSEPH               77      41       0.00
DOWNTOWN KANSAS CITY     81      44       0.00
OLATHE NEW CENTURY       81      39       0.00
OLATHE JO CO EXEC        79      42       0.00
LEES SUMMIT              79      48       0.00
KIRKSVILLE               75      45       0.00
CHILLICOTHE              78      41       0.00
SEDALIA                  76      48       0.00
NWS PLEASANT HILL MO     79      46       0.00


THIS PRODUCT...ALONG WITH OTHER WEATHER...HYDROLOGICAL AND CLIMATE
INFORMATION...IS AVAILABLE ON THE WEB AT HTTP://WWW.WEATHER.GOV/EAX
OR AT HTTP://WEATHER.GOV

$$
