000
CDUS43 KEAX 040034
CLIMCI

CLIMATE REPORT
NATIONAL WEATHER SERVICE KANSAS CITY/PLEASANT HILL MO
733 PM CDT TUE MAY 3 2016


...................................

...THE KANSAS CITY INTERNATIONAL MO CLIMATE SUMMARY FOR MAY 3 2016...
VALID TODAY AS OF 0700 PM LOCAL TIME.

CLIMATE NORMAL PERIOD 1981 TO 2010
CLIMATE RECORD PERIOD 1888 TO 2016


WEATHER ITEM   OBSERVED TIME   RECORD YEAR NORMAL DEPARTURE LAST
                VALUE   (LST)  VALUE       VALUE  FROM      YEAR
                                                  NORMAL
..................................................................
TEMPERATURE (F)
 TODAY
  MAXIMUM         70    312 PM  90    1895  71     -1       83
  MINIMUM         41    538 AM  30    1976  50     -9       61
  AVERAGE         56                        61     -5       72

PRECIPITATION (IN)
  TODAY            0.00          2.04 1987   0.17  -0.17      T
  MONTH TO DATE    0.01                      0.50  -0.49     0.03
  SINCE MAR 1      9.88                      6.57   3.31     4.20
  SINCE JAN 1     11.04                      9.10   1.94     6.38

SNOWFALL (IN)
  TODAY            0.0           1.7  1907   0.0    0.0      0.0
  MONTH TO DATE    0.0                       0.0    0.0      0.0
  SINCE MAR 1      0.6                       2.6   -2.0       T
  SINCE JUL 1      5.9                      18.8  -12.9     14.2
  SNOW DEPTH       0

DEGREE DAYS
 HEATING
  TODAY            9                         6      3        0
  MONTH TO DATE   32                        18     14        5
  SINCE MAR 1    717                       993   -276      811
  SINCE JUL 1   4074                      5038   -964     5025

 COOLING
  TODAY            0                         1     -1        7
  MONTH TO DATE    0                         3     -3        7
  SINCE MAR 1     14                        31    -17       16
  SINCE JAN 1     14                        31    -17       16
..................................................................


WIND (MPH)
  HIGHEST WIND SPEED    15   HIGHEST WIND DIRECTION     W (290)
  HIGHEST GUST SPEED    20   HIGHEST GUST DIRECTION    NW (300)
  AVERAGE WIND SPEED     6.1


SKY COVER
  POSSIBLE SUNSHINE  MM
  AVERAGE SKY COVER 0.3


WEATHER CONDITIONS
 THE FOLLOWING WEATHER WAS RECORDED TODAY.
  FOG


RELATIVE HUMIDITY (PERCENT)
 HIGHEST    92           300 AM
 LOWEST     33           400 PM
 AVERAGE    63

..........................................................


THE KANSAS CITY INTERNATIONAL MO CLIMATE NORMALS FOR TOMORROW
                         NORMAL    RECORD    YEAR
 MAXIMUM TEMPERATURE (F)   71        92      1952
 MINIMUM TEMPERATURE (F)   51        27      1907


SUNRISE AND SUNSET
MAY  3 2016...........SUNRISE   617 AM CDT   SUNSET   815 PM CDT
MAY  4 2016...........SUNRISE   616 AM CDT   SUNSET   816 PM CDT


-  INDICATES NEGATIVE NUMBERS.
R  INDICATES RECORD WAS SET OR TIED.
MM INDICATES DATA IS MISSING.
T  INDICATES TRACE AMOUNT.


&&

...MISCELLANEOUS CLIMATE DATA FROM TODAY...

LOCATION                HIGH    LOW      PRECIP
ST. JOSEPH               71      40       0.00
DOWNTOWN KANSAS CITY     71      43       0.00
OLATHE NEW CENTURY       69      42       0.00
OLATHE JO CO EXEC        68      44       0.00
LEES SUMMIT              69      43       0.00
KIRKSVILLE               69      38       0.00
CHILLICOTHE              70      38       0.00
SEDALIA                  68      45       0.00
NWS PLEASANT HILL MO     70      42       0.00


THIS PRODUCT...ALONG WITH OTHER WEATHER...HYDROLOGICAL AND CLIMATE
INFORMATION...IS AVAILABLE ON THE WEB AT HTTP://WWW.WEATHER.GOV/EAX
OR AT HTTP://WEATHER.GOV

$$

CDB
