000
CDUS43 KEAX 120635
CLIMCI

CLIMATE REPORT
NATIONAL WEATHER SERVICE KANSAS CITY/PLEASANT HILL MO
1234 AM CST FRI FEB 12 2016


...................................

...THE KANSAS CITY INTERNATIONAL MO CLIMATE SUMMARY FOR FEBRUARY 11 2016...

CLIMATE NORMAL PERIOD 1981 TO 2010
CLIMATE RECORD PERIOD 1888 TO 2016


WEATHER ITEM   OBSERVED TIME   RECORD YEAR NORMAL DEPARTURE LAST
                VALUE   (LST)  VALUE       VALUE  FROM      YEAR
                                                  NORMAL
..................................................................
TEMPERATURE (F)
 YESTERDAY
  MAXIMUM         36    309 PM  73    1951  42     -6       39
  MINIMUM         18    726 AM -19    1899  23     -5       25
  AVERAGE         27                        32     -5       32

PRECIPITATION (IN)
  YESTERDAY        0.00          0.69 1894   0.06  -0.06     0.00
  MONTH TO DATE    0.40                      0.54  -0.14     0.39
  SINCE DEC 1      4.40                      3.14   1.26     3.43
  SINCE JAN 1      1.16                      1.61  -0.45     1.59

SNOWFALL (IN)
  YESTERDAY        0.0           7.1  1894   0.2   -0.2      0.0
  MONTH TO DATE    T                         2.3   -2.3      3.3
  SINCE DEC 1      5.3                      11.7   -6.4      8.2
  SINCE JUL 1      5.3                      13.1   -7.8      8.7
  SNOW DEPTH       0

DEGREE DAYS
 HEATING
  YESTERDAY       38                        33      5       33
  MONTH TO DATE  345                       375    -30      364
  SINCE DEC 1   2212                      2537   -325     2345
  SINCE JUL 1   2959                      3539   -580     3466

 COOLING
  YESTERDAY        0                         0      0        0
  MONTH TO DATE    0                         0      0        0
  SINCE DEC 1      0                         0      0        0
  SINCE JAN 1      0                         0      0        0
..................................................................


WIND (MPH)
  HIGHEST WIND SPEED    15   HIGHEST WIND DIRECTION    SE (150)
  HIGHEST GUST SPEED    17   HIGHEST GUST DIRECTION    SE (150)
  AVERAGE WIND SPEED     6.9


SKY COVER
  POSSIBLE SUNSHINE  MM
  AVERAGE SKY COVER 0.5


WEATHER CONDITIONS
 THE FOLLOWING WEATHER WAS RECORDED YESTERDAY.
  FOG


RELATIVE HUMIDITY (PERCENT)
 HIGHEST    92           400 AM
 LOWEST     56           300 PM
 AVERAGE    74

..........................................................


THE KANSAS CITY INTERNATIONAL MO CLIMATE NORMALS FOR TODAY
                         NORMAL    RECORD    YEAR
 MAXIMUM TEMPERATURE (F)   42        72      1961
 MINIMUM TEMPERATURE (F)   23       -22      1899


SUNRISE AND SUNSET
FEBRUARY 12 2016......SUNRISE   715 AM CST   SUNSET   552 PM CST
FEBRUARY 13 2016......SUNRISE   714 AM CST   SUNSET   553 PM CST


-  INDICATES NEGATIVE NUMBERS.
R  INDICATES RECORD WAS SET OR TIED.
MM INDICATES DATA IS MISSING.
T  INDICATES TRACE AMOUNT.


&&

...MISCELLANEOUS CLIMATE DATA FROM YESTERDAY...

LOCATION                HIGH    LOW      PRECIP
ST. JOSEPH               35      20       0.00
DOWNTOWN KANSAS CITY     38      22       0.00
OLATHE NEW CENTURY       39      21       0.00
OLATHE JO CO EXEC        38      21       0.00
LEES SUMMIT              36      21       0.00
KIRKSVILLE               24      12       0.01
CHILLICOTHE              31      20       0.00
SEDALIA                  38      21       T
NWS PLEASANT HILL MO     38      20       0.00


THIS PRODUCT...ALONG WITH OTHER WEATHER...HYDROLOGICAL AND CLIMATE
INFORMATION...IS AVAILABLE ON THE WEB AT HTTP://WWW.WEATHER.GOV/EAX
OR AT HTTP://WEATHER.GOV

$$

JW
