000
CDUS43 KEAX 210634
CLIMCI

CLIMATE REPORT
NATIONAL WEATHER SERVICE KANSAS CITY/PLEASANT HILL MO
134 AM CDT THU SEP 21 2017


...................................

...THE KANSAS CITY INTERNATIONAL MO CLIMATE SUMMARY FOR SEPTEMBER 20 2017...

CLIMATE NORMAL PERIOD 1981 TO 2010
CLIMATE RECORD PERIOD 1888 TO 2017


WEATHER ITEM   OBSERVED TIME   RECORD YEAR NORMAL DEPARTURE LAST
                VALUE   (LST)  VALUE       VALUE  FROM      YEAR
                                                  NORMAL
..................................................................
TEMPERATURE (F)
 YESTERDAY
  MAXIMUM         87    335 PM  95    1948  77     10       91
                                      1931
  MINIMUM         72    643 AM  38    1983  55     17       69
  AVERAGE         80                        66     14       80

PRECIPITATION (IN)
  YESTERDAY        0.00          3.73 1957   0.16  -0.16     0.00
  MONTH TO DATE    2.29                      3.13  -0.84     4.31
  SINCE SEP 1      2.29                      3.13  -0.84     4.31
  SINCE JAN 1     40.18                     30.53   9.65    43.74

SNOWFALL (IN)
  YESTERDAY        0.0           0.0    MM   0.0    0.0      0.0
  MONTH TO DATE    0.0                       0.0    0.0      0.0
  SINCE SEP 1      0.0                       0.0    0.0      0.0
  SINCE JUL 1      0.0                       0.0    0.0      0.0
  SNOW DEPTH       0

DEGREE DAYS
 HEATING
  YESTERDAY        0                         3     -3        0
  MONTH TO DATE   10                        24    -14        1
  SINCE SEP 1     10                        24    -14        1
  SINCE JUL 1     14                        26    -12        1

 COOLING
  YESTERDAY       15                         4     11       15
  MONTH TO DATE  133                       129      4      167
  SINCE SEP 1    133                       129      4      167
  SINCE JAN 1   1211                      1302    -91     1464
..................................................................


WIND (MPH)
  HIGHEST WIND SPEED    23   HIGHEST WIND DIRECTION     S (190)
  HIGHEST GUST SPEED    28   HIGHEST GUST DIRECTION     S (190)
  AVERAGE WIND SPEED    11.8


SKY COVER
  POSSIBLE SUNSHINE  MM
  AVERAGE SKY COVER 0.4


WEATHER CONDITIONS
 THE FOLLOWING WEATHER WAS RECORDED YESTERDAY.
  NO SIGNIFICANT WEATHER WAS OBSERVED.


RELATIVE HUMIDITY (PERCENT)
 HIGHEST    93           600 AM
 LOWEST     65           300 PM
 AVERAGE    79

..........................................................


THE KANSAS CITY INTERNATIONAL MO CLIMATE NORMALS FOR TODAY
                         NORMAL    RECORD    YEAR
 MAXIMUM TEMPERATURE (F)   77        96      1956
                                             1893
 MINIMUM TEMPERATURE (F)   55        35      1995


SUNRISE AND SUNSET
SEPTEMBER 21 2017.....SUNRISE   706 AM CDT   SUNSET   717 PM CDT
SEPTEMBER 22 2017.....SUNRISE   707 AM CDT   SUNSET   715 PM CDT


-  INDICATES NEGATIVE NUMBERS.
R  INDICATES RECORD WAS SET OR TIED.
MM INDICATES DATA IS MISSING.
T  INDICATES TRACE AMOUNT.


&&

...MISCELLANEOUS CLIMATE DATA FROM YESTERDAY...

LOCATION                HIGH    LOW      PRECIP
ST. JOSEPH               90      73       0.00
DOWNTOWN KANSAS CITY     89      75       0.00
OLATHE NEW CENTURY       88      73       0.00
OLATHE JO CO EXEC        86      72       0.00
LEES SUMMIT              90      73       0.00
KIRKSVILLE               92      68       0.00
CHILLICOTHE              89      71       0.00
SEDALIA                  93      73       0.00
NWS PLEASANT HILL MO     89      71       0.00


THIS PRODUCT...ALONG WITH OTHER WEATHER...HYDROLOGICAL AND CLIMATE
INFORMATION...IS AVAILABLE ON THE WEB AT HTTP://WWW.WEATHER.GOV/EAX
OR AT HTTP://WEATHER.GOV

$$

JL
