000
CDUS43 KEAX 130635
CLIMCI

CLIMATE REPORT
NATIONAL WEATHER SERVICE KANSAS CITY/PLEASANT HILL MO
1234 AM CST FRI JAN 13 2017


...................................

...THE KANSAS CITY INTERNATIONAL MO CLIMATE SUMMARY FOR JANUARY 12 2017...

CLIMATE NORMAL PERIOD 1981 TO 2010
CLIMATE RECORD PERIOD 1888 TO 2017


WEATHER ITEM   OBSERVED TIME   RECORD YEAR NORMAL DEPARTURE LAST
                VALUE   (LST)  VALUE       VALUE  FROM      YEAR
                                                  NORMAL
..................................................................
TEMPERATURE (F)
 YESTERDAY
  MAXIMUM         30    309 PM  69    1960  38     -8       36
  MINIMUM         17    959 AM -20    1912  19     -2       16
  AVERAGE         24                        28     -4       26

PRECIPITATION (IN)
  YESTERDAY        T             1.33 1910   0.02  -0.02     0.00
  MONTH TO DATE    0.39                      0.37   0.02     0.60
  SINCE DEC 1      1.58                      1.90  -0.32     3.84
  SINCE JAN 1      0.39                      0.37   0.02     0.60

SNOWFALL (IN)
  YESTERDAY        0.0           4.5  1964   0.2   -0.2      0.0
  MONTH TO DATE    2.2                       1.7    0.5       T
  SINCE DEC 1      4.5                       6.5   -2.0      2.5
  SINCE JUL 1      4.5                       7.9   -3.4      2.5
  SNOW DEPTH       0

DEGREE DAYS
 HEATING
  YESTERDAY       41                        36      5       39
  MONTH TO DATE  476                       432     44      436
  SINCE DEC 1   1549                      1472     77     1212
  SINCE JUL 1   2133                      2474   -341     1959

 COOLING
  YESTERDAY        0                         0      0        0
  MONTH TO DATE    0                         0      0        0
  SINCE DEC 1      0                         0      0        0
  SINCE JAN 1      0                         0      0        0
..................................................................


WIND (MPH)
  HIGHEST WIND SPEED    17   HIGHEST WIND DIRECTION     N (340)
  HIGHEST GUST SPEED    22   HIGHEST GUST DIRECTION     N (350)
  AVERAGE WIND SPEED     9.6


SKY COVER
  POSSIBLE SUNSHINE  MM
  AVERAGE SKY COVER 0.9


WEATHER CONDITIONS
 THE FOLLOWING WEATHER WAS RECORDED YESTERDAY.
  LIGHT SNOW


RELATIVE HUMIDITY (PERCENT)
 HIGHEST    77          1200 AM
 LOWEST     46           100 PM
 AVERAGE    62

..........................................................


THE KANSAS CITY INTERNATIONAL MO CLIMATE NORMALS FOR TODAY
                         NORMAL    RECORD    YEAR
 MAXIMUM TEMPERATURE (F)   38        68      1996
 MINIMUM TEMPERATURE (F)   19       -14      1916


SUNRISE AND SUNSET
JANUARY 13 2017.......SUNRISE   738 AM CST   SUNSET   518 PM CST
JANUARY 14 2017.......SUNRISE   737 AM CST   SUNSET   519 PM CST


-  INDICATES NEGATIVE NUMBERS.
R  INDICATES RECORD WAS SET OR TIED.
MM INDICATES DATA IS MISSING.
T  INDICATES TRACE AMOUNT.


&&

...MISCELLANEOUS CLIMATE DATA FROM YESTERDAY...

LOCATION                HIGH    LOW      PRECIP
ST. JOSEPH               25      15       0.00
DOWNTOWN KANSAS CITY     32      19       0.00
OLATHE NEW CENTURY       29      17       0.00
OLATHE JO CO EXEC        28      17       0.00
LEES SUMMIT              30      19       T
KIRKSVILLE               29      17       T
CHILLICOTHE              30      17       0.00
SEDALIA                  32      22       0.00
NWS PLEASANT HILL MO     29      18       T


THIS PRODUCT...ALONG WITH OTHER WEATHER...HYDROLOGICAL AND CLIMATE
INFORMATION...IS AVAILABLE ON THE WEB AT HTTP://WWW.WEATHER.GOV/EAX
OR AT HTTP://WEATHER.GOV

$$

JW
