000
CDUS43 KEAX 272134
CLIMCI

CLIMATE REPORT
NATIONAL WEATHER SERVICE KANSAS CITY/PLEASANT HILL MO
431 PM CDT MON OCT 27 2014


...................................

...THE KANSAS CITY INTERNATIONAL MO CLIMATE SUMMARY FOR OCTOBER 27 2014...
VALID AS OF 0400 PM LOCAL TIME.

CLIMATE NORMAL PERIOD 1981 TO 2010
CLIMATE RECORD PERIOD 1888 TO 2014


WEATHER ITEM   OBSERVED TIME   RECORD YEAR NORMAL DEPARTURE LAST
                VALUE   (LST)  VALUE       VALUE  FROM      YEAR
                                                  NORMAL
..................................................................
TEMPERATURE (F)
 TODAY
  MAXIMUM         74   1217 PM  86    1950  63     11       62
                                      1927
  MINIMUM         65    721 AM  22    1925  43     22       28
  AVERAGE         70                        53     17       45

PRECIPITATION (IN)
  TODAY            0.00          1.22 1980   0.09  -0.09     0.00
  MONTH TO DATE    9.29                      2.83   6.46     2.79
  SINCE SEP 1     11.54                      7.45   4.09     7.63
  SINCE JAN 1     37.53                     34.85   2.68    30.30

SNOWFALL (IN)
  TODAY            0.0           0.5  1925   0.1   -0.1      0.0
  MONTH TO DATE    0.0                       0.2   -0.2      0.0
  SINCE SEP 1      0.0                       0.2   -0.2      0.0
  SINCE JUL 1      0.0                       0.2   -0.2      0.0
  SNOW DEPTH       0

DEGREE DAYS
 HEATING
  TODAY            0                        13    -13       20
  MONTH TO DATE  175                       238    -63      294
  SINCE SEP 1    240                       303    -63      313
  SINCE JUL 1    242                       305    -63      313

 COOLING
  TODAY            5                         0      5        0
  MONTH TO DATE   19                        24     -5       28
  SINCE SEP 1    149                       183    -34      251
  SINCE JAN 1   1268                      1356    -88     1345
..................................................................


WIND (MPH)
  HIGHEST WIND SPEED    24   HIGHEST WIND DIRECTION    SW (210)
  HIGHEST GUST SPEED    31   HIGHEST GUST DIRECTION    SW (210)
  AVERAGE WIND SPEED    16.9


SKY COVER
  POSSIBLE SUNSHINE  MM
  AVERAGE SKY COVER 0.6


WEATHER CONDITIONS
 THE FOLLOWING WEATHER WAS RECORDED TODAY.
  HAZE


RELATIVE HUMIDITY (PERCENT)
 HIGHEST    78           700 AM
 LOWEST     57          1200 AM
 AVERAGE    68

..........................................................


THE KANSAS CITY INTERNATIONAL MO CLIMATE NORMALS FOR TOMORROW
                         NORMAL    RECORD    YEAR
 MAXIMUM TEMPERATURE (F)   62        84      1944
 MINIMUM TEMPERATURE (F)   42        18      1925


SUNRISE AND SUNSET
OCTOBER 27 2014.......SUNRISE   741 AM CDT   SUNSET   624 PM CDT
OCTOBER 28 2014.......SUNRISE   742 AM CDT   SUNSET   622 PM CDT


-  INDICATES NEGATIVE NUMBERS.
R  INDICATES RECORD WAS SET OR TIED.
MM INDICATES DATA IS MISSING.
T  INDICATES TRACE AMOUNT.



&&

...MISCELLANEOUS CLIMATE DATA FROM TODAY...

LOCATION                HIGH    LOW      PRECIP
ST. JOSEPH               76      58       0.00
DOWNTOWN KANSAS CITY     77      68       0.00
OLATHE NEW CENTURY       75      64       0.00
OLATHE JO CO EXEC        74      65       0.00
LEES SUMMIT              76      67       T
KIRKSVILLE               76      64       0.00
CHILLICOTHE              76      65       0.00
SEDALIA                  79      67       T
NWS PLEASANT HILL MO     74      66       0.00


THIS PRODUCT...ALONG WITH OTHER WEATHER...HYDROLOGICAL AND CLIMATE
INFORMATION...IS AVAILABLE ON THE WEB AT HTTP://WWW.CRH.NOAA.GOV/EAX
OR AT HTTP://WEATHER.GOV

$$

PM
