000
CDUS43 KEAX 020634
CLIMCI

CLIMATE REPORT
NATIONAL WEATHER SERVICE KANSAS CITY/PLEASANT HILL MO
1233 AM CST FRI DEC 2 2016


...................................

...THE KANSAS CITY INTERNATIONAL MO CLIMATE SUMMARY FOR DECEMBER 1 2016...

CLIMATE NORMAL PERIOD 1981 TO 2010
CLIMATE RECORD PERIOD 1888 TO 2016


WEATHER ITEM   OBSERVED TIME   RECORD YEAR NORMAL DEPARTURE LAST
                VALUE   (LST)  VALUE       VALUE  FROM      YEAR
                                                  NORMAL
..................................................................
TEMPERATURE (F)
 YESTERDAY
  MAXIMUM         44    246 PM  70    1970  45     -1       43
  MINIMUM         25    742 AM   2    1893  27     -2       30
  AVERAGE         35                        36     -1       37

PRECIPITATION (IN)
  YESTERDAY        0.00          0.65 1912   0.06  -0.06     0.00
  MONTH TO DATE    0.00                      0.06  -0.06     0.00
  SINCE DEC 1      0.00                      0.06  -0.06     0.00
  SINCE JAN 1     47.46                     37.39  10.07    43.35

SNOWFALL (IN)
  YESTERDAY        0.0           1.5  1985   0.1   -0.1      0.0
  MONTH TO DATE    0.0                       0.1   -0.1      0.0
  SINCE DEC 1      0.0                       0.1   -0.1      0.0
  SINCE JUL 1      0.0                       1.5   -1.5      0.0
  SNOW DEPTH       0

DEGREE DAYS
 HEATING
  YESTERDAY       30                        29      1       28
  MONTH TO DATE   30                        29      1       28
  SINCE DEC 1     30                        29      1       28
  SINCE JUL 1    614                      1031   -417      775

 COOLING
  YESTERDAY        0                         0      0        0
  MONTH TO DATE    0                         0      0        0
  SINCE DEC 1      0                         0      0        0
  SINCE JAN 1   1585                      1360    225     1370
..................................................................


WIND (MPH)
  HIGHEST WIND SPEED    14   HIGHEST WIND DIRECTION     W (270)
  HIGHEST GUST SPEED    18   HIGHEST GUST DIRECTION    NW (300)
  AVERAGE WIND SPEED     5.9


SKY COVER
  POSSIBLE SUNSHINE  MM
  AVERAGE SKY COVER 0.2


WEATHER CONDITIONS
 THE FOLLOWING WEATHER WAS RECORDED YESTERDAY.
  HAZE


RELATIVE HUMIDITY (PERCENT)
 HIGHEST    81           600 AM
 LOWEST     49           200 PM
 AVERAGE    65

..........................................................


THE KANSAS CITY INTERNATIONAL MO CLIMATE NORMALS FOR TODAY
                         NORMAL    RECORD    YEAR
 MAXIMUM TEMPERATURE (F)   45        70      1956
 MINIMUM TEMPERATURE (F)   26         2      1985


SUNRISE AND SUNSET
DECEMBER  2 2016......SUNRISE   721 AM CST   SUNSET   456 PM CST
DECEMBER  3 2016......SUNRISE   722 AM CST   SUNSET   456 PM CST


-  INDICATES NEGATIVE NUMBERS.
R  INDICATES RECORD WAS SET OR TIED.
MM INDICATES DATA IS MISSING.
T  INDICATES TRACE AMOUNT.


&&

...MISCELLANEOUS CLIMATE DATA FROM YESTERDAY...

LOCATION                HIGH    LOW      PRECIP
ST. JOSEPH               42      23       0.00
DOWNTOWN KANSAS CITY     46      29       0.00
OLATHE NEW CENTURY       44      23       0.00
OLATHE JO CO EXEC        44      27       0.00
LEES SUMMIT              44      27       0.00
KIRKSVILLE               38      34       0.00
CHILLICOTHE              43      24       0.00
SEDALIA                  45      28       0.00
NWS PLEASANT HILL MO     45      26       0.00


THIS PRODUCT...ALONG WITH OTHER WEATHER...HYDROLOGICAL AND CLIMATE
INFORMATION...IS AVAILABLE ON THE WEB AT HTTP://WWW.WEATHER.GOV/EAX
OR AT HTTP://WEATHER.GOV

$$

73
