000
CDUS43 KEAX 200633
CLIMCI

CLIMATE REPORT
NATIONAL WEATHER SERVICE KANSAS CITY/PLEASANT HILL MO
133 AM CDT WED AUG 20 2014


...................................

...THE KANSAS CITY INTERNATIONAL MO CLIMATE SUMMARY FOR AUGUST 19 2014...

CLIMATE NORMAL PERIOD 1981 TO 2010
CLIMATE RECORD PERIOD 1888 TO 2014


WEATHER ITEM   OBSERVED TIME   RECORD YEAR NORMAL DEPARTURE LAST
                VALUE   (LST)  VALUE       VALUE  FROM      YEAR
                                                  NORMAL
..................................................................
TEMPERATURE (F)
 YESTERDAY
  MAXIMUM         91    537 PM 107    1936  87      4       84
  MINIMUM         71    633 AM  53    1950  67      4       61
  AVERAGE         81                        77      4       73

PRECIPITATION (IN)
  YESTERDAY        0.15          2.25 1904   0.12   0.03     0.00
  MONTH TO DATE    4.73                      2.30   2.43     2.12
  SINCE JUN 1     14.68                     11.98   2.70     7.74
  SINCE JAN 1     23.30                     25.81  -2.51    22.67

SNOWFALL (IN)
  YESTERDAY        0.0           0.0    MM   0.0    0.0      0.0
  MONTH TO DATE    0.0                       0.0    0.0      0.0
  SINCE JUN 1      0.0                       0.0    0.0      0.0
  SINCE JUL 1      0.0                       0.0    0.0      0.0
  SNOW DEPTH       0

DEGREE DAYS
 HEATING
  YESTERDAY        0                         0      0        0
  MONTH TO DATE    0                         0      0        0
  SINCE JUN 1      3                         9     -6       17
  SINCE JUL 1      2                         0      2        0

 COOLING
  YESTERDAY       16                        12      4        8
  MONTH TO DATE  193                       245    -52      152
  SINCE JUN 1    756                       925   -169      795
  SINCE JAN 1    917                      1041   -124      900
..................................................................


WIND (MPH)
  HIGHEST WIND SPEED    23   HIGHEST WIND DIRECTION     S (200)
  HIGHEST GUST SPEED    28   HIGHEST GUST DIRECTION    SW (210)
  AVERAGE WIND SPEED     5.9


SKY COVER
  POSSIBLE SUNSHINE  MM
  AVERAGE SKY COVER 0.3


WEATHER CONDITIONS
 THE FOLLOWING WEATHER WAS RECORDED YESTERDAY.
  THUNDERSTORM
  HEAVY RAIN
  LIGHT RAIN
  FOG


RELATIVE HUMIDITY (PERCENT)
 HIGHEST    93           600 AM
 LOWEST     52           300 PM
 AVERAGE    73

..........................................................


THE KANSAS CITY INTERNATIONAL MO CLIMATE NORMALS FOR TODAY
                         NORMAL    RECORD    YEAR
 MAXIMUM TEMPERATURE (F)   87       103      2003
                                             1936
 MINIMUM TEMPERATURE (F)   67        49      1950


SUNRISE AND SUNSET
AUGUST 20 2014........SUNRISE   636 AM CDT   SUNSET   807 PM CDT
AUGUST 21 2014........SUNRISE   637 AM CDT   SUNSET   806 PM CDT


-  INDICATES NEGATIVE NUMBERS.
R  INDICATES RECORD WAS SET OR TIED.
MM INDICATES DATA IS MISSING.
T  INDICATES TRACE AMOUNT.



&&

...MISCELLANEOUS CLIMATE DATA FROM YESTERDAY...

LOCATION                HIGH    LOW      PRECIP
ST. JOSEPH               89      67       0.12
DOWNTOWN KANSAS CITY     93      75       0.02
OLATHE NEW CENTURY       95      71       0.01
OLATHE JO CO EXEC        93      72       T
LEES SUMMIT              92      72       0.01
KIRKSVILLE               87      66       0.29
CHILLICOTHE              90      68       0.06
SEDALIA                  89      70       T
NWS PLEASANT HILL MO     90      70       T


THIS PRODUCT...ALONG WITH OTHER WEATHER...HYDROLOGICAL AND CLIMATE
INFORMATION...IS AVAILABLE ON THE WEB AT HTTP://WWW.CRH.NOAA.GOV/EAX
OR AT HTTP://WEATHER.GOV

$$
