591
CDUS43 KEAX 300636
CLIMCI

CLIMATE REPORT
NATIONAL WEATHER SERVICE KANSAS CITY/PLEASANT HILL MO
135 AM CDT SAT APR 30 2016


...................................

...THE KANSAS CITY INTERNATIONAL MO CLIMATE SUMMARY FOR APRIL 29 2016...

CLIMATE NORMAL PERIOD 1981 TO 2010
CLIMATE RECORD PERIOD 1888 TO 2016


WEATHER ITEM   OBSERVED TIME   RECORD YEAR NORMAL DEPARTURE LAST
                VALUE   (LST)  VALUE       VALUE  FROM      YEAR
                                                  NORMAL
..................................................................
TEMPERATURE (F)
 YESTERDAY
  MAXIMUM         55    236 PM  95    1910  70    -15       73
  MINIMUM         47    648 AM  34    1976  49     -2       44
                                      1907
  AVERAGE         51                        59     -8       59

PRECIPITATION (IN)
  YESTERDAY        0.35          2.01 1984   0.15   0.20     0.00
  MONTH TO DATE    6.70                      3.54   3.16     3.29
  SINCE MAR 1      9.42                      5.91   3.51     4.17
  SINCE JAN 1     10.58                      8.44   2.14     6.35

SNOWFALL (IN)
  YESTERDAY        0.0           0.0    MM   0.0    0.0      0.0
  MONTH TO DATE    0.0                       0.6   -0.6      0.0
  SINCE MAR 1      0.6                       2.6   -2.0       T
  SINCE JUL 1      5.9                      18.8  -12.9     14.2
  SNOW DEPTH       0

DEGREE DAYS
 HEATING
  YESTERDAY       14                         7      7        6
  MONTH TO DATE  237                       322    -85      238
  SINCE MAR 1    680                       968   -288      800
  SINCE JUL 1   4037                      5013   -976     5014

 COOLING
  YESTERDAY        0                         1     -1        0
  MONTH TO DATE   12                        23    -11        7
  SINCE MAR 1     14                        26    -12        9
  SINCE JAN 1     14                        26    -12        9
..................................................................


WIND (MPH)
  HIGHEST WIND SPEED    28   HIGHEST WIND DIRECTION     E (70)
  HIGHEST GUST SPEED    36   HIGHEST GUST DIRECTION     E (90)
  AVERAGE WIND SPEED    13.3


SKY COVER
  POSSIBLE SUNSHINE  MM
  AVERAGE SKY COVER 1.0


WEATHER CONDITIONS
 THE FOLLOWING WEATHER WAS RECORDED YESTERDAY.
  THUNDERSTORM
  HEAVY RAIN
  RAIN
  LIGHT RAIN
  FOG


RELATIVE HUMIDITY (PERCENT)
 HIGHEST    96           500 PM
 LOWEST     71          1100 AM
 AVERAGE    84

..........................................................


THE KANSAS CITY INTERNATIONAL MO CLIMATE NORMALS FOR TODAY
                         NORMAL    RECORD    YEAR
 MAXIMUM TEMPERATURE (F)   70        91      1936
 MINIMUM TEMPERATURE (F)   49        31      2005
                                             1903


SUNRISE AND SUNSET
APRIL 30 2016.........SUNRISE   621 AM CDT   SUNSET   812 PM CDT
MAY  1 2016...........SUNRISE   620 AM CDT   SUNSET   813 PM CDT


-  INDICATES NEGATIVE NUMBERS.
R  INDICATES RECORD WAS SET OR TIED.
MM INDICATES DATA IS MISSING.
T  INDICATES TRACE AMOUNT.


&&

...MISCELLANEOUS CLIMATE DATA FROM YESTERDAY...

LOCATION                HIGH    LOW      PRECIP
ST. JOSEPH               55      46       0.52
DOWNTOWN KANSAS CITY     58      49       0.14
OLATHE NEW CENTURY       60      47       0.33
OLATHE JO CO EXEC        59      47       0.28
LEES SUMMIT              58      47       0.28
KIRKSVILLE               54      46       0.02
CHILLICOTHE              57      47       0.16
SEDALIA                  64      49       0.36
NWS PLEASANT HILL MO     59      47       0.33


THIS PRODUCT...ALONG WITH OTHER WEATHER...HYDROLOGICAL AND CLIMATE
INFORMATION...IS AVAILABLE ON THE WEB AT HTTP://WWW.WEATHER.GOV/EAX
OR AT HTTP://WEATHER.GOV

$$

PM
