000
CDUS43 KEAX 180634
CLIMCI

CLIMATE REPORT
NATIONAL WEATHER SERVICE KANSAS CITY/PLEASANT HILL MO
1231 AM CST WED JAN 18 2017


...................................

...THE KANSAS CITY INTERNATIONAL MO CLIMATE SUMMARY FOR JANUARY 17 2017...

CLIMATE NORMAL PERIOD 1981 TO 2010
CLIMATE RECORD PERIOD 1888 TO 2017


WEATHER ITEM   OBSERVED TIME   RECORD YEAR NORMAL DEPARTURE LAST
                VALUE   (LST)  VALUE       VALUE  FROM      YEAR
                                                  NORMAL
..................................................................
TEMPERATURE (F)
 YESTERDAY
  MAXIMUM         38    503 PM  67    1894  38      0       19
  MINIMUM         27    954 PM -12    1978  19      8       -3
                                      1930
  AVERAGE         33                        29      4        8

PRECIPITATION (IN)
  YESTERDAY        T             0.43 1931   0.03  -0.03     0.06
  MONTH TO DATE    1.32                      0.53   0.79     0.66
  SINCE DEC 1      2.51                      2.06   0.45     3.90
  SINCE JAN 1      1.32                      0.53   0.79     0.66

SNOWFALL (IN)
  YESTERDAY       MM             4.0  1987   0.2   MM        1.6
  MONTH TO DATE    2.2                       2.4   -0.2      1.6
  SINCE DEC 1      4.5                       7.2   -2.7      4.1
  SINCE JUL 1      4.5                       8.6   -4.1      4.1
  SNOW DEPTH       0

DEGREE DAYS
 HEATING
  YESTERDAY       32                        36     -4       57
  MONTH TO DATE  643                       612     31      617
  SINCE DEC 1   1716                      1652     64     1393
  SINCE JUL 1   2300                      2654   -354     2140

 COOLING
  YESTERDAY        0                         0      0        0
  MONTH TO DATE    0                         0      0        0
  SINCE DEC 1      0                         0      0        0
  SINCE JAN 1      0                         0      0        0
..................................................................


WIND (MPH)
  HIGHEST WIND SPEED    15   HIGHEST WIND DIRECTION    NW (330)
  HIGHEST GUST SPEED    18   HIGHEST GUST DIRECTION    NW (330)
  AVERAGE WIND SPEED     7.1


SKY COVER
  POSSIBLE SUNSHINE  MM
  AVERAGE SKY COVER 0.8


WEATHER CONDITIONS
 THE FOLLOWING WEATHER WAS RECORDED YESTERDAY.
  LIGHT RAIN
  FOG


RELATIVE HUMIDITY (PERCENT)
 HIGHEST   100           100 AM
 LOWEST     82           500 PM
 AVERAGE    91

..........................................................


THE KANSAS CITY INTERNATIONAL MO CLIMATE NORMALS FOR TODAY
                         NORMAL    RECORD    YEAR
 MAXIMUM TEMPERATURE (F)   38        70      1951
 MINIMUM TEMPERATURE (F)   19       -12      1940


SUNRISE AND SUNSET
JANUARY 18 2017.......SUNRISE   736 AM CST   SUNSET   524 PM CST
JANUARY 19 2017.......SUNRISE   735 AM CST   SUNSET   525 PM CST


-  INDICATES NEGATIVE NUMBERS.
R  INDICATES RECORD WAS SET OR TIED.
MM INDICATES DATA IS MISSING.
T  INDICATES TRACE AMOUNT.


&&

...MISCELLANEOUS CLIMATE DATA FROM YESTERDAY...

LOCATION                HIGH    LOW      PRECIP
ST. JOSEPH               37      23       0.00
DOWNTOWN KANSAS CITY     40      28       0.00
OLATHE NEW CENTURY       41      27       0.00
OLATHE JO CO EXEC        39      29       0.00
LEES SUMMIT              39      32       0.00
KIRKSVILLE               43      35       0.00
CHILLICOTHE              41      31       0.00
SEDALIA                  42      37       0.00
NWS PLEASANT HILL MO     39      33       T


THIS PRODUCT...ALONG WITH OTHER WEATHER...HYDROLOGICAL AND CLIMATE
INFORMATION...IS AVAILABLE ON THE WEB AT HTTP://WWW.WEATHER.GOV/EAX
OR AT HTTP://WEATHER.GOV

$$

CUTTER
