000
CDUS43 KEAX 222228
CLIMCI

CLIMATE REPORT
NATIONAL WEATHER SERVICE KANSAS CITY/PLEASANT HILL MO
427 PM CST SUN JAN 22 2017


...................................

...THE KANSAS CITY INTERNATIONAL MO CLIMATE SUMMARY FOR JANUARY 22 2017...
VALID AS OF 0400 PM LOCAL TIME.

CLIMATE NORMAL PERIOD 1981 TO 2010
CLIMATE RECORD PERIOD 1888 TO 2017


WEATHER ITEM   OBSERVED TIME   RECORD YEAR NORMAL DEPARTURE LAST
                VALUE   (LST)  VALUE       VALUE  FROM      YEAR
                                                  NORMAL
..................................................................
TEMPERATURE (F)
 TODAY
  MAXIMUM         46    343 AM  70    1967  38      8       30
  MINIMUM         34    241 PM -10    1930  19     15       15
  AVERAGE         40                        29     11       23

PRECIPITATION (IN)
  TODAY            0.00          0.91 1965   0.04  -0.04      T
  MONTH TO DATE    1.34                      0.71   0.63     0.76
  SINCE DEC 1      2.53                      2.24   0.29     4.00
  SINCE JAN 1      1.34                      0.71   0.63     0.76

SNOWFALL (IN)
  TODAY            0.0           6.8  1898   0.2   -0.2       T
  MONTH TO DATE    2.2                       3.1   -0.9      2.7
  SINCE DEC 1      4.5                       7.9   -3.4      5.2
  SINCE JUL 1      4.5                       9.3   -4.8      5.2
  SNOW DEPTH       0

DEGREE DAYS
 HEATING
  TODAY           25                        36    -11       42
  MONTH TO DATE  756                       792    -36      840
  SINCE DEC 1   1829                      1832     -3     1616
  SINCE JUL 1   2413                      2834   -421     2363

 COOLING
  TODAY            0                         0      0        0
  MONTH TO DATE    0                         0      0        0
  SINCE DEC 1      0                         0      0        0
  SINCE JAN 1      0                         0      0        0
..................................................................


WIND (MPH)
  HIGHEST WIND SPEED    18   HIGHEST WIND DIRECTION     N (350)
  HIGHEST GUST SPEED    24   HIGHEST GUST DIRECTION     N (360)
  AVERAGE WIND SPEED    10.8


SKY COVER
  POSSIBLE SUNSHINE  MM
  AVERAGE SKY COVER 1.0


WEATHER CONDITIONS
 THE FOLLOWING WEATHER WAS RECORDED TODAY.
  FOG
  HAZE


RELATIVE HUMIDITY (PERCENT)
 HIGHEST    89           400 AM
 LOWEST     73          1000 AM
 AVERAGE    81

..........................................................


THE KANSAS CITY INTERNATIONAL MO CLIMATE NORMALS FOR TOMORROW
                         NORMAL    RECORD    YEAR
 MAXIMUM TEMPERATURE (F)   38        73      1967
 MINIMUM TEMPERATURE (F)   20        -9      2003
                                             1963


SUNRISE AND SUNSET
JANUARY 22 2017.......SUNRISE   733 AM CST   SUNSET   528 PM CST
JANUARY 23 2017.......SUNRISE   733 AM CST   SUNSET   529 PM CST


-  INDICATES NEGATIVE NUMBERS.
R  INDICATES RECORD WAS SET OR TIED.
MM INDICATES DATA IS MISSING.
T  INDICATES TRACE AMOUNT.


&&

...MISCELLANEOUS CLIMATE DATA FROM TODAY...

LOCATION                HIGH    LOW      PRECIP
ST. JOSEPH               43      32       0.00
DOWNTOWN KANSAS CITY     48      36       T
OLATHE NEW CENTURY       47      34       T
OLATHE JO CO EXEC        46      34       0.04
LEES SUMMIT              47      35       0.22
KIRKSVILLE               41      35       0.05
CHILLICOTHE              45      34       0.00
SEDALIA                  49      40       0.29
NWS PLEASANT HILL MO     47      34       0.36


THIS PRODUCT...ALONG WITH OTHER WEATHER...HYDROLOGICAL AND CLIMATE
INFORMATION...IS AVAILABLE ON THE WEB AT HTTP://WWW.WEATHER.GOV/EAX
OR AT HTTP://WEATHER.GOV

$$
