000
CDUS43 KEAX 282132
CLIMCI

CLIMATE REPORT
NATIONAL WEATHER SERVICE KANSAS CITY/PLEASANT HILL MO
431 PM CDT SUN JUN 28 2015


...................................

...THE KANSAS CITY INTERNATIONAL MO CLIMATE SUMMARY FOR JUNE 28 2015...
VALID AS OF 0400 PM LOCAL TIME.

CLIMATE NORMAL PERIOD 1981 TO 2010
CLIMATE RECORD PERIOD 1888 TO 2015


WEATHER ITEM   OBSERVED TIME   RECORD YEAR NORMAL DEPARTURE LAST
                VALUE   (LST)  VALUE       VALUE  FROM      YEAR
                                                  NORMAL
..................................................................
TEMPERATURE (F)
 TODAY
  MAXIMUM         86    213 PM 107    1936  87     -1       85
  MINIMUM         63    207 AM  52    1985  67     -4       67
  AVERAGE         75                        77     -2       76

PRECIPITATION (IN)
  TODAY            T             1.27 1908   0.17  -0.17     0.18
  MONTH TO DATE    7.31                      4.91   2.40     6.60
  SINCE JUN 1      7.31                      4.91   2.40     6.60
  SINCE JAN 1     23.91                     18.74   5.17    15.22

SNOWFALL (IN)
  TODAY            0.0           0.0    MM   0.0    0.0      0.0
  MONTH TO DATE    0.0                       0.0    0.0      0.0
  SINCE JUN 1      0.0                       0.0    0.0      0.0
  SINCE JUL 1     14.2                      18.8   -4.6     26.2
  SNOW DEPTH       0

DEGREE DAYS
 HEATING
  TODAY            0                         0      0        0
  MONTH TO DATE    3                         7     -4        1
  SINCE JUN 1      3                         7     -4        1
  SINCE JUL 1   5119                      5131    -12     5786

 COOLING
  TODAY           10                        12     -2       11
  MONTH TO DATE  284                       243     41      251
  SINCE JUN 1    284                       243     41      251
  SINCE JAN 1    352                       359     -7      412
..................................................................


WIND (MPH)
  HIGHEST WIND SPEED    20   HIGHEST WIND DIRECTION    NW (320)
  HIGHEST GUST SPEED    28   HIGHEST GUST DIRECTION    SW (230)
  AVERAGE WIND SPEED    11.4


SKY COVER
  POSSIBLE SUNSHINE  MM
  AVERAGE SKY COVER 0.4


WEATHER CONDITIONS
 THE FOLLOWING WEATHER WAS RECORDED TODAY.
  NO SIGNIFICANT WEATHER WAS OBSERVED.


RELATIVE HUMIDITY (PERCENT)
 HIGHEST    87          1200 AM
 LOWEST     44           200 PM
 AVERAGE    66

..........................................................


THE KANSAS CITY INTERNATIONAL MO CLIMATE NORMALS FOR TOMORROW
                         NORMAL    RECORD    YEAR
 MAXIMUM TEMPERATURE (F)   87       105      1934
 MINIMUM TEMPERATURE (F)   67        54      1985


SUNRISE AND SUNSET
JUNE 28 2015..........SUNRISE   555 AM CDT   SUNSET   850 PM CDT
JUNE 29 2015..........SUNRISE   555 AM CDT   SUNSET   850 PM CDT


-  INDICATES NEGATIVE NUMBERS.
R  INDICATES RECORD WAS SET OR TIED.
MM INDICATES DATA IS MISSING.
T  INDICATES TRACE AMOUNT.




&&

...MISCELLANEOUS CLIMATE DATA FROM TODAY...

LOCATION                HIGH    LOW      PRECIP
ST. JOSEPH               88      67       0.01
DOWNTOWN KANSAS CITY     89      69       0.00
OLATHE NEW CENTURY       88      64       0.00
OLATHE JO CO EXEC        88      65       0.00
LEES SUMMIT              87      66       0.00
KIRKSVILLE               85      61       0.08
CHILLICOTHE              89      64       0.03
SEDALIA                  87      66       0.00
NWS PLEASANT HILL MO     87      65       0.00


THIS PRODUCT...ALONG WITH OTHER WEATHER...HYDROLOGICAL AND CLIMATE
INFORMATION...IS AVAILABLE ON THE WEB AT HTTP://WWW.CRH.NOAA.GOV/EAX
OR AT HTTP://WEATHER.GOV

$$

JW
