000
CDUS43 KEAX 010635
CLIMCI

CLIMATE REPORT
NATIONAL WEATHER SERVICE KANSAS CITY/PLEASANT HILL MO
134 AM CDT MON SEP 1 2014


...................................

...THE KANSAS CITY INTERNATIONAL MO CLIMATE SUMMARY FOR AUGUST 31 2014...

CLIMATE NORMAL PERIOD 1981 TO 2010
CLIMATE RECORD PERIOD 1888 TO 2014


WEATHER ITEM   OBSERVED TIME   RECORD YEAR NORMAL DEPARTURE LAST
                VALUE   (LST)  VALUE       VALUE  FROM      YEAR
                                                  NORMAL
..................................................................
TEMPERATURE (F)
 YESTERDAY
  MAXIMUM         93    253 PM 105    2000  85      8       90
  MINIMUM         65    952 PM  50    1967  64      1       72
  AVERAGE         79                        74      5       81

PRECIPITATION (IN)
  YESTERDAY        1.14          2.74 2003   0.14   1.00     0.00
  MONTH TO DATE    7.42                      3.89   3.53     2.12
  SINCE JUN 1     17.37                     13.57   3.80     7.74
  SINCE JAN 1     25.99                     27.40  -1.41    22.67

SNOWFALL (IN)
  YESTERDAY        0.0           0.0    MM   0.0    0.0      0.0
  MONTH TO DATE    0.0                       0.0    0.0      0.0
  SINCE JUN 1      0.0                       0.0    0.0      0.0
  SINCE JUL 1      0.0                       0.0    0.0      0.0
  SNOW DEPTH       0

DEGREE DAYS
 HEATING
  YESTERDAY        0                         0      0        0
  MONTH TO DATE    0                         0      0        0
  SINCE JUN 1      3                        11     -8       17
  SINCE JUL 1      2                         2      0        0

 COOLING
  YESTERDAY       14                        10      4       16
  MONTH TO DATE  395                       377     18      346
  SINCE JUN 1    958                      1057    -99      989
  SINCE JAN 1   1119                      1173    -54     1094
..................................................................


WIND (MPH)
  HIGHEST WIND SPEED    30   HIGHEST WIND DIRECTION    NW (300)
  HIGHEST GUST SPEED    42   HIGHEST GUST DIRECTION    NW (300)
  AVERAGE WIND SPEED    13.6


SKY COVER
  POSSIBLE SUNSHINE  MM
  AVERAGE SKY COVER 0.5


WEATHER CONDITIONS
 THE FOLLOWING WEATHER WAS RECORDED YESTERDAY.
  THUNDERSTORM
  HEAVY RAIN
  RAIN
  LIGHT RAIN
  FOG


RELATIVE HUMIDITY (PERCENT)
 HIGHEST    93           500 AM
 LOWEST     44           300 PM
 AVERAGE    69

..........................................................


THE KANSAS CITY INTERNATIONAL MO CLIMATE NORMALS FOR TODAY
                         NORMAL    RECORD    YEAR
 MAXIMUM TEMPERATURE (F)   85       102      1990
 MINIMUM TEMPERATURE (F)   63        47      1949


SUNRISE AND SUNSET
SEPTEMBER  1 2014.....SUNRISE   647 AM CDT   SUNSET   750 PM CDT
SEPTEMBER  2 2014.....SUNRISE   648 AM CDT   SUNSET   748 PM CDT


-  INDICATES NEGATIVE NUMBERS.
R  INDICATES RECORD WAS SET OR TIED.
MM INDICATES DATA IS MISSING.
T  INDICATES TRACE AMOUNT.



&&

...MISCELLANEOUS CLIMATE DATA FROM YESTERDAY...

LOCATION                HIGH    LOW      PRECIP
ST. JOSEPH               93      65       0.94
DOWNTOWN KANSAS CITY     95      68       0.56
OLATHE NEW CENTURY       97      66       1.46
OLATHE JO CO EXEC        93      65       1.03
LEES SUMMIT              92      69       0.00
KIRKSVILLE               89      61       T
CHILLICOTHE              90      65       0.50
SEDALIA                  95      68       0.15
NWS PLEASANT HILL MO     91      65       0.72


THIS PRODUCT...ALONG WITH OTHER WEATHER...HYDROLOGICAL AND CLIMATE
INFORMATION...IS AVAILABLE ON THE WEB AT HTTP://WWW.CRH.NOAA.GOV/EAX
OR AT HTTP://WEATHER.GOV

$$
