625
CDUS43 KEAX 220644
CLIMCI

CLIMATE REPORT
NATIONAL WEATHER SERVICE KANSAS CITY/PLEASANT HILL MO
143 AM CDT SAT JUL 22 2017


...................................

...THE KANSAS CITY INTERNATIONAL MO CLIMATE SUMMARY FOR JULY 21 2017...

CLIMATE NORMAL PERIOD 1981 TO 2010
CLIMATE RECORD PERIOD 1888 TO 2017


WEATHER ITEM   OBSERVED TIME   RECORD YEAR NORMAL DEPARTURE LAST
                VALUE   (LST)  VALUE       VALUE  FROM      YEAR
                                                  NORMAL
..................................................................
TEMPERATURE (F)
 YESTERDAY
  MAXIMUM         98    337 PM 107    1974  89      9       96
  MINIMUM         78    540 AM  56    1988  69      9       78
                                      1970
  AVERAGE         88                        79      9       87

PRECIPITATION (IN)
  YESTERDAY        0.00          1.67 1990   0.14  -0.14     0.00
  MONTH TO DATE    0.56                      3.21  -2.65     7.74
  SINCE JUN 1      6.99                      8.44  -1.45     8.72
  SINCE JAN 1     23.26                     22.27   0.99    29.25

SNOWFALL (IN)
  YESTERDAY        0.0           0.0    MM   0.0    0.0      0.0
  MONTH TO DATE    0.0                       0.0    0.0      0.0
  SINCE JUN 1      0.0                       0.0    0.0      0.0
  SINCE JUL 1      0.0                       0.0    0.0      0.0
  SNOW DEPTH       0

DEGREE DAYS
 HEATING
  YESTERDAY        0                         0      0        0
  MONTH TO DATE    0                         0      0        0
  SINCE JUN 1      1                         9     -8        0
  SINCE JUL 1      0                         0      0        0

 COOLING
  YESTERDAY       23                        14      9       22
  MONTH TO DATE  314                       279     35      283
  SINCE JUN 1    613                       545     68      700
  SINCE JAN 1    724                       661     63      771
..................................................................


WIND (MPH)
  HIGHEST WIND SPEED    22   HIGHEST WIND DIRECTION     S (200)
  HIGHEST GUST SPEED    29   HIGHEST GUST DIRECTION     S (200)
  AVERAGE WIND SPEED    13.9


SKY COVER
  POSSIBLE SUNSHINE  MM
  AVERAGE SKY COVER 0.1


WEATHER CONDITIONS
 THE FOLLOWING WEATHER WAS RECORDED YESTERDAY.
  HAZE


RELATIVE HUMIDITY (PERCENT)
 HIGHEST    85           100 AM
 LOWEST     48           300 PM
 AVERAGE    67

..........................................................


THE KANSAS CITY INTERNATIONAL MO CLIMATE NORMALS FOR TODAY
                         NORMAL    RECORD    YEAR
 MAXIMUM TEMPERATURE (F)   89       106      1901
 MINIMUM TEMPERATURE (F)   69        57      1988
                                             1950
                                             1944


SUNRISE AND SUNSET
JULY 22 2017..........SUNRISE   610 AM CDT   SUNSET   840 PM CDT
JULY 23 2017..........SUNRISE   611 AM CDT   SUNSET   839 PM CDT


-  INDICATES NEGATIVE NUMBERS.
R  INDICATES RECORD WAS SET OR TIED.
MM INDICATES DATA IS MISSING.
T  INDICATES TRACE AMOUNT.


&&

...MISCELLANEOUS CLIMATE DATA FROM YESTERDAY...

LOCATION                HIGH    LOW      PRECIP
ST. JOSEPH               95      77       0.00
DOWNTOWN KANSAS CITY     98      83       0.00
OLATHE NEW CENTURY       97      78       0.00
OLATHE JO CO EXEC        93      76       0.00
LEES SUMMIT              97      80       0.00
KIRKSVILLE               96      76       0.00
CHILLICOTHE              94      76       0.00
SEDALIA                  98      M         0.00
NWS PLEASANT HILL MO     96      74       0.00


THIS PRODUCT...ALONG WITH OTHER WEATHER...HYDROLOGICAL AND CLIMATE
INFORMATION...IS AVAILABLE ON THE WEB AT HTTP://WWW.WEATHER.GOV/EAX
OR AT HTTP://WEATHER.GOV

$$
