000
CDUS43 KEAX 200638
CLIMCI

CLIMATE REPORT
NATIONAL WEATHER SERVICE KANSAS CITY/PLEASANT HILL MO
1237 AM CST MON NOV 20 2017


...................................

...THE KANSAS CITY INTERNATIONAL MO CLIMATE SUMMARY FOR NOVEMBER 19 2017...

CLIMATE NORMAL PERIOD 1981 TO 2010
CLIMATE RECORD PERIOD 1888 TO 2017


WEATHER ITEM   OBSERVED TIME   RECORD YEAR NORMAL DEPARTURE LAST
                VALUE   (LST)  VALUE       VALUE  FROM      YEAR
                                                  NORMAL
..................................................................
TEMPERATURE (F)
 YESTERDAY
  MAXIMUM         52    359 PM  77    1942  51      1       46
  MINIMUM         26    738 AM   9    1914  32     -6       27
  AVERAGE         39                        42     -3       37

PRECIPITATION (IN)
  YESTERDAY        0.00          1.63 1992   0.06  -0.06     0.00
  MONTH TO DATE    0.27                      1.42  -1.15     0.31
  SINCE SEP 1      7.94                      9.20  -1.26     7.83
  SINCE JAN 1     45.83                     36.60   9.23    47.26

SNOWFALL (IN)
  YESTERDAY        0.0           3.8  1906   0.1   -0.1      0.0
  MONTH TO DATE    0.0                       0.5   -0.5      0.0
  SINCE SEP 1      T                         0.7   -0.7      0.0
  SINCE JUL 1      T                         0.7   -0.7      0.0
  SNOW DEPTH       0

DEGREE DAYS
 HEATING
  YESTERDAY       26                        23      3       28
  MONTH TO DATE  417                       355     62      195
  SINCE SEP 1    694                       713    -19      360
  SINCE JUL 1    698                       715    -17      360

 COOLING
  YESTERDAY        0                         0      0        0
  MONTH TO DATE    0                         0      0       13
  SINCE SEP 1    247                       185     62      288
  SINCE JAN 1   1325                      1358    -33     1585
..................................................................


WIND (MPH)
  HIGHEST WIND SPEED    18   HIGHEST WIND DIRECTION     S (200)
  HIGHEST GUST SPEED    24   HIGHEST GUST DIRECTION     S (190)
  AVERAGE WIND SPEED     9.3


SKY COVER
  POSSIBLE SUNSHINE  MM
  AVERAGE SKY COVER 0.0


WEATHER CONDITIONS
 THE FOLLOWING WEATHER WAS RECORDED YESTERDAY.
  NO SIGNIFICANT WEATHER WAS OBSERVED.


RELATIVE HUMIDITY (PERCENT)
 HIGHEST    85           500 AM
 LOWEST     39           200 PM
 AVERAGE    62

..........................................................


THE KANSAS CITY INTERNATIONAL MO CLIMATE NORMALS FOR TODAY
                         NORMAL    RECORD    YEAR
 MAXIMUM TEMPERATURE (F)   51        79      1897
 MINIMUM TEMPERATURE (F)   32         8      1937


SUNRISE AND SUNSET
NOVEMBER 20 2017......SUNRISE   708 AM CST   SUNSET   500 PM CST
NOVEMBER 21 2017......SUNRISE   709 AM CST   SUNSET   500 PM CST


-  INDICATES NEGATIVE NUMBERS.
R  INDICATES RECORD WAS SET OR TIED.
MM INDICATES DATA IS MISSING.
T  INDICATES TRACE AMOUNT.


&&

...MISCELLANEOUS CLIMATE DATA FROM YESTERDAY...

LOCATION                HIGH    LOW      PRECIP
ST. JOSEPH               53      22       0.00
DOWNTOWN KANSAS CITY     54      30       0.00
OLATHE NEW CENTURY       53      26       0.00
OLATHE JO CO EXEC        51      27       0.00
LEES SUMMIT              51      28       0.00
KIRKSVILLE               45      25       0.00
CHILLICOTHE              49      26       0.00
SEDALIA                  48      30       0.00
NWS PLEASANT HILL MO     51      28       0.00


THIS PRODUCT...ALONG WITH OTHER WEATHER...HYDROLOGICAL AND CLIMATE
INFORMATION...IS AVAILABLE ON THE WEB AT HTTP://WWW.WEATHER.GOV/EAX
OR AT HTTP://WEATHER.GOV

$$
