807
CDUS43 KEAX 110033
CLIMCI

CLIMATE REPORT
NATIONAL WEATHER SERVICE KANSAS CITY/PLEASANT HILL MO
632 PM CST SUN DEC 10 2017


...................................

...THE KANSAS CITY INTERNATIONAL MO CLIMATE SUMMARY FOR DECEMBER 10 2017...
VALID TODAY AS OF 0600 PM LOCAL TIME.

CLIMATE NORMAL PERIOD 1981 TO 2010
CLIMATE RECORD PERIOD 1888 TO 2017


WEATHER ITEM   OBSERVED TIME   RECORD YEAR NORMAL DEPARTURE LAST
                VALUE   (LST)  VALUE       VALUE  FROM      YEAR
                                                  NORMAL
..................................................................
TEMPERATURE (F)
 TODAY
  MAXIMUM         56    253 PM  69    1970  41     15       38
  MINIMUM         23   1223 AM  -5    1919  24     -1       25
  AVERAGE         40                        32      8       32

PRECIPITATION (IN)
  TODAY            0.00          0.85 1982   0.05  -0.05     0.00
  MONTH TO DATE    T                         0.58  -0.58     0.66
  SINCE DEC 1      T                         0.58  -0.58     0.66
  SINCE JAN 1     45.83                     37.91   7.92    48.12

SNOWFALL (IN)
  TODAY            0.0           2.6  1955   0.2   -0.2      0.0
  MONTH TO DATE    T                         1.4   -1.4      0.3
  SINCE DEC 1      T                         1.4   -1.4      0.3
  SINCE JUL 1      T                         2.8   -2.8      0.3
  SNOW DEPTH       0

DEGREE DAYS
 HEATING
  TODAY           25                        32     -7       33
  MONTH TO DATE  262                       308    -46      333
  SINCE DEC 1    262                       308    -46      333
  SINCE JUL 1   1142                      1310   -168      917

 COOLING
  TODAY            0                         0      0        0
  MONTH TO DATE    0                         0      0        0
  SINCE DEC 1      0                         0      0        0
  SINCE JAN 1   1325                      1360    -35     1585
..................................................................


WIND (MPH)
  HIGHEST WIND SPEED    17   HIGHEST WIND DIRECTION    NW (310)
  HIGHEST GUST SPEED    22   HIGHEST GUST DIRECTION     W (280)
  AVERAGE WIND SPEED    11.8


SKY COVER
  POSSIBLE SUNSHINE  MM
  AVERAGE SKY COVER 0.2


WEATHER CONDITIONS
 THE FOLLOWING WEATHER WAS RECORDED TODAY.
  NO SIGNIFICANT WEATHER WAS OBSERVED.


RELATIVE HUMIDITY (PERCENT)
 HIGHEST   100           800 AM
 LOWEST     30           200 PM
 AVERAGE    65

..........................................................


THE KANSAS CITY INTERNATIONAL MO CLIMATE NORMALS FOR TOMORROW
                         NORMAL    RECORD    YEAR
 MAXIMUM TEMPERATURE (F)   41        70      1965
 MINIMUM TEMPERATURE (F)   23         0      2000
                                             1989


SUNRISE AND SUNSET
DECEMBER 10 2017......SUNRISE   728 AM CST   SUNSET   456 PM CST
DECEMBER 11 2017......SUNRISE   729 AM CST   SUNSET   456 PM CST


-  INDICATES NEGATIVE NUMBERS.
R  INDICATES RECORD WAS SET OR TIED.
MM INDICATES DATA IS MISSING.
T  INDICATES TRACE AMOUNT.


&&

...MISCELLANEOUS CLIMATE DATA FROM TODAY...

LOCATION                HIGH    LOW      PRECIP
ST. JOSEPH               56      21       0.00
DOWNTOWN KANSAS CITY     58      27       0.00
OLATHE NEW CENTURY       57      23       T
OLATHE JO CO EXEC        55      26       0.00
LEES SUMMIT              56      27       0.00
KIRKSVILLE               50      20       0.00
CHILLICOTHE              54      19       0.00
SEDALIA                  55      23       0.00
NWS PLEASANT HILL MO     55      57       0.00


THIS PRODUCT...ALONG WITH OTHER WEATHER...HYDROLOGICAL AND CLIMATE
INFORMATION...IS AVAILABLE ON THE WEB AT HTTP://WWW.WEATHER.GOV/EAX
OR AT HTTP://WEATHER.GOV

$$

CUTTER
