000
CDUS43 KEAX 230648
CLIMCI

CLIMATE REPORT
NATIONAL WEATHER SERVICE KANSAS CITY/PLEASANT HILL MO
1246 AM CST TUE DEC 23 2014


...................................

...THE KANSAS CITY INTERNATIONAL MO CLIMATE SUMMARY FOR DECEMBER 22 2014...

CLIMATE NORMAL PERIOD 1981 TO 2010
CLIMATE RECORD PERIOD 1888 TO 2014


WEATHER ITEM   OBSERVED TIME   RECORD YEAR NORMAL DEPARTURE LAST
                VALUE   (LST)  VALUE       VALUE  FROM      YEAR
                                                  NORMAL
..................................................................
TEMPERATURE (F)
 YESTERDAY
  MAXIMUM         47    415 PM  67    1933  39      8       25
  MINIMUM         38   1159 PM -23    1989  21     17       11
  AVERAGE         43                        30     13       18

PRECIPITATION (IN)
  YESTERDAY        0.14          0.97 1941   0.04   0.10     0.08
  MONTH TO DATE    1.73                      1.18   0.55     0.80
  SINCE DEC 1      1.73                      1.18   0.55     0.80
  SINCE JAN 1     39.94                     38.51   1.43    34.48

SNOWFALL (IN)
  YESTERDAY        0.0           7.8  1961   0.1   -0.1      1.7
  MONTH TO DATE    2.6                       3.3   -0.7      5.6
  SINCE DEC 1      2.6                       3.3   -0.7      5.6
  SINCE JUL 1      3.1                       4.7   -1.6      5.6
  SNOW DEPTH       0

DEGREE DAYS
 HEATING
  YESTERDAY       22                        35    -13       47
  MONTH TO DATE  628                       718    -90      794
  SINCE DEC 1    628                       718    -90      794
  SINCE JUL 1   1749                      1720     29     1859

 COOLING
  YESTERDAY        0                         0      0        0
  MONTH TO DATE    0                         0      0        0
  SINCE DEC 1      0                         0      0        0
  SINCE JAN 1   1263                      1360    -97     1345
..................................................................


WIND (MPH)
  HIGHEST WIND SPEED    18   HIGHEST WIND DIRECTION     S (160)
  HIGHEST GUST SPEED    23   HIGHEST GUST DIRECTION     S (170)
  AVERAGE WIND SPEED    10.7


SKY COVER
  POSSIBLE SUNSHINE  MM
  AVERAGE SKY COVER 0.8


WEATHER CONDITIONS
 THE FOLLOWING WEATHER WAS RECORDED YESTERDAY.
  LIGHT RAIN
  FOG


RELATIVE HUMIDITY (PERCENT)
 HIGHEST   100          1000 AM
 LOWEST     82           200 AM
 AVERAGE    91

..........................................................


THE KANSAS CITY INTERNATIONAL MO CLIMATE NORMALS FOR TODAY
                         NORMAL    RECORD    YEAR
 MAXIMUM TEMPERATURE (F)   38        67      1933
 MINIMUM TEMPERATURE (F)   21       -23      1989


SUNRISE AND SUNSET
DECEMBER 23 2014......SUNRISE   736 AM CST   SUNSET   500 PM CST
DECEMBER 24 2014......SUNRISE   736 AM CST   SUNSET   501 PM CST


-  INDICATES NEGATIVE NUMBERS.
R  INDICATES RECORD WAS SET OR TIED.
MM INDICATES DATA IS MISSING.
T  INDICATES TRACE AMOUNT.




&&

...MISCELLANEOUS CLIMATE DATA FROM YESTERDAY...

LOCATION                HIGH    LOW      PRECIP
ST. JOSEPH               46      37       0.29
DOWNTOWN KANSAS CITY     48      42       T
OLATHE NEW CENTURY       48      38       0.04
OLATHE JO CO EXEC        47      40       0.06
LEES SUMMIT              46      40       0.07
KIRKSVILLE               45      39       0.28
CHILLICOTHE              46      41       0.23
SEDALIA                  48      41       0.29
NWS PLEASANT HILL MO     44      38       0.11


THIS PRODUCT...ALONG WITH OTHER WEATHER...HYDROLOGICAL AND CLIMATE
INFORMATION...IS AVAILABLE ON THE WEB AT HTTP://WWW.CRH.NOAA.GOV/EAX
OR AT HTTP://WEATHER.GOV

$$

73
