000
CDUS43 KEAX 180634
CLIMCI

CLIMATE REPORT
NATIONAL WEATHER SERVICE KANSAS CITY/PLEASANT HILL MO
132 AM CDT THU AUG 18 2016


...................................

...THE KANSAS CITY INTERNATIONAL MO CLIMATE SUMMARY FOR AUGUST 17 2016...

CLIMATE NORMAL PERIOD 1981 TO 2010
CLIMATE RECORD PERIOD 1888 TO 2016


WEATHER ITEM   OBSERVED TIME   RECORD YEAR NORMAL DEPARTURE LAST
                VALUE   (LST)  VALUE       VALUE  FROM      YEAR
                                                  NORMAL
..................................................................
TEMPERATURE (F)
 YESTERDAY
  MAXIMUM         93    133 PM 108    1936  88      5       89
  MINIMUM         68    201 AM  53    2012  67      1       68
  AVERAGE         81                        77      4       79

PRECIPITATION (IN)
  YESTERDAY        0.00          3.15 2009   0.13  -0.13     0.00
  MONTH TO DATE    0.51                      2.06  -1.55     0.35
  SINCE JUN 1     10.25                     11.74  -1.49    14.68
  SINCE JAN 1     30.78                     25.57   5.21    31.28

SNOWFALL (IN)
  YESTERDAY        0.0           0.0    MM   0.0    0.0      0.0
  MONTH TO DATE    0.0                       0.0    0.0      0.0
  SINCE JUN 1      0.0                       0.0    0.0      0.0
  SINCE JUL 1      0.0                       0.0    0.0      0.0
  SNOW DEPTH       0

DEGREE DAYS
 HEATING
  YESTERDAY        0                         0      0        0
  MONTH TO DATE    0                         0      0        0
  SINCE JUN 1      0                         9     -9        5
  SINCE JUL 1      0                         0      0        2

 COOLING
  YESTERDAY       16                        12      4       14
  MONTH TO DATE  236                       221     15      216
  SINCE JUN 1   1081                       901    180      919
  SINCE JAN 1   1152                      1017    135      987
..................................................................


WIND (MPH)
  HIGHEST WIND SPEED    18   HIGHEST WIND DIRECTION    SW (230)
  HIGHEST GUST SPEED    22   HIGHEST GUST DIRECTION    SW (220)
  AVERAGE WIND SPEED     9.9


SKY COVER
  POSSIBLE SUNSHINE  MM
  AVERAGE SKY COVER 0.1


WEATHER CONDITIONS
 THE FOLLOWING WEATHER WAS RECORDED YESTERDAY.
  HAZE


RELATIVE HUMIDITY (PERCENT)
 HIGHEST    84           100 AM
 LOWEST     41           100 PM
 AVERAGE    63

..........................................................


THE KANSAS CITY INTERNATIONAL MO CLIMATE NORMALS FOR TODAY
                         NORMAL    RECORD    YEAR
 MAXIMUM TEMPERATURE (F)   88       108      1936
 MINIMUM TEMPERATURE (F)   67        52      1981


SUNRISE AND SUNSET
AUGUST 18 2016........SUNRISE   635 AM CDT   SUNSET   809 PM CDT
AUGUST 19 2016........SUNRISE   636 AM CDT   SUNSET   808 PM CDT


-  INDICATES NEGATIVE NUMBERS.
R  INDICATES RECORD WAS SET OR TIED.
MM INDICATES DATA IS MISSING.
T  INDICATES TRACE AMOUNT.


&&

...MISCELLANEOUS CLIMATE DATA FROM YESTERDAY...

LOCATION                HIGH    LOW      PRECIP
ST. JOSEPH               90      68       0.00
DOWNTOWN KANSAS CITY     94      73       0.00
OLATHE NEW CENTURY       91      68       0.00
OLATHE JO CO EXEC        89      66       0.00
LEES SUMMIT              91      70       0.00
KIRKSVILLE               89      64       0.03
CHILLICOTHE              90      68       0.00
SEDALIA                  90      65       0.00
NWS PLEASANT HILL MO     89      67       0.00


THIS PRODUCT...ALONG WITH OTHER WEATHER...HYDROLOGICAL AND CLIMATE
INFORMATION...IS AVAILABLE ON THE WEB AT HTTP://WWW.WEATHER.GOV/EAX
OR AT HTTP://WEATHER.GOV

$$
