000
CDUS43 KEAX 050035
CLIMCI

CLIMATE REPORT
NATIONAL WEATHER SERVICE KANSAS CITY/PLEASANT HILL MO
734 PM CDT WED MAY 4 2016


...................................

...THE KANSAS CITY INTERNATIONAL MO CLIMATE SUMMARY FOR MAY 4 2016...
VALID TODAY AS OF 0700 PM LOCAL TIME.

CLIMATE NORMAL PERIOD 1981 TO 2010
CLIMATE RECORD PERIOD 1888 TO 2016


WEATHER ITEM   OBSERVED TIME   RECORD YEAR NORMAL DEPARTURE LAST
                VALUE   (LST)  VALUE       VALUE  FROM      YEAR
                                                  NORMAL
..................................................................
TEMPERATURE (F)
 TODAY
  MAXIMUM         69    447 PM  92    1952  71     -2       83
  MINIMUM         51    530 AM  27    1907  51      0       60
  AVERAGE         60                        61     -1       72

PRECIPITATION (IN)
  TODAY            0.00          1.39 1999   0.17  -0.17     0.33
  MONTH TO DATE    0.01                      0.67  -0.66     0.36
  SINCE MAR 1      9.88                      6.74   3.14     4.53
  SINCE JAN 1     11.04                      9.27   1.77     6.71

SNOWFALL (IN)
  TODAY            0.0           T    2013   0.0    0.0      0.0
  MONTH TO DATE    0.0                       0.0    0.0      0.0
  SINCE MAR 1      0.6                       2.6   -2.0       T
  SINCE JUL 1      5.9                      18.8  -12.9     14.2
  SNOW DEPTH       0

DEGREE DAYS
 HEATING
  TODAY            5                         5      0        0
  MONTH TO DATE   37                        23     14        5
  SINCE MAR 1    722                       998   -276      811
  SINCE JUL 1   4079                      5043   -964     5025

 COOLING
  TODAY            0                         1     -1        7
  MONTH TO DATE    0                         4     -4       14
  SINCE MAR 1     14                        32    -18       23
  SINCE JAN 1     14                        32    -18       23
..................................................................


WIND (MPH)
  HIGHEST WIND SPEED    22   HIGHEST WIND DIRECTION    NW (330)
  HIGHEST GUST SPEED    27   HIGHEST GUST DIRECTION     N (360)
  AVERAGE WIND SPEED    12.1


SKY COVER
  POSSIBLE SUNSHINE  MM
  AVERAGE SKY COVER 0.1


WEATHER CONDITIONS
 THE FOLLOWING WEATHER WAS RECORDED TODAY.
  NO SIGNIFICANT WEATHER WAS OBSERVED.


RELATIVE HUMIDITY (PERCENT)
 HIGHEST    66          1200 AM
 LOWEST     31           300 PM
 AVERAGE    49

..........................................................


THE KANSAS CITY INTERNATIONAL MO CLIMATE NORMALS FOR TOMORROW
                         NORMAL    RECORD    YEAR
 MAXIMUM TEMPERATURE (F)   72        96      1952
 MINIMUM TEMPERATURE (F)   51        32      1944


SUNRISE AND SUNSET
MAY  4 2016...........SUNRISE   616 AM CDT   SUNSET   816 PM CDT
MAY  5 2016...........SUNRISE   615 AM CDT   SUNSET   817 PM CDT


-  INDICATES NEGATIVE NUMBERS.
R  INDICATES RECORD WAS SET OR TIED.
MM INDICATES DATA IS MISSING.
T  INDICATES TRACE AMOUNT.


&&

...MISCELLANEOUS CLIMATE DATA FROM TODAY...

LOCATION                HIGH    LOW      PRECIP
ST. JOSEPH               71      52       0.00
DOWNTOWN KANSAS CITY     71      55       0.00
OLATHE NEW CENTURY       70      51       0.00
OLATHE JO CO EXEC        70      52       0.00
LEES SUMMIT              70      53       0.00
KIRKSVILLE               66      52       0.00
CHILLICOTHE              69      53       0.00
SEDALIA                  71      54       0.00
NWS PLEASANT HILL MO     70      52       0.00


THIS PRODUCT...ALONG WITH OTHER WEATHER...HYDROLOGICAL AND CLIMATE
INFORMATION...IS AVAILABLE ON THE WEB AT HTTP://WWW.WEATHER.GOV/EAX
OR AT HTTP://WEATHER.GOV

$$

JW
