000
CDUS43 KEAX 140632
CLIMCI

CLIMATE REPORT
NATIONAL WEATHER SERVICE KANSAS CITY/PLEASANT HILL MO
1231 AM CST TUE NOV 14 2017


...................................

...THE KANSAS CITY INTERNATIONAL MO CLIMATE SUMMARY FOR NOVEMBER 13 2017...

CLIMATE NORMAL PERIOD 1981 TO 2010
CLIMATE RECORD PERIOD 1888 TO 2017


WEATHER ITEM   OBSERVED TIME   RECORD YEAR NORMAL DEPARTURE LAST
                VALUE   (LST)  VALUE       VALUE  FROM      YEAR
                                                  NORMAL
..................................................................
TEMPERATURE (F)
 YESTERDAY
  MAXIMUM         49   1134 PM  79    1999  55     -6       62
  MINIMUM         37   1212 AM   3    1986  35      2       32
  AVERAGE         43                        45     -2       47

PRECIPITATION (IN)
  YESTERDAY        0.00          0.82 1902   0.07  -0.07     0.00
  MONTH TO DATE    0.17                      1.01  -0.84     0.31
  SINCE SEP 1      7.84                      8.79  -0.95     7.83
  SINCE JAN 1     45.73                     36.19   9.54    47.26

SNOWFALL (IN)
  YESTERDAY        0.0           0.4  1908   0.0    0.0      0.0
  MONTH TO DATE    0.0                       0.2   -0.2      0.0
  SINCE SEP 1      T                         0.4   -0.4      0.0
  SINCE JUL 1      T                         0.4   -0.4      0.0
  SNOW DEPTH       0

DEGREE DAYS
 HEATING
  YESTERDAY       22                        20      2       18
  MONTH TO DATE  309                       223     86      126
  SINCE SEP 1    586                       581      5      291
  SINCE JUL 1    590                       583      7      291

 COOLING
  YESTERDAY        0                         0      0        0
  MONTH TO DATE    0                         0      0        7
  SINCE SEP 1    247                       185     62      282
  SINCE JAN 1   1325                      1358    -33     1579
..................................................................


WIND (MPH)
  HIGHEST WIND SPEED    14   HIGHEST WIND DIRECTION     S (170)
  HIGHEST GUST SPEED    20   HIGHEST GUST DIRECTION    SE (120)
  AVERAGE WIND SPEED     7.3


SKY COVER
  POSSIBLE SUNSHINE  MM
  AVERAGE SKY COVER 1.0


WEATHER CONDITIONS
 THE FOLLOWING WEATHER WAS RECORDED YESTERDAY.
  FOG


RELATIVE HUMIDITY (PERCENT)
 HIGHEST   100          1200 AM
 LOWEST     77           300 PM
 AVERAGE    89

..........................................................


THE KANSAS CITY INTERNATIONAL MO CLIMATE NORMALS FOR TODAY
                         NORMAL    RECORD    YEAR
 MAXIMUM TEMPERATURE (F)   54        81      1964
 MINIMUM TEMPERATURE (F)   35        10      1940


SUNRISE AND SUNSET
NOVEMBER 14 2017......SUNRISE   702 AM CST   SUNSET   505 PM CST
NOVEMBER 15 2017......SUNRISE   703 AM CST   SUNSET   504 PM CST


-  INDICATES NEGATIVE NUMBERS.
R  INDICATES RECORD WAS SET OR TIED.
MM INDICATES DATA IS MISSING.
T  INDICATES TRACE AMOUNT.


&&

...MISCELLANEOUS CLIMATE DATA FROM YESTERDAY...

LOCATION                HIGH    LOW      PRECIP
ST. JOSEPH               47      26       0.00
DOWNTOWN KANSAS CITY     51      45       T
OLATHE NEW CENTURY       51      43       T
OLATHE JO CO EXEC        49      42       T
LEES SUMMIT              50      43       T
KIRKSVILLE               49      31       0.00
CHILLICOTHE              48      28       0.00
SEDALIA                  53      44       0.00
NWS PLEASANT HILL MO     50      43       T


THIS PRODUCT...ALONG WITH OTHER WEATHER...HYDROLOGICAL AND CLIMATE
INFORMATION...IS AVAILABLE ON THE WEB AT HTTP://WWW.WEATHER.GOV/EAX
OR AT HTTP://WEATHER.GOV

$$

CUTTER
