000
CDUS43 KEAX 240644
CLIMCI

CLIMATE REPORT
NATIONAL WEATHER SERVICE KANSAS CITY/PLEASANT HILL MO
144 AM CDT SAT SEP 24 2016


...................................

...THE KANSAS CITY INTERNATIONAL MO CLIMATE SUMMARY FOR SEPTEMBER 23 2016...

CLIMATE NORMAL PERIOD 1981 TO 2010
CLIMATE RECORD PERIOD 1888 TO 2016


WEATHER ITEM   OBSERVED TIME   RECORD YEAR NORMAL DEPARTURE LAST
                VALUE   (LST)  VALUE       VALUE  FROM      YEAR
                                                  NORMAL
..................................................................
TEMPERATURE (F)
 YESTERDAY
  MAXIMUM         87    242 PM  96    1939  76     11       82
  MINIMUM         65    633 AM  34    1983  54     11       67
  AVERAGE         76                        65     11       75

PRECIPITATION (IN)
  YESTERDAY        0.00          2.32 2005   0.15  -0.15     0.00
  MONTH TO DATE    4.31                      3.59   0.72     5.73
  SINCE SEP 1      4.31                      3.59   0.72     5.73
  SINCE JAN 1     43.74                     30.99  12.75    37.64

SNOWFALL (IN)
  YESTERDAY        0.0           0.0  2002   0.0    0.0      0.0
                                      2001
  MONTH TO DATE    0.0                       0.0    0.0      0.0
  SINCE SEP 1      0.0                       0.0    0.0      0.0
  SINCE JUL 1      0.0                       0.0    0.0      0.0
  SNOW DEPTH       0

DEGREE DAYS
 HEATING
  YESTERDAY        0                         3     -3        0
  MONTH TO DATE    1                        33    -32       12
  SINCE SEP 1      1                        33    -32       12
  SINCE JUL 1      1                        35    -34       15

 COOLING
  YESTERDAY       11                         3      8       10
  MONTH TO DATE  207                       140     67      226
  SINCE SEP 1    207                       140     67      226
  SINCE JAN 1   1504                      1313    191     1301
..................................................................


WIND (MPH)
  HIGHEST WIND SPEED    15   HIGHEST WIND DIRECTION    SE (150)
  HIGHEST GUST SPEED    18   HIGHEST GUST DIRECTION    SE (150)
  AVERAGE WIND SPEED     8.3


SKY COVER
  POSSIBLE SUNSHINE  MM
  AVERAGE SKY COVER 0.1


WEATHER CONDITIONS
 THE FOLLOWING WEATHER WAS RECORDED YESTERDAY.
  FOG
  HAZE


RELATIVE HUMIDITY (PERCENT)
 HIGHEST    87           300 AM
 LOWEST     46           200 PM
 AVERAGE    67

..........................................................


THE KANSAS CITY INTERNATIONAL MO CLIMATE NORMALS FOR TODAY
                         NORMAL    RECORD    YEAR
 MAXIMUM TEMPERATURE (F)   76        92      1935
 MINIMUM TEMPERATURE (F)   54        35      1989


SUNRISE AND SUNSET
SEPTEMBER 24 2016.....SUNRISE   709 AM CDT   SUNSET   712 PM CDT
SEPTEMBER 25 2016.....SUNRISE   710 AM CDT   SUNSET   710 PM CDT


-  INDICATES NEGATIVE NUMBERS.
R  INDICATES RECORD WAS SET OR TIED.
MM INDICATES DATA IS MISSING.
T  INDICATES TRACE AMOUNT.


&&

...MISCELLANEOUS CLIMATE DATA FROM YESTERDAY...

LOCATION                HIGH    LOW      PRECIP
ST. JOSEPH               90      66       0.00
DOWNTOWN KANSAS CITY     90      70       0.00
OLATHE NEW CENTURY       87      64       0.00
OLATHE JO CO EXEC        85      65       0.00
LEES SUMMIT              88      68       0.00
KIRKSVILLE               88      64       0.00
CHILLICOTHE              89      66       0.00
SEDALIA                  89      67       0.00
NWS PLEASANT HILL MO     88      65       0.00


THIS PRODUCT...ALONG WITH OTHER WEATHER...HYDROLOGICAL AND CLIMATE
INFORMATION...IS AVAILABLE ON THE WEB AT HTTP://WWW.WEATHER.GOV/EAX
OR AT HTTP://WEATHER.GOV

$$
