000
CDUS43 KEAX 100639
CLIMCI

CLIMATE REPORT
NATIONAL WEATHER SERVICE KANSAS CITY/PLEASANT HILL MO
136 AM CDT THU AUG 10 2017


...................................

...THE KANSAS CITY INTERNATIONAL MO CLIMATE SUMMARY FOR AUGUST 9 2017...

CLIMATE NORMAL PERIOD 1981 TO 2010
CLIMATE RECORD PERIOD 1888 TO 2017


WEATHER ITEM   OBSERVED TIME   RECORD YEAR NORMAL DEPARTURE LAST
                VALUE   (LST)  VALUE       VALUE  FROM      YEAR
                                                  NORMAL
..................................................................
TEMPERATURE (F)
 YESTERDAY
  MAXIMUM         83    217 PM 110    1936  88     -5       94
                                      1934
  MINIMUM         60    540 AM  55    1927  68     -8       71
  AVERAGE         72                        78     -6       83

PRECIPITATION (IN)
  YESTERDAY        T             1.04 1986   0.12  -0.12     0.00
  MONTH TO DATE    2.15                      1.08   1.07     0.21
  SINCE JUN 1     13.58                     10.76   2.82     9.95
  SINCE JAN 1     29.85                     24.59   5.26    30.48

SNOWFALL (IN)
  YESTERDAY        0.0           0.0    MM   0.0    0.0      0.0
  MONTH TO DATE    0.0                       0.0    0.0      0.0
  SINCE JUN 1      0.0                       0.0    0.0      0.0
  SINCE JUL 1      0.0                       0.0    0.0      0.0
  SNOW DEPTH       0

DEGREE DAYS
 HEATING
  YESTERDAY        0                         0      0        0
  MONTH TO DATE    4                         0      4        0
  SINCE JUN 1      5                         9     -4        0
  SINCE JUL 1      4                         0      4        0

 COOLING
  YESTERDAY        7                        13     -6       18
  MONTH TO DATE   50                       118    -68      122
  SINCE JUN 1    795                       798     -3      967
  SINCE JAN 1    906                       914     -8     1038
..................................................................


WIND (MPH)
  HIGHEST WIND SPEED    17   HIGHEST WIND DIRECTION     S (160)
  HIGHEST GUST SPEED    20   HIGHEST GUST DIRECTION     S (200)
  AVERAGE WIND SPEED     6.9


SKY COVER
  POSSIBLE SUNSHINE  MM
  AVERAGE SKY COVER 0.5


WEATHER CONDITIONS
 THE FOLLOWING WEATHER WAS RECORDED YESTERDAY.
  LIGHT RAIN
  FOG
  HAZE


RELATIVE HUMIDITY (PERCENT)
 HIGHEST    93           900 PM
 LOWEST     55           200 PM
 AVERAGE    74

..........................................................


THE KANSAS CITY INTERNATIONAL MO CLIMATE NORMALS FOR TODAY
                         NORMAL    RECORD    YEAR
 MAXIMUM TEMPERATURE (F)   88       111      1934
 MINIMUM TEMPERATURE (F)   68        58      2004
                                             1991
                                             1982


SUNRISE AND SUNSET
AUGUST 10 2017........SUNRISE   627 AM CDT   SUNSET   820 PM CDT
AUGUST 11 2017........SUNRISE   628 AM CDT   SUNSET   819 PM CDT


-  INDICATES NEGATIVE NUMBERS.
R  INDICATES RECORD WAS SET OR TIED.
MM INDICATES DATA IS MISSING.
T  INDICATES TRACE AMOUNT.


&&

...MISCELLANEOUS CLIMATE DATA FROM YESTERDAY...

LOCATION                HIGH    LOW      PRECIP
ST. JOSEPH               83      54       T
DOWNTOWN KANSAS CITY     86      63       0.06
OLATHE NEW CENTURY       83      63       0.13
OLATHE JO CO EXEC        81      62       0.01
LEES SUMMIT              82      61       0.13
KIRKSVILLE               85      50       0.00
CHILLICOTHE              85      54       0.00
SEDALIA                  84      62       0.00
NWS PLEASANT HILL MO     81      62       0.11


THIS PRODUCT...ALONG WITH OTHER WEATHER...HYDROLOGICAL AND CLIMATE
INFORMATION...IS AVAILABLE ON THE WEB AT HTTP://WWW.WEATHER.GOV/EAX
OR AT HTTP://WEATHER.GOV

$$
