000
CDUS43 KEAX 280643
CLIMCI

CLIMATE REPORT
NATIONAL WEATHER SERVICE KANSAS CITY/PLEASANT HILL MO
1239 AM CST SAT FEB 28 2015


...................................

...THE KANSAS CITY INTERNATIONAL MO CLIMATE SUMMARY FOR FEBRUARY 27 2015...

CLIMATE NORMAL PERIOD 1981 TO 2010
CLIMATE RECORD PERIOD 1888 TO 2015


WEATHER ITEM   OBSERVED TIME   RECORD YEAR NORMAL DEPARTURE LAST
                VALUE   (LST)  VALUE       VALUE  FROM      YEAR
                                                  NORMAL
..................................................................
TEMPERATURE (F)
 YESTERDAY
  MAXIMUM         18    439 PM  73    1932  48    -30       30
  MINIMUM          0    545 AM -13    1934  28    -28       15
  AVERAGE          9                        38    -29       23

PRECIPITATION (IN)
  YESTERDAY        0.00          1.22 1900   0.06  -0.06     0.00
  MONTH TO DATE    0.88                      1.40  -0.52     1.36
  SINCE DEC 1      3.92                      4.00  -0.08     2.55
  SINCE JAN 1      2.08                      2.47  -0.39     1.75

SNOWFALL (IN)
  YESTERDAY        0.0          11.8  1900   0.2   -0.2      0.0
  MONTH TO DATE    7.5                       5.3    2.2     11.3
  SINCE DEC 1     12.4                      14.7   -2.3     22.6
  SINCE JUL 1     12.9                      16.1   -3.2     22.6
  SNOW DEPTH       0

DEGREE DAYS
 HEATING
  YESTERDAY       56                        27     29       42
  MONTH TO DATE 1066                       855    211     1093
  SINCE DEC 1   3047                      3017     30     3472
  SINCE JUL 1   4168                      4019    149     4537

 COOLING
  YESTERDAY        0                         0      0        0
  MONTH TO DATE    0                         0      0        0
  SINCE DEC 1      0                         0      0        0
  SINCE JAN 1      0                         0      0        0
..................................................................


WIND (MPH)
  HIGHEST WIND SPEED    12   HIGHEST WIND DIRECTION    SE (120)
  HIGHEST GUST SPEED    14   HIGHEST GUST DIRECTION    SE (130)
  AVERAGE WIND SPEED     5.2


SKY COVER
  POSSIBLE SUNSHINE  MM
  AVERAGE SKY COVER 0.7


WEATHER CONDITIONS
 THE FOLLOWING WEATHER WAS RECORDED YESTERDAY.
  NO SIGNIFICANT WEATHER WAS OBSERVED.


RELATIVE HUMIDITY (PERCENT)
 HIGHEST    87           700 AM
 LOWEST     47           300 PM
 AVERAGE    67

..........................................................


THE KANSAS CITY INTERNATIONAL MO CLIMATE NORMALS FOR TODAY
                         NORMAL    RECORD    YEAR
 MAXIMUM TEMPERATURE (F)   48        78      2006
                                             1932
 MINIMUM TEMPERATURE (F)   28        -4      1891


SUNRISE AND SUNSET
FEBRUARY 28 2015......SUNRISE   653 AM CST   SUNSET   610 PM CST
MARCH  1 2015.........SUNRISE   652 AM CST   SUNSET   611 PM CST


-  INDICATES NEGATIVE NUMBERS.
R  INDICATES RECORD WAS SET OR TIED.
MM INDICATES DATA IS MISSING.
T  INDICATES TRACE AMOUNT.




&&

...MISCELLANEOUS CLIMATE DATA FROM YESTERDAY...

LOCATION                HIGH    LOW      PRECIP
ST. JOSEPH               20      -3       0.00
DOWNTOWN KANSAS CITY     19       4       0.00
OLATHE NEW CENTURY       20       1       0.00
OLATHE JO CO EXEC        20       4       0.00
LEES SUMMIT              19       2       0.00
KIRKSVILLE               18      -8       0.00
CHILLICOTHE              18      -2       0.00
SEDALIA                  22       3       0.00
NWS PLEASANT HILL MO     19       1       0.00


THIS PRODUCT...ALONG WITH OTHER WEATHER...HYDROLOGICAL AND CLIMATE
INFORMATION...IS AVAILABLE ON THE WEB AT HTTP://WWW.CRH.NOAA.GOV/EAX
OR AT HTTP://WEATHER.GOV

$$
