000
CDUS43 KEAX 160032
CLIMCI

CLIMATE REPORT
NATIONAL WEATHER SERVICE KANSAS CITY/PLEASANT HILL MO
731 PM CDT FRI SEP 15 2017


...................................

...THE KANSAS CITY INTERNATIONAL MO CLIMATE SUMMARY FOR SEPTEMBER 15 2017...
VALID TODAY AS OF 0700 PM LOCAL TIME.

CLIMATE NORMAL PERIOD 1981 TO 2010
CLIMATE RECORD PERIOD 1888 TO 2017


WEATHER ITEM   OBSERVED TIME   RECORD YEAR NORMAL DEPARTURE LAST
                VALUE   (LST)  VALUE       VALUE  FROM      YEAR
                                                  NORMAL
..................................................................
TEMPERATURE (F)
 TODAY
  MAXIMUM         88    257 PM  99    1939  79      9       84
                                      1931
  MINIMUM         65    215 AM  37    1993  58      7       67
  AVERAGE         77                        68      9       76

PRECIPITATION (IN)
  TODAY            0.00          4.59 1988   0.16  -0.16     0.00
  MONTH TO DATE    T                         2.33  -2.33     3.96
  SINCE SEP 1      T                         2.33  -2.33     3.96
  SINCE JAN 1     37.89                     29.73   8.16    43.39

SNOWFALL (IN)
  TODAY            0.0           0.0    MM   0.0    0.0      0.0
  MONTH TO DATE    0.0                       0.0    0.0      0.0
  SINCE SEP 1      0.0                       0.0    0.0      0.0
  SINCE JUL 1      0.0                       0.0    0.0      0.0
  SNOW DEPTH       0

DEGREE DAYS
 HEATING
  TODAY            0                         2     -2        0
  MONTH TO DATE   10                        12     -2        1
  SINCE SEP 1     10                        12     -2        1
  SINCE JUL 1     14                        14      0        1

 COOLING
  TODAY           12                         5      7       11
  MONTH TO DATE   83                       107    -24      125
  SINCE SEP 1     83                       107    -24      125
  SINCE JAN 1   1161                      1280   -119     1422
..................................................................


WIND (MPH)
  HIGHEST WIND SPEED    24   HIGHEST WIND DIRECTION    SE (130)
  HIGHEST GUST SPEED    28   HIGHEST GUST DIRECTION    SE (130)
  AVERAGE WIND SPEED    13.3


SKY COVER
  POSSIBLE SUNSHINE  MM
  AVERAGE SKY COVER 0.5


WEATHER CONDITIONS
 THE FOLLOWING WEATHER WAS RECORDED TODAY.
  HAZE


RELATIVE HUMIDITY (PERCENT)
 HIGHEST    78           500 AM
 LOWEST     55           300 PM
 AVERAGE    67

..........................................................


THE KANSAS CITY INTERNATIONAL MO CLIMATE NORMALS FOR TOMORROW
                         NORMAL    RECORD    YEAR
 MAXIMUM TEMPERATURE (F)   79        98      1931
 MINIMUM TEMPERATURE (F)   57        40      1934


SUNRISE AND SUNSET
SEPTEMBER 15 2017.....SUNRISE   700 AM CDT   SUNSET   727 PM CDT
SEPTEMBER 16 2017.....SUNRISE   701 AM CDT   SUNSET   725 PM CDT


-  INDICATES NEGATIVE NUMBERS.
R  INDICATES RECORD WAS SET OR TIED.
MM INDICATES DATA IS MISSING.
T  INDICATES TRACE AMOUNT.


&&

...MISCELLANEOUS CLIMATE DATA FROM TODAY...

LOCATION                HIGH    LOW      PRECIP
ST. JOSEPH               87      64       0.00
DOWNTOWN KANSAS CITY     90      70       0.00
OLATHE NEW CENTURY       87      65       0.00
OLATHE JO CO EXEC        85      64       0.00
LEES SUMMIT              88      66       0.00
KIRKSVILLE               89      57       0.00
CHILLICOTHE              90      63       0.00
SEDALIA                  91      63       0.00
NWS PLEASANT HILL MO     88      61       0.00


THIS PRODUCT...ALONG WITH OTHER WEATHER...HYDROLOGICAL AND CLIMATE
INFORMATION...IS AVAILABLE ON THE WEB AT HTTP://WWW.WEATHER.GOV/EAX
OR AT HTTP://WEATHER.GOV

$$
