000
CDUS43 KEAX 310633
CLIMCI

CLIMATE REPORT
NATIONAL WEATHER SERVICE KANSAS CITY/PLEASANT HILL MO
131 AM CDT MON AUG 31 2015


...................................

...THE KANSAS CITY INTERNATIONAL MO CLIMATE SUMMARY FOR AUGUST 30 2015...

CLIMATE NORMAL PERIOD 1981 TO 2010
CLIMATE RECORD PERIOD 1888 TO 2015


WEATHER ITEM   OBSERVED TIME   RECORD YEAR NORMAL DEPARTURE LAST
                VALUE   (LST)  VALUE       VALUE  FROM      YEAR
                                                  NORMAL
..................................................................
TEMPERATURE (F)
 YESTERDAY
  MAXIMUM         85    406 PM 106    1947  85      0       87
  MINIMUM         63    124 AM  47    1915  64     -1       66
  AVERAGE         74                        75     -1       77

PRECIPITATION (IN)
  YESTERDAY        0.00          1.64 1965   0.14  -0.14     0.00
  MONTH TO DATE    0.98                      3.75  -2.77     6.28
  SINCE JUN 1     15.31                     13.43   1.88    16.23
  SINCE JAN 1     31.91                     27.26   4.65    24.85

SNOWFALL (IN)
  YESTERDAY        0.0           0.0    MM   0.0    0.0      0.0
  MONTH TO DATE    0.0                       0.0    0.0      0.0
  SINCE JUN 1      0.0                       0.0    0.0      0.0
  SINCE JUL 1      0.0                       0.0    0.0      0.0
  SNOW DEPTH       0

DEGREE DAYS
 HEATING
  YESTERDAY        0                         0      0        0
  MONTH TO DATE    1                         0      1        0
  SINCE JUN 1      6                         9     -3        3
  SINCE JUL 1      3                         0      3        2

 COOLING
  YESTERDAY        9                        10     -1       12
  MONTH TO DATE  290                       366    -76      381
  SINCE JUN 1    993                      1046    -53      944
  SINCE JAN 1   1061                      1162   -101     1105
..................................................................


WIND (MPH)
  HIGHEST WIND SPEED    13   HIGHEST WIND DIRECTION     E (100)
  HIGHEST GUST SPEED    16   HIGHEST GUST DIRECTION     E (110)
  AVERAGE WIND SPEED     6.5


SKY COVER
  POSSIBLE SUNSHINE  MM
  AVERAGE SKY COVER 0.6


WEATHER CONDITIONS
 THE FOLLOWING WEATHER WAS RECORDED YESTERDAY.
  FOG
  FOG W/VISIBILITY <= 1/4 MILE
  HAZE


RELATIVE HUMIDITY (PERCENT)
 HIGHEST    87          1200 AM
 LOWEST     48           400 PM
 AVERAGE    68

..........................................................


THE KANSAS CITY INTERNATIONAL MO CLIMATE NORMALS FOR TODAY
                         NORMAL    RECORD    YEAR
 MAXIMUM TEMPERATURE (F)   85       105      2000
 MINIMUM TEMPERATURE (F)   64        50      1967


SUNRISE AND SUNSET
AUGUST 31 2015........SUNRISE   646 AM CDT   SUNSET   751 PM CDT
SEPTEMBER  1 2015.....SUNRISE   647 AM CDT   SUNSET   750 PM CDT


-  INDICATES NEGATIVE NUMBERS.
R  INDICATES RECORD WAS SET OR TIED.
MM INDICATES DATA IS MISSING.
T  INDICATES TRACE AMOUNT.


&&

...MISCELLANEOUS CLIMATE DATA FROM YESTERDAY...

LOCATION                HIGH    LOW      PRECIP
ST. JOSEPH               84      59       0.00
DOWNTOWN KANSAS CITY     86      68       0.00
OLATHE NEW CENTURY       84      65       0.00
OLATHE JO CO EXEC        82      67       0.00
LEES SUMMIT              84      67       0.00
KIRKSVILLE               84      67       0.00
CHILLICOTHE              86      66       0.00
SEDALIA                  88      66       0.00
NWS PLEASANT HILL MO     85      67       0.02


THIS PRODUCT...ALONG WITH OTHER WEATHER...HYDROLOGICAL AND CLIMATE
INFORMATION...IS AVAILABLE ON THE WEB AT HTTP://WWW.WEATHER.GOV/EAX
OR AT HTTP://WEATHER.GOV

$$

73
