000
CDUS43 KEAX 280634
CLIMCI

CLIMATE REPORT
NATIONAL WEATHER SERVICE KANSAS CITY/PLEASANT HILL MO
133 AM CDT THU AUG 28 2014


...................................

...THE KANSAS CITY INTERNATIONAL MO CLIMATE SUMMARY FOR AUGUST 27 2014...

CLIMATE NORMAL PERIOD 1981 TO 2010
CLIMATE RECORD PERIOD 1888 TO 2014


WEATHER ITEM   OBSERVED TIME   RECORD YEAR NORMAL DEPARTURE LAST
                VALUE   (LST)  VALUE       VALUE  FROM      YEAR
                                                  NORMAL
..................................................................
TEMPERATURE (F)
 YESTERDAY
  MAXIMUM         86    314 PM 104    1936  86      0       93
  MINIMUM         70    742 AM  53    1967  65      5       72
  AVERAGE         78                        75      3       83

PRECIPITATION (IN)
  YESTERDAY        0.02          3.33 2006   0.13  -0.11     0.00
  MONTH TO DATE    4.76                      3.35   1.41     2.12
  SINCE JUN 1     14.71                     13.03   1.68     7.74
  SINCE JAN 1     23.33                     26.86  -3.53    22.67

SNOWFALL (IN)
  YESTERDAY        0.0           0.0    MM   0.0    0.0      0.0
  MONTH TO DATE    0.0                       0.0    0.0      0.0
  SINCE JUN 1      0.0                       0.0    0.0      0.0
  SINCE JUL 1      0.0                       0.0    0.0      0.0
  SNOW DEPTH       0

DEGREE DAYS
 HEATING
  YESTERDAY        0                         0      0        0
  MONTH TO DATE    0                         0      0        0
  SINCE JUN 1      3                         9     -6       17
  SINCE JUL 1      2                         0      2        0

 COOLING
  YESTERDAY       13                        11      2       18
  MONTH TO DATE  341                       336      5      276
  SINCE JUN 1    904                      1016   -112      919
  SINCE JAN 1   1065                      1132    -67     1024
..................................................................


WIND (MPH)
  HIGHEST WIND SPEED    23   HIGHEST WIND DIRECTION     N (20)
  HIGHEST GUST SPEED    28   HIGHEST GUST DIRECTION     N (360)
  AVERAGE WIND SPEED    10.0


SKY COVER
  POSSIBLE SUNSHINE  MM
  AVERAGE SKY COVER 0.8


WEATHER CONDITIONS
 THE FOLLOWING WEATHER WAS RECORDED YESTERDAY.
  LIGHT RAIN


RELATIVE HUMIDITY (PERCENT)
 HIGHEST   100           600 AM
 LOWEST     61           300 PM
 AVERAGE    81

..........................................................


THE KANSAS CITY INTERNATIONAL MO CLIMATE NORMALS FOR TODAY
                         NORMAL    RECORD    YEAR
 MAXIMUM TEMPERATURE (F)   86       105      2000
 MINIMUM TEMPERATURE (F)   65        43      1986


SUNRISE AND SUNSET
AUGUST 28 2014........SUNRISE   644 AM CDT   SUNSET   756 PM CDT
AUGUST 29 2014........SUNRISE   645 AM CDT   SUNSET   754 PM CDT


-  INDICATES NEGATIVE NUMBERS.
R  INDICATES RECORD WAS SET OR TIED.
MM INDICATES DATA IS MISSING.
T  INDICATES TRACE AMOUNT.




&&

...MISCELLANEOUS CLIMATE DATA FROM YESTERDAY...

LOCATION                HIGH    LOW      PRECIP
ST. JOSEPH               82      69       0.26
DOWNTOWN KANSAS CITY     88      75       0.00
OLATHE NEW CENTURY       90      70       0.00
OLATHE JO CO EXEC        87      71       0.00
LEES SUMMIT              86      72       0.00
KIRKSVILLE               78      69       0.14
CHILLICOTHE              82      70       0.64
SEDALIA                  88      70       T
NWS PLEASANT HILL MO     86      69       0.00


THIS PRODUCT...ALONG WITH OTHER WEATHER...HYDROLOGICAL AND CLIMATE
INFORMATION...IS AVAILABLE ON THE WEB AT HTTP://WWW.CRH.NOAA.GOV/EAX
OR AT HTTP://WEATHER.GOV

$$

MJ
