000
CDUS43 KEAX 250643
CLIMCI

CLIMATE REPORT
NATIONAL WEATHER SERVICE KANSAS CITY/PLEASANT HILL MO
141 AM CDT SAT MAR 25 2017


...................................

...THE KANSAS CITY INTERNATIONAL MO CLIMATE SUMMARY FOR MARCH 24 2017...

CLIMATE NORMAL PERIOD 1981 TO 2010
CLIMATE RECORD PERIOD 1888 TO 2017


WEATHER ITEM   OBSERVED TIME   RECORD YEAR NORMAL DEPARTURE LAST
                VALUE   (LST)  VALUE       VALUE  FROM      YEAR
                                                  NORMAL
..................................................................
TEMPERATURE (F)
 YESTERDAY
  MAXIMUM         69    857 AM  87    1929  58     11       53
  MINIMUM         55   1006 PM  13    1965  36     19       32
  AVERAGE         62                        47     15       43

PRECIPITATION (IN)
  YESTERDAY        0.14          2.06 1904   0.08   0.06     0.03
  MONTH TO DATE    0.56                      1.73  -1.17     1.58
  SINCE MAR 1      0.56                      1.73  -1.17     1.58
  SINCE JAN 1      2.01                      4.26  -2.25     2.74

SNOWFALL (IN)
  YESTERDAY        0.0           4.0  1978   0.1   -0.1       T
  MONTH TO DATE    0.4                       1.7   -1.3      0.3
  SINCE MAR 1      0.4                       1.7   -1.3      0.3
  SINCE JUL 1      4.9                      17.9  -13.0      5.6
  SNOW DEPTH       0

DEGREE DAYS
 HEATING
  YESTERDAY        3                        18    -15       22
  MONTH TO DATE  415                       530   -115      339
  SINCE MAR 1    415                       530   -115      339
  SINCE JUL 1   3669                      4575   -906     3696

 COOLING
  YESTERDAY        0                         0      0        0
  MONTH TO DATE    6                         0      6        2
  SINCE MAR 1      6                         0      6        2
  SINCE JAN 1      6                         0      6        2
..................................................................


WIND (MPH)
  HIGHEST WIND SPEED    23   HIGHEST WIND DIRECTION     S (190)
  HIGHEST GUST SPEED    33   HIGHEST GUST DIRECTION     S (200)
  AVERAGE WIND SPEED    11.0


SKY COVER
  POSSIBLE SUNSHINE  MM
  AVERAGE SKY COVER 0.8


WEATHER CONDITIONS
 THE FOLLOWING WEATHER WAS RECORDED YESTERDAY.
  THUNDERSTORM
  LIGHT RAIN
  FOG
  HAZE


RELATIVE HUMIDITY (PERCENT)
 HIGHEST   100          1100 PM
 LOWEST     39           700 AM
 AVERAGE    70

..........................................................


THE KANSAS CITY INTERNATIONAL MO CLIMATE NORMALS FOR TODAY
                         NORMAL    RECORD    YEAR
 MAXIMUM TEMPERATURE (F)   59        90      1907
 MINIMUM TEMPERATURE (F)   36         9      1955


SUNRISE AND SUNSET
MARCH 25 2017.........SUNRISE   714 AM CDT   SUNSET   736 PM CDT
MARCH 26 2017.........SUNRISE   712 AM CDT   SUNSET   737 PM CDT


-  INDICATES NEGATIVE NUMBERS.
R  INDICATES RECORD WAS SET OR TIED.
MM INDICATES DATA IS MISSING.
T  INDICATES TRACE AMOUNT.


&&

...MISCELLANEOUS CLIMATE DATA FROM YESTERDAY...

LOCATION                HIGH    LOW      PRECIP
ST. JOSEPH               69      49       0.40
DOWNTOWN KANSAS CITY     71      57       0.12
OLATHE NEW CENTURY       69      53       0.14
OLATHE JO CO EXEC        67      55       0.07
LEES SUMMIT              70      56       0.31
KIRKSVILLE               72      50       0.89
CHILLICOTHE              69      53       0.99
SEDALIA                  74      57       0.41
NWS PLEASANT HILL MO     69      56       0.23


THIS PRODUCT...ALONG WITH OTHER WEATHER...HYDROLOGICAL AND CLIMATE
INFORMATION...IS AVAILABLE ON THE WEB AT HTTP://WWW.WEATHER.GOV/EAX
OR AT HTTP://WEATHER.GOV

$$
